74.7.227.165 - - [22/May/2026:11:20:47 -0400] "GET /buy.php?detail/05400006601814 HTTP/1.1" 200 20032 "https://troop537.org/buy.php?jp/054000043.html" "Mozilla/5.0 AppleWebKit/537.36 (KHTML, like Gecko; compatible; GPTBot/1.4; +https://openai.com/gptbot)"
74.7.227.165 - - [22/May/2026:11:20:47 -0400] "GET /buy.php?detail/11400008701280 HTTP/1.1" 200 20501 "https://troop537.org/buy.php?detail/073008530808" "Mozilla/5.0 AppleWebKit/537.36 (KHTML, like Gecko; compatible; GPTBot/1.4; +https://openai.com/gptbot)"
74.7.227.165 - - [22/May/2026:11:20:48 -0400] "GET /buy.php?detail/00300003272479 HTTP/1.1" 200 19625 "https://troop537.org/buy.php?jp/003000374.html" "Mozilla/5.0 AppleWebKit/537.36 (KHTML, like Gecko; compatible; GPTBot/1.4; +https://openai.com/gptbot)"
74.7.227.165 - - [22/May/2026:11:20:49 -0400] "GET /buy.php?detail/07000015429210 HTTP/1.1" 200 20369 "https://troop537.org/buy.php?jp/070000154.html" "Mozilla/5.0 AppleWebKit/537.36 (KHTML, like Gecko; compatible; GPTBot/1.4; +https://openai.com/gptbot)"
74.7.227.165 - - [22/May/2026:11:20:49 -0400] "GET /buy.php?jp/008003003.html HTTP/1.1" 200 19295 "https://troop537.org/buy.php?detail/242023888962" "Mozilla/5.0 AppleWebKit/537.36 (KHTML, like Gecko; compatible; GPTBot/1.4; +https://openai.com/gptbot)"
74.7.227.165 - - [22/May/2026:11:20:51 -0400] "GET /buy.php?goods/242001032 HTTP/1.1" 200 19991 "https://troop537.org/buy.php?detail/242023888962" "Mozilla/5.0 AppleWebKit/537.36 (KHTML, like Gecko; compatible; GPTBot/1.4; +https://openai.com/gptbot)"
74.7.227.165 - - [22/May/2026:11:20:52 -0400] "GET /buy.php?jp/037043700.html HTTP/1.1" 200 18962 "https://troop537.org/buy.php?jp/081001006.html" "Mozilla/5.0 AppleWebKit/537.36 (KHTML, like Gecko; compatible; GPTBot/1.4; +https://openai.com/gptbot)"
74.7.227.165 - - [22/May/2026:11:20:52 -0400] "GET /buy.php?detail/08000340038653 HTTP/1.1" 200 19515 "https://troop537.org/buy.php?jp/080000265.html" "Mozilla/5.0 AppleWebKit/537.36 (KHTML, like Gecko; compatible; GPTBot/1.4; +https://openai.com/gptbot)"
66.249.79.8 - - [22/May/2026:11:20:52 -0400] "GET /product/270046453 HTTP/1.1" 200 18632 "-" "Mozilla/5.0 (Linux; Android 6.0.1; Nexus 5X Build/MMB29P) AppleWebKit/537.36 (KHTML, like Gecko) Chrome/148.0.7778.96 Mobile Safari/537.36 (compatible; GoogleOther)"
74.7.227.165 - - [22/May/2026:11:20:53 -0400] "GET /buy.php?detail/1760450133083 HTTP/1.1" 200 19379 "https://troop537.org/buy.php?detail/0120361917224" "Mozilla/5.0 AppleWebKit/537.36 (KHTML, like Gecko; compatible; GPTBot/1.4; +https://openai.com/gptbot)"
74.7.227.165 - - [22/May/2026:11:20:53 -0400] "GET /buy.php?detail/07400050970971 HTTP/1.1" 200 19 "https://troop537.org/buy.php?jp/074000884.html" "Mozilla/5.0 AppleWebKit/537.36 (KHTML, like Gecko; compatible; GPTBot/1.4; +https://openai.com/gptbot)"
74.7.227.165 - - [22/May/2026:11:21:13 -0400] "GET /buy.php?detail/2250420760664 HTTP/1.1" 200 19875 "https://troop537.org/buy.php?goods/207005535" "Mozilla/5.0 AppleWebKit/537.36 (KHTML, like Gecko; compatible; GPTBot/1.4; +https://openai.com/gptbot)"
74.7.227.165 - - [22/May/2026:11:21:14 -0400] "GET /buy.php?jp/054000066.html HTTP/1.1" 200 20086 "https://troop537.org/buy.php?detail/05400006601814" "Mozilla/5.0 AppleWebKit/537.36 (KHTML, like Gecko; compatible; GPTBot/1.4; +https://openai.com/gptbot)"
74.7.227.165 - - [22/May/2026:11:21:14 -0400] "GET /buy.php?detail/1440064707115 HTTP/1.1" 200 20109 "https://troop537.org/buy.php?detail/11400008701280" "Mozilla/5.0 AppleWebKit/537.36 (KHTML, like Gecko; compatible; GPTBot/1.4; +https://openai.com/gptbot)"
74.7.227.165 - - [22/May/2026:11:21:15 -0400] "GET /buy.php?detail/052022070054 HTTP/1.1" 200 21761 "https://troop537.org/buy.php?detail/00300003272479" "Mozilla/5.0 AppleWebKit/537.36 (KHTML, like Gecko; compatible; GPTBot/1.4; +https://openai.com/gptbot)"
74.7.227.165 - - [22/May/2026:11:21:16 -0400] "GET /buy.php?detail/30000434595643 HTTP/1.1" 200 21029 "https://troop537.org/buy.php?jp/300004345.html" "Mozilla/5.0 AppleWebKit/537.36 (KHTML, like Gecko; compatible; GPTBot/1.4; +https://openai.com/gptbot)"
74.7.227.165 - - [22/May/2026:11:21:17 -0400] "GET /buy.php?detail/04000200081553 HTTP/1.1" 200 20615 "https://troop537.org/buy.php?jp/020002624.html" "Mozilla/5.0 AppleWebKit/537.36 (KHTML, like Gecko; compatible; GPTBot/1.4; +https://openai.com/gptbot)"
74.7.227.165 - - [22/May/2026:11:21:18 -0400] "GET /buy.php?detail/09300007589360 HTTP/1.1" 200 20268 "https://troop537.org/buy.php?detail/093000104695" "Mozilla/5.0 AppleWebKit/537.36 (KHTML, like Gecko; compatible; GPTBot/1.4; +https://openai.com/gptbot)"
74.7.227.165 - - [22/May/2026:11:21:19 -0400] "GET /buy.php?detail/20500007015242 HTTP/1.1" 200 19923 "https://troop537.org/buy.php?goods/205008860" "Mozilla/5.0 AppleWebKit/537.36 (KHTML, like Gecko; compatible; GPTBot/1.4; +https://openai.com/gptbot)"
74.7.227.165 - - [22/May/2026:11:21:22 -0400] "GET /buy.php?detail/10803333712707 HTTP/1.1" 200 19447 "https://troop537.org/buy.php?goods/188004908" "Mozilla/5.0 AppleWebKit/537.36 (KHTML, like Gecko; compatible; GPTBot/1.4; +https://openai.com/gptbot)"
74.7.227.165 - - [22/May/2026:11:21:23 -0400] "GET /buy.php?detail/22500448000014 HTTP/1.1" 200 20703 "https://troop537.org/buy.php?jp/225002502.html" "Mozilla/5.0 AppleWebKit/537.36 (KHTML, like Gecko; compatible; GPTBot/1.4; +https://openai.com/gptbot)"
74.7.227.165 - - [22/May/2026:11:21:26 -0400] "GET /buy.php?detail/00300031256232 HTTP/1.1" 200 19225 "https://troop537.org/buy.php?jp/003000241.html" "Mozilla/5.0 AppleWebKit/537.36 (KHTML, like Gecko; compatible; GPTBot/1.4; +https://openai.com/gptbot)"
74.7.227.165 - - [22/May/2026:11:21:26 -0400] "GET /buy.php?shopdeclinic-65-6021-23 HTTP/1.1" 200 20281 "https://troop537.org/buy.php?detail/2250420760664" "Mozilla/5.0 AppleWebKit/537.36 (KHTML, like Gecko; compatible; GPTBot/1.4; +https://openai.com/gptbot)"
74.7.227.165 - - [22/May/2026:11:21:28 -0400] "GET /buy.php?detail/06900002613304 HTTP/1.1" 200 19998 "https://troop537.org/buy.php?jp/069000059.html" "Mozilla/5.0 AppleWebKit/537.36 (KHTML, like Gecko; compatible; GPTBot/1.4; +https://openai.com/gptbot)"
74.7.227.165 - - [22/May/2026:11:21:33 -0400] "GET /buy.php?goods/144006470 HTTP/1.1" 200 20284 "https://troop537.org/buy.php?detail/1440064707115" "Mozilla/5.0 AppleWebKit/537.36 (KHTML, like Gecko; compatible; GPTBot/1.4; +https://openai.com/gptbot)"
74.7.227.165 - - [22/May/2026:11:21:35 -0400] "GET /buy.php?goods/072032090 HTTP/1.1" 200 20670 "https://troop537.org/buy.php?detail/1440064707115" "Mozilla/5.0 AppleWebKit/537.36 (KHTML, like Gecko; compatible; GPTBot/1.4; +https://openai.com/gptbot)"
74.7.227.165 - - [22/May/2026:11:21:36 -0400] "GET /buy.php?detail/1630352599801 HTTP/1.1" 200 19202 "https://troop537.org/buy.php?detail/30000434595643" "Mozilla/5.0 AppleWebKit/537.36 (KHTML, like Gecko; compatible; GPTBot/1.4; +https://openai.com/gptbot)"
74.7.227.165 - - [22/May/2026:11:21:36 -0400] "GET /buy.php?jp/300003242.html HTTP/1.1" 200 20081 "https://troop537.org/buy.php?detail/30000434595643" "Mozilla/5.0 AppleWebKit/537.36 (KHTML, like Gecko; compatible; GPTBot/1.4; +https://openai.com/gptbot)"
74.7.227.165 - - [22/May/2026:11:21:37 -0400] "GET /buy.php?jp/093000032.html HTTP/1.1" 200 20555 "https://troop537.org/buy.php?detail/09300007589360" "Mozilla/5.0 AppleWebKit/537.36 (KHTML, like Gecko; compatible; GPTBot/1.4; +https://openai.com/gptbot)"
74.7.227.165 - - [22/May/2026:11:21:41 -0400] "GET /buy.php?jp/093000075.html HTTP/1.1" 200 20547 "https://troop537.org/buy.php?detail/09300007589360" "Mozilla/5.0 AppleWebKit/537.36 (KHTML, like Gecko; compatible; GPTBot/1.4; +https://openai.com/gptbot)"
74.7.227.165 - - [22/May/2026:11:21:41 -0400] "GET /buy.php?goods/247029244 HTTP/1.1" 200 18985 "https://troop537.org/buy.php?detail/04000200081553" "Mozilla/5.0 AppleWebKit/537.36 (KHTML, like Gecko; compatible; GPTBot/1.4; +https://openai.com/gptbot)"
74.7.227.165 - - [22/May/2026:11:21:42 -0400] "GET /buy.php?goods/205004262 HTTP/1.1" 200 20094 "https://troop537.org/buy.php?detail/20500007015242" "Mozilla/5.0 AppleWebKit/537.36 (KHTML, like Gecko; compatible; GPTBot/1.4; +https://openai.com/gptbot)"
74.7.227.165 - - [22/May/2026:11:21:43 -0400] "GET /buy.php?auc-noguchicoin-149042041 HTTP/1.1" 200 20903 "https://troop537.org/buy.php?detail/04000200081553" "Mozilla/5.0 AppleWebKit/537.36 (KHTML, like Gecko; compatible; GPTBot/1.4; +https://openai.com/gptbot)"
74.7.227.165 - - [22/May/2026:11:21:43 -0400] "GET /buy.php?tireshop-283254-2355020xb13072085k38sbslo HTTP/1.1" 200 19857 "https://troop537.org/buy.php?detail/052022070054" "Mozilla/5.0 AppleWebKit/537.36 (KHTML, like Gecko; compatible; GPTBot/1.4; +https://openai.com/gptbot)"
74.7.227.165 - - [22/May/2026:11:21:44 -0400] "GET /buy.php?149042041 HTTP/1.1" 200 20865 "https://troop537.org/buy.php?auc-noguchicoin-149042041" "Mozilla/5.0 AppleWebKit/537.36 (KHTML, like Gecko; compatible; GPTBot/1.4; +https://openai.com/gptbot)"
74.7.227.165 - - [22/May/2026:11:21:45 -0400] "GET /buy.php?sakan8man-kane-smw5515a13 HTTP/1.1" 200 19647 "https://troop537.org/buy.php?detail/06900002613304" "Mozilla/5.0 AppleWebKit/537.36 (KHTML, like Gecko; compatible; GPTBot/1.4; +https://openai.com/gptbot)"
74.7.227.165 - - [22/May/2026:11:21:45 -0400] "GET /buy.php?first23-ebm-877180002 HTTP/1.1" 200 20703 "https://troop537.org/buy.php?detail/10803333712707" "Mozilla/5.0 AppleWebKit/537.36 (KHTML, like Gecko; compatible; GPTBot/1.4; +https://openai.com/gptbot)"
74.7.227.165 - - [22/May/2026:11:21:46 -0400] "GET /buy.php?detail/30000325126056 HTTP/1.1" 200 20020 "https://troop537.org/buy.php?detail/30000434595643" "Mozilla/5.0 AppleWebKit/537.36 (KHTML, like Gecko; compatible; GPTBot/1.4; +https://openai.com/gptbot)"
74.7.227.165 - - [22/May/2026:11:21:47 -0400] "GET /buy.php?shopdeclinic-64-7720-92 HTTP/1.1" 200 20525 "https://troop537.org/buy.php?detail/1630352599801" "Mozilla/5.0 AppleWebKit/537.36 (KHTML, like Gecko; compatible; GPTBot/1.4; +https://openai.com/gptbot)"
74.7.227.165 - - [22/May/2026:11:21:47 -0400] "GET /buy.php?detail/01000012613444 HTTP/1.1" 200 19678 "https://troop537.org/buy.php?detail/1340245479522" "Mozilla/5.0 AppleWebKit/537.36 (KHTML, like Gecko; compatible; GPTBot/1.4; +https://openai.com/gptbot)"
74.7.227.165 - - [22/May/2026:11:21:48 -0400] "GET /buy.php?1bankanwebshop-zzds-2312914 HTTP/1.1" 200 21100 "https://troop537.org/buy.php?jp/093000032.html" "Mozilla/5.0 AppleWebKit/537.36 (KHTML, like Gecko; compatible; GPTBot/1.4; +https://openai.com/gptbot)"
74.7.227.165 - - [22/May/2026:11:21:48 -0400] "GET /buy.php?goods/035038700 HTTP/1.1" 200 19996 "https://troop537.org/buy.php?jp/093000032.html" "Mozilla/5.0 AppleWebKit/537.36 (KHTML, like Gecko; compatible; GPTBot/1.4; +https://openai.com/gptbot)"
74.7.227.165 - - [22/May/2026:11:21:49 -0400] "GET /buy.php?detail/04000197204046 HTTP/1.1" 200 21062 "https://troop537.org/buy.php?detail/04000145042447" "Mozilla/5.0 AppleWebKit/537.36 (KHTML, like Gecko; compatible; GPTBot/1.4; +https://openai.com/gptbot)"
68.65.122.55 - - [22/May/2026:11:21:50 -0400] "POST /wp-cron.php?doing_wp_cron=1779463310.1658110618591308593750 HTTP/1.1" 403 1242 "-" "WordPress/6.9.4; https://troop537.org"
212.103.61.191 - - [22/May/2026:11:21:49 -0400] "GET / HTTP/1.1" 200 16380 "-" "Mozilla/5.0 (X11; Linux x86_64) AppleWebKit/537.36 (KHTML, like Gecko) Chrome/148.0.0.0 Safari/537.36"
212.103.61.191 - - [22/May/2026:11:21:50 -0400] "GET /wp-includes/blocks/navigation/style.min.css?ver=6.9.4 HTTP/1.1" 200 2085 "https://troop537.org/" "Mozilla/5.0 (X11; Linux x86_64) AppleWebKit/537.36 (KHTML, like Gecko) Chrome/148.0.0.0 Safari/537.36"
74.7.227.165 - - [22/May/2026:11:21:50 -0400] "GET /buy.php?detail/07000027472587 HTTP/1.1" 200 20252 "https://troop537.org/buy.php?jp/070000274.html" "Mozilla/5.0 AppleWebKit/537.36 (KHTML, like Gecko; compatible; GPTBot/1.4; +https://openai.com/gptbot)"
212.103.61.191 - - [22/May/2026:11:21:50 -0400] "GET /wp-content/uploads/2026/05/ScoutBanner2-1024x720.png HTTP/1.1" 200 1237329 "https://troop537.org/" "Mozilla/5.0 (X11; Linux x86_64) AppleWebKit/537.36 (KHTML, like Gecko) Chrome/148.0.0.0 Safari/537.36"
212.103.61.191 - - [22/May/2026:11:21:50 -0400] "GET /wp-includes/css/dashicons.min.css?ver=6.9.4 HTTP/1.1" 200 35101 "https://troop537.org/" "Mozilla/5.0 (X11; Linux x86_64) AppleWebKit/537.36 (KHTML, like Gecko) Chrome/148.0.0.0 Safari/537.36"
212.103.61.191 - - [22/May/2026:11:21:50 -0400] "GET /wp-content/themes/travel-manager/assets/css/scroll-to-top.css?ver=4.0 HTTP/1.1" 200 411 "https://troop537.org/" "Mozilla/5.0 (X11; Linux x86_64) AppleWebKit/537.36 (KHTML, like Gecko) Chrome/148.0.0.0 Safari/537.36"
212.103.61.191 - - [22/May/2026:11:21:50 -0400] "GET /wp-content/themes/travel-manager/style.css?ver=4.0 HTTP/1.1" 200 1459 "https://troop537.org/" "Mozilla/5.0 (X11; Linux x86_64) AppleWebKit/537.36 (KHTML, like Gecko) Chrome/148.0.0.0 Safari/537.36"
212.103.61.191 - - [22/May/2026:11:21:50 -0400] "GET /wp-includes/js/jquery/jquery.min.js?ver=3.7.1 HTTP/1.1" 200 29744 "https://troop537.org/" "Mozilla/5.0 (X11; Linux x86_64) AppleWebKit/537.36 (KHTML, like Gecko) Chrome/148.0.0.0 Safari/537.36"
212.103.61.191 - - [22/May/2026:11:21:50 -0400] "GET /wp-includes/js/jquery/jquery-migrate.min.js?ver=3.4.1 HTTP/1.1" 200 4678 "https://troop537.org/" "Mozilla/5.0 (X11; Linux x86_64) AppleWebKit/537.36 (KHTML, like Gecko) Chrome/148.0.0.0 Safari/537.36"
212.103.61.191 - - [22/May/2026:11:21:50 -0400] "GET /wp-content/uploads/2023/11/bsa_troop537.png HTTP/1.1" 200 116474 "https://troop537.org/" "Mozilla/5.0 (X11; Linux x86_64) AppleWebKit/537.36 (KHTML, like Gecko) Chrome/148.0.0.0 Safari/537.36"
212.103.61.191 - - [22/May/2026:11:21:50 -0400] "GET /wp-content/themes/travel-manager/assets/js/custom-script.js?ver=1 HTTP/1.1" 200 155 "https://troop537.org/" "Mozilla/5.0 (X11; Linux x86_64) AppleWebKit/537.36 (KHTML, like Gecko) Chrome/148.0.0.0 Safari/537.36"
212.103.61.191 - - [22/May/2026:11:21:51 -0400] "GET /wp-content/themes/travel-manager/assets/js/scroll-to-top.js?ver=4.0 HTTP/1.1" 200 383 "https://troop537.org/" "Mozilla/5.0 (X11; Linux x86_64) AppleWebKit/537.36 (KHTML, like Gecko) Chrome/148.0.0.0 Safari/537.36"
212.103.61.191 - - [22/May/2026:11:21:51 -0400] "GET /wp-includes/js/dist/script-modules/interactivity/index.min.js?ver=66c613f68580994bb00a HTTP/1.1" 200 14617 "https://troop537.org/" "Mozilla/5.0 (X11; Linux x86_64) AppleWebKit/537.36 (KHTML, like Gecko) Chrome/148.0.0.0 Safari/537.36"
212.103.61.191 - - [22/May/2026:11:21:51 -0400] "GET /wp-includes/js/dist/script-modules/block-library/navigation/view.min.js?ver=b0f909c3ec791c383210 HTTP/1.1" 200 1057 "https://troop537.org/" "Mozilla/5.0 (X11; Linux x86_64) AppleWebKit/537.36 (KHTML, like Gecko) Chrome/148.0.0.0 Safari/537.36"
74.7.227.165 - - [22/May/2026:11:21:50 -0400] "GET /buy.php?259041832.html HTTP/1.1" 200 19941 "https://troop537.org/buy.php?auc-noguchicoin-149042041" "Mozilla/5.0 AppleWebKit/537.36 (KHTML, like Gecko; compatible; GPTBot/1.4; +https://openai.com/gptbot)"
212.103.61.191 - - [22/May/2026:11:21:51 -0400] "GET /wp-includes/js/wp-emoji-release.min.js?ver=6.9.4 HTTP/1.1" 200 4949 "https://troop537.org/" "Mozilla/5.0 (X11; Linux x86_64) AppleWebKit/537.36 (KHTML, like Gecko) Chrome/148.0.0.0 Safari/537.36"
212.103.61.191 - - [22/May/2026:11:21:51 -0400] "GET /wp-content/themes/travel-manager/assets/fonts/dm-sans/DMSans-Regular.woff2 HTTP/1.1" 200 18096 "https://troop537.org/" "Mozilla/5.0 (X11; Linux x86_64) AppleWebKit/537.36 (KHTML, like Gecko) Chrome/148.0.0.0 Safari/537.36"
212.103.61.191 - - [22/May/2026:11:21:51 -0400] "GET /wp-content/themes/travel-manager/assets/fonts/dm-sans/DMSans-Bold.woff2 HTTP/1.1" 200 18212 "https://troop537.org/" "Mozilla/5.0 (X11; Linux x86_64) AppleWebKit/537.36 (KHTML, like Gecko) Chrome/148.0.0.0 Safari/537.36"
74.7.227.165 - - [22/May/2026:11:21:51 -0400] "GET /buy.php?064028137.html HTTP/1.1" 200 18787 "https://troop537.org/buy.php?auc-noguchicoin-149042041" "Mozilla/5.0 AppleWebKit/537.36 (KHTML, like Gecko; compatible; GPTBot/1.4; +https://openai.com/gptbot)"
212.103.61.191 - - [22/May/2026:11:21:52 -0400] "GET /wp-content/uploads/2023/11/bsa_logo.svg_-150x150.png HTTP/1.1" 200 16855 "https://troop537.org/" "Mozilla/5.0 (X11; Linux x86_64) AppleWebKit/537.36 (KHTML, like Gecko) Chrome/148.0.0.0 Safari/537.36"
74.7.227.165 - - [22/May/2026:11:21:53 -0400] "GET /buy.php?041016766.html HTTP/1.1" 200 20403 "https://troop537.org/buy.php?tireshop-283254-2355020xb13072085k38sbslo" "Mozilla/5.0 AppleWebKit/537.36 (KHTML, like Gecko; compatible; GPTBot/1.4; +https://openai.com/gptbot)"
74.7.227.165 - - [22/May/2026:11:21:55 -0400] "GET /buy.php?detail/03200004236105 HTTP/1.1" 200 19628 "https://troop537.org/buy.php?032000877.html" "Mozilla/5.0 AppleWebKit/537.36 (KHTML, like Gecko; compatible; GPTBot/1.4; +https://openai.com/gptbot)"
74.7.227.165 - - [22/May/2026:11:21:56 -0400] "GET /buy.php?jp/300004048.html HTTP/1.1" 200 20842 "https://troop537.org/buy.php?detail/30000325126056" "Mozilla/5.0 AppleWebKit/537.36 (KHTML, like Gecko; compatible; GPTBot/1.4; +https://openai.com/gptbot)"
74.7.227.165 - - [22/May/2026:11:22:00 -0400] "GET /buy.php?detail/01000026515242 HTTP/1.1" 200 21464 "https://troop537.org/buy.php?jp/010000265.html" "Mozilla/5.0 AppleWebKit/537.36 (KHTML, like Gecko; compatible; GPTBot/1.4; +https://openai.com/gptbot)"
74.7.227.165 - - [22/May/2026:11:22:06 -0400] "GET /buy.php?004028899.html HTTP/1.1" 200 21195 "https://troop537.org/buy.php?1bankanwebshop-zzds-2312914" "Mozilla/5.0 AppleWebKit/537.36 (KHTML, like Gecko; compatible; GPTBot/1.4; +https://openai.com/gptbot)"
74.7.227.165 - - [22/May/2026:11:22:08 -0400] "GET /buy.php?detail/29400007046059 HTTP/1.1" 200 19704 "https://troop537.org/buy.php?detail/29400130084371" "Mozilla/5.0 AppleWebKit/537.36 (KHTML, like Gecko; compatible; GPTBot/1.4; +https://openai.com/gptbot)"
74.7.227.165 - - [22/May/2026:11:22:08 -0400] "GET /buy.php?detail/040001967730 HTTP/1.1" 200 20813 "https://troop537.org/buy.php?detail/04000197204046" "Mozilla/5.0 AppleWebKit/537.36 (KHTML, like Gecko; compatible; GPTBot/1.4; +https://openai.com/gptbot)"
66.249.79.8 - - [22/May/2026:11:22:15 -0400] "GET /product/222045597 HTTP/1.1" 200 16705 "-" "Mozilla/5.0 (Linux; Android 6.0.1; Nexus 5X Build/MMB29P) AppleWebKit/537.36 (KHTML, like Gecko) Chrome/148.0.7778.96 Mobile Safari/537.36 (compatible; GoogleOther)"
157.143.84.87 - - [22/May/2026:11:22:23 -0400] "GET / HTTP/1.1" 200 18664 "-" "Mozilla/5.0 (Linux; Android 6.0; Nexus 5 Build/MRA58N) AppleWebKit/537.36 (KHTML, like Gecko) Chrome/130.0.0.0 Mobile Safari/537.36"
193.33.236.88 - - [22/May/2026:11:22:24 -0400] "GET / HTTP/1.1" 200 83530 "-" "Mozilla/5.0 (Windows NT 10.0; Win64; x64) AppleWebKit/537.36 (KHTML, like Gecko) Chrome/145.0.0.0 Safari/537.36"
157.143.84.87 - - [22/May/2026:11:22:24 -0400] "GET /js/twint_ch.js HTTP/1.1" 404 14116 "-" "Mozilla/5.0 (Linux; Android 6.0; Nexus 5 Build/MRA58N) AppleWebKit/537.36 (KHTML, like Gecko) Chrome/130.0.0.0 Mobile Safari/537.36"
157.143.84.87 - - [22/May/2026:11:22:25 -0400] "GET /wp-content/themes/travel-manager/assets/css/scroll-to-top.css?ver=4.0 HTTP/1.1" 200 499 "-" "Mozilla/5.0 (Linux; Android 6.0; Nexus 5 Build/MRA58N) AppleWebKit/537.36 (KHTML, like Gecko) Chrome/130.0.0.0 Mobile Safari/537.36"
157.143.84.87 - - [22/May/2026:11:22:25 -0400] "GET /wp-content/uploads/2023/11/bsa_logo.svg_-150x150.png HTTP/1.1" 200 16855 "-" "Mozilla/5.0 (Linux; Android 6.0; Nexus 5 Build/MRA58N) AppleWebKit/537.36 (KHTML, like Gecko) Chrome/130.0.0.0 Mobile Safari/537.36"
157.143.84.87 - - [22/May/2026:11:22:26 -0400] "GET /wp-content/themes/travel-manager/assets/fonts/ibm-plex-mono/IBMPlexMono-Bold.woff2 HTTP/1.1" 200 35652 "-" "Mozilla/5.0 (Linux; Android 6.0; Nexus 5 Build/MRA58N) AppleWebKit/537.36 (KHTML, like Gecko) Chrome/130.0.0.0 Mobile Safari/537.36"
23.234.94.184 - - [22/May/2026:11:22:26 -0400] "GET / HTTP/1.1" 200 18664 "-" "Python/3.9 aiohttp/3.8.1"
157.143.84.87 - - [22/May/2026:11:22:27 -0400] "GET /wp-includes/blocks/navigation/style.min.css?ver=6.9.4 HTTP/1.1" 200 2799 "-" "Mozilla/5.0 (Linux; Android 6.0; Nexus 5 Build/MRA58N) AppleWebKit/537.36 (KHTML, like Gecko) Chrome/130.0.0.0 Mobile Safari/537.36"
157.143.84.87 - - [22/May/2026:11:22:27 -0400] "GET /wp-content/themes/travel-manager/style.css?ver=4.0 HTTP/1.1" 200 1716 "-" "Mozilla/5.0 (Linux; Android 6.0; Nexus 5 Build/MRA58N) AppleWebKit/537.36 (KHTML, like Gecko) Chrome/130.0.0.0 Mobile Safari/537.36"
157.143.84.87 - - [22/May/2026:11:22:28 -0400] "GET /feed/ HTTP/1.1" 200 5992 "-" "Mozilla/5.0 (Linux; Android 6.0; Nexus 5 Build/MRA58N) AppleWebKit/537.36 (KHTML, like Gecko) Chrome/130.0.0.0 Mobile Safari/537.36"
157.143.84.87 - - [22/May/2026:11:22:28 -0400] "GET /wp-includes/css/dashicons.min.css?ver=6.9.4 HTTP/1.1" 200 36053 "-" "Mozilla/5.0 (Linux; Android 6.0; Nexus 5 Build/MRA58N) AppleWebKit/537.36 (KHTML, like Gecko) Chrome/130.0.0.0 Mobile Safari/537.36"
74.7.227.165 - - [22/May/2026:11:22:09 -0400] "GET /buy.php?jp/070000264.html HTTP/1.1" 200 19 "https://troop537.org/buy.php?detail/07000027472587" "Mozilla/5.0 AppleWebKit/537.36 (KHTML, like Gecko; compatible; GPTBot/1.4; +https://openai.com/gptbot)"
157.143.84.87 - - [22/May/2026:11:22:29 -0400] "GET /js/lkk_ch.js HTTP/1.1" 404 14117 "-" "Mozilla/5.0 (Linux; Android 6.0; Nexus 5 Build/MRA58N) AppleWebKit/537.36 (KHTML, like Gecko) Chrome/130.0.0.0 Mobile Safari/537.36"
157.143.84.87 - - [22/May/2026:11:22:29 -0400] "GET /wp-includes/js/dist/script-modules/interactivity/index.min.js?ver=66c613f68580994bb00a HTTP/1.1" 200 16479 "-" "Mozilla/5.0 (Linux; Android 6.0; Nexus 5 Build/MRA58N) AppleWebKit/537.36 (KHTML, like Gecko) Chrome/130.0.0.0 Mobile Safari/537.36"
74.7.227.165 - - [22/May/2026:11:22:29 -0400] "GET /buy.php?detail/03600001362637 HTTP/1.1" 200 19846 "https://troop537.org/buy.php?jp/036000035.html" "Mozilla/5.0 AppleWebKit/537.36 (KHTML, like Gecko; compatible; GPTBot/1.4; +https://openai.com/gptbot)"
157.143.84.87 - - [22/May/2026:11:22:30 -0400] "GET /wp-content/themes/travel-manager/assets/fonts/dm-sans/DMSans-Bold-Italic.woff2 HTTP/1.1" 200 19200 "-" "Mozilla/5.0 (Linux; Android 6.0; Nexus 5 Build/MRA58N) AppleWebKit/537.36 (KHTML, like Gecko) Chrome/130.0.0.0 Mobile Safari/537.36"
157.143.84.87 - - [22/May/2026:11:22:30 -0400] "GET /wp-content/themes/travel-manager/assets/fonts/ibm-plex-mono/IBMPlexMono-Light.woff2 HTTP/1.1" 200 34700 "-" "Mozilla/5.0 (Linux; Android 6.0; Nexus 5 Build/MRA58N) AppleWebKit/537.36 (KHTML, like Gecko) Chrome/130.0.0.0 Mobile Safari/537.36"
157.143.84.87 - - [22/May/2026:11:22:31 -0400] "GET /wp-content/themes/travel-manager/assets/fonts/dm-sans/DMSans-Regular.woff2 HTTP/1.1" 200 18096 "-" "Mozilla/5.0 (Linux; Android 6.0; Nexus 5 Build/MRA58N) AppleWebKit/537.36 (KHTML, like Gecko) Chrome/130.0.0.0 Mobile Safari/537.36"
157.143.84.87 - - [22/May/2026:11:22:31 -0400] "GET /robots.txt HTTP/1.1" 200 129 "-" "Mozilla/5.0 (Linux; Android 6.0; Nexus 5 Build/MRA58N) AppleWebKit/537.36 (KHTML, like Gecko) Chrome/130.0.0.0 Mobile Safari/537.36"
157.143.84.87 - - [22/May/2026:11:22:32 -0400] "GET /wp-content/themes/travel-manager/assets/fonts/dm-sans/DMSans-Bold.woff2 HTTP/1.1" 200 18212 "-" "Mozilla/5.0 (Linux; Android 6.0; Nexus 5 Build/MRA58N) AppleWebKit/537.36 (KHTML, like Gecko) Chrome/130.0.0.0 Mobile Safari/537.36"
74.7.227.165 - - [22/May/2026:11:22:30 -0400] "GET /buy.php?detail/05300005725016 HTTP/1.1" 200 19601 "https://troop537.org/buy.php?jp/053000068.html" "Mozilla/5.0 AppleWebKit/537.36 (KHTML, like Gecko; compatible; GPTBot/1.4; +https://openai.com/gptbot)"
157.143.84.87 - - [22/May/2026:11:22:32 -0400] "GET /assets/js/qr_modal.js HTTP/1.1" 404 14123 "-" "Mozilla/5.0 (Linux; Android 6.0; Nexus 5 Build/MRA58N) AppleWebKit/537.36 (KHTML, like Gecko) Chrome/130.0.0.0 Mobile Safari/537.36"
74.7.227.165 - - [22/May/2026:11:22:32 -0400] "GET /buy.php?jp/010000126.html HTTP/1.1" 200 19372 "https://troop537.org/buy.php?detail/01000012613444" "Mozilla/5.0 AppleWebKit/537.36 (KHTML, like Gecko; compatible; GPTBot/1.4; +https://openai.com/gptbot)"
157.143.84.87 - - [22/May/2026:11:22:33 -0400] "GET /comments/feed/ HTTP/1.1" 200 404 "-" "Mozilla/5.0 (Linux; Android 6.0; Nexus 5 Build/MRA58N) AppleWebKit/537.36 (KHTML, like Gecko) Chrome/130.0.0.0 Mobile Safari/537.36"
157.143.84.87 - - [22/May/2026:11:22:33 -0400] "GET /wp-json/ HTTP/1.1" 200 194191 "-" "Mozilla/5.0 (Linux; Android 6.0; Nexus 5 Build/MRA58N) AppleWebKit/537.36 (KHTML, like Gecko) Chrome/130.0.0.0 Mobile Safari/537.36"
74.7.227.165 - - [22/May/2026:11:22:33 -0400] "GET /buy.php?041016246.html HTTP/1.1" 200 21624 "https://troop537.org/buy.php?041016766.html" "Mozilla/5.0 AppleWebKit/537.36 (KHTML, like Gecko; compatible; GPTBot/1.4; +https://openai.com/gptbot)"
74.7.227.165 - - [22/May/2026:11:22:34 -0400] "GET /buy.php?goods/188011248 HTTP/1.1" 200 21348 "https://troop537.org/buy.php?detail/03200004236105" "Mozilla/5.0 AppleWebKit/537.36 (KHTML, like Gecko; compatible; GPTBot/1.4; +https://openai.com/gptbot)"
157.143.84.87 - - [22/May/2026:11:22:34 -0400] "GET /wp-content/themes/travel-manager/assets/fonts/inter/Inter-VariableFont_slnt,wght.ttf HTTP/1.1" 200 803384 "-" "Mozilla/5.0 (Linux; Android 6.0; Nexus 5 Build/MRA58N) AppleWebKit/537.36 (KHTML, like Gecko) Chrome/130.0.0.0 Mobile Safari/537.36"
74.7.227.165 - - [22/May/2026:11:22:34 -0400] "GET /buy.php?jp/300002993.html HTTP/1.1" 200 21201 "https://troop537.org/buy.php?jp/300004048.html" "Mozilla/5.0 AppleWebKit/537.36 (KHTML, like Gecko; compatible; GPTBot/1.4; +https://openai.com/gptbot)"
74.7.227.165 - - [22/May/2026:11:22:35 -0400] "GET /buy.php?jp/300003075.html HTTP/1.1" 200 20837 "https://troop537.org/buy.php?jp/300004048.html" "Mozilla/5.0 AppleWebKit/537.36 (KHTML, like Gecko; compatible; GPTBot/1.4; +https://openai.com/gptbot)"
157.143.84.87 - - [22/May/2026:11:22:35 -0400] "GET /wp-content/themes/travel-manager/assets/fonts/source-serif-pro/SourceSerif4Variable-Italic.ttf.woff2 HTTP/1.1" 200 346840 "-" "Mozilla/5.0 (Linux; Android 6.0; Nexus 5 Build/MRA58N) AppleWebKit/537.36 (KHTML, like Gecko) Chrome/130.0.0.0 Mobile Safari/537.36"
74.7.227.165 - - [22/May/2026:11:22:36 -0400] "GET /buy.php?detail/17701065501710 HTTP/1.1" 200 20673 "https://troop537.org/buy.php?detail/01000012613444" "Mozilla/5.0 AppleWebKit/537.36 (KHTML, like Gecko; compatible; GPTBot/1.4; +https://openai.com/gptbot)"
157.143.84.87 - - [22/May/2026:11:22:36 -0400] "GET /wp-content/themes/travel-manager/assets/fonts/ibm-plex-mono/IBMPlexMono-Italic.woff2 HTTP/1.1" 200 38924 "-" "Mozilla/5.0 (Linux; Android 6.0; Nexus 5 Build/MRA58N) AppleWebKit/537.36 (KHTML, like Gecko) Chrome/130.0.0.0 Mobile Safari/537.36"
157.143.84.87 - - [22/May/2026:11:22:36 -0400] "GET /wp-includes/js/dist/script-modules/block-library/navigation/view.min.js?ver=b0f909c3ec791c383210 HTTP/1.1" 200 1222 "-" "Mozilla/5.0 (Linux; Android 6.0; Nexus 5 Build/MRA58N) AppleWebKit/537.36 (KHTML, like Gecko) Chrome/130.0.0.0 Mobile Safari/537.36"
157.143.84.87 - - [22/May/2026:11:22:37 -0400] "GET /bot-connect.js HTTP/1.1" 404 14115 "-" "Mozilla/5.0 (Linux; Android 6.0; Nexus 5 Build/MRA58N) AppleWebKit/537.36 (KHTML, like Gecko) Chrome/130.0.0.0 Mobile Safari/537.36"
157.143.84.87 - - [22/May/2026:11:22:37 -0400] "GET /wp-includes/js/jquery/jquery.min.js?ver=3.7.1 HTTP/1.1" 200 34296 "-" "Mozilla/5.0 (Linux; Android 6.0; Nexus 5 Build/MRA58N) AppleWebKit/537.36 (KHTML, like Gecko) Chrome/130.0.0.0 Mobile Safari/537.36"
157.143.84.87 - - [22/May/2026:11:22:38 -0400] "GET /wp-content/themes/travel-manager/assets/js/custom-script.js?ver=1 HTTP/1.1" 200 214 "-" "Mozilla/5.0 (Linux; Android 6.0; Nexus 5 Build/MRA58N) AppleWebKit/537.36 (KHTML, like Gecko) Chrome/130.0.0.0 Mobile Safari/537.36"
157.143.84.87 - - [22/May/2026:11:22:38 -0400] "GET /wp-content/themes/travel-manager/assets/fonts/ibm-plex-mono/IBMPlexMono-Regular.woff2 HTTP/1.1" 200 34480 "-" "Mozilla/5.0 (Linux; Android 6.0; Nexus 5 Build/MRA58N) AppleWebKit/537.36 (KHTML, like Gecko) Chrome/130.0.0.0 Mobile Safari/537.36"
157.143.84.87 - - [22/May/2026:11:22:38 -0400] "GET /wp-content/themes/travel-manager/assets/fonts/dm-sans/DMSans-Regular-Italic.woff2 HTTP/1.1" 200 19004 "-" "Mozilla/5.0 (Linux; Android 6.0; Nexus 5 Build/MRA58N) AppleWebKit/537.36 (KHTML, like Gecko) Chrome/130.0.0.0 Mobile Safari/537.36"
157.143.84.87 - - [22/May/2026:11:22:39 -0400] "GET /wp-includes/js/jquery/jquery-migrate.min.js?ver=3.4.1 HTTP/1.1" 200 5233 "-" "Mozilla/5.0 (Linux; Android 6.0; Nexus 5 Build/MRA58N) AppleWebKit/537.36 (KHTML, like Gecko) Chrome/130.0.0.0 Mobile Safari/537.36"
157.143.84.87 - - [22/May/2026:11:22:39 -0400] "GET /assets/js/auth.js HTTP/1.1" 404 14125 "-" "Mozilla/5.0 (Linux; Android 6.0; Nexus 5 Build/MRA58N) AppleWebKit/537.36 (KHTML, like Gecko) Chrome/130.0.0.0 Mobile Safari/537.36"
74.7.227.165 - - [22/May/2026:11:22:36 -0400] "GET /buy.php?asahiprocureace-554-9661 HTTP/1.1" 200 20109 "https://troop537.org/buy.php?detail/29400007046059" "Mozilla/5.0 AppleWebKit/537.36 (KHTML, like Gecko; compatible; GPTBot/1.4; +https://openai.com/gptbot)"
176.100.129.146 - - [22/May/2026:11:22:40 -0400] "GET / HTTP/1.1" 200 16379 "-" "Mozilla/5.0 (Windows NT 10.0; Win64; x64) AppleWebKit/537.36 (KHTML, like Gecko) Chrome/122.0.0.0 Safari/537.36"
157.143.84.87 - - [22/May/2026:11:22:40 -0400] "GET /wp-content/themes/travel-manager/assets/fonts/source-serif-pro/SourceSerif4Variable-Roman.ttf.woff2 HTTP/1.1" 200 428448 "-" "Mozilla/5.0 (Linux; Android 6.0; Nexus 5 Build/MRA58N) AppleWebKit/537.36 (KHTML, like Gecko) Chrome/130.0.0.0 Mobile Safari/537.36"
176.100.129.146 - - [22/May/2026:11:22:40 -0400] "GET /wp-includes/blocks/navigation/style.min.css?ver=6.9.4 HTTP/1.1" 200 2085 "https://troop537.org/" "Mozilla/5.0 (Windows NT 10.0; Win64; x64) AppleWebKit/537.36 (KHTML, like Gecko) Chrome/122.0.0.0 Safari/537.36"
176.100.129.146 - - [22/May/2026:11:22:40 -0400] "GET /wp-includes/js/jquery/jquery.min.js?ver=3.7.1 HTTP/1.1" 200 29744 "https://troop537.org/" "Mozilla/5.0 (Windows NT 10.0; Win64; x64) AppleWebKit/537.36 (KHTML, like Gecko) Chrome/122.0.0.0 Safari/537.36"
176.100.129.146 - - [22/May/2026:11:22:40 -0400] "GET /wp-includes/css/dashicons.min.css?ver=6.9.4 HTTP/1.1" 200 35101 "https://troop537.org/" "Mozilla/5.0 (Windows NT 10.0; Win64; x64) AppleWebKit/537.36 (KHTML, like Gecko) Chrome/122.0.0.0 Safari/537.36"
176.100.129.146 - - [22/May/2026:11:22:40 -0400] "GET /wp-content/themes/travel-manager/assets/css/scroll-to-top.css?ver=4.0 HTTP/1.1" 200 411 "https://troop537.org/" "Mozilla/5.0 (Windows NT 10.0; Win64; x64) AppleWebKit/537.36 (KHTML, like Gecko) Chrome/122.0.0.0 Safari/537.36"
176.100.129.146 - - [22/May/2026:11:22:40 -0400] "GET /wp-content/themes/travel-manager/style.css?ver=4.0 HTTP/1.1" 200 1459 "https://troop537.org/" "Mozilla/5.0 (Windows NT 10.0; Win64; x64) AppleWebKit/537.36 (KHTML, like Gecko) Chrome/122.0.0.0 Safari/537.36"
176.100.129.146 - - [22/May/2026:11:22:40 -0400] "GET /wp-includes/js/jquery/jquery-migrate.min.js?ver=3.4.1 HTTP/1.1" 200 4678 "https://troop537.org/" "Mozilla/5.0 (Windows NT 10.0; Win64; x64) AppleWebKit/537.36 (KHTML, like Gecko) Chrome/122.0.0.0 Safari/537.36"
176.100.129.146 - - [22/May/2026:11:22:40 -0400] "GET /wp-content/themes/travel-manager/assets/js/custom-script.js?ver=1 HTTP/1.1" 200 155 "https://troop537.org/" "Mozilla/5.0 (Windows NT 10.0; Win64; x64) AppleWebKit/537.36 (KHTML, like Gecko) Chrome/122.0.0.0 Safari/537.36"
176.100.129.146 - - [22/May/2026:11:22:40 -0400] "GET /wp-content/uploads/2023/11/bsa_troop537.png HTTP/1.1" 200 116474 "https://troop537.org/" "Mozilla/5.0 (Windows NT 10.0; Win64; x64) AppleWebKit/537.36 (KHTML, like Gecko) Chrome/122.0.0.0 Safari/537.36"
176.100.129.146 - - [22/May/2026:11:22:40 -0400] "GET /wp-content/uploads/2026/05/ScoutBanner2-1024x720.png HTTP/1.1" 200 1237329 "https://troop537.org/" "Mozilla/5.0 (Windows NT 10.0; Win64; x64) AppleWebKit/537.36 (KHTML, like Gecko) Chrome/122.0.0.0 Safari/537.36"
176.100.129.146 - - [22/May/2026:11:22:40 -0400] "GET /wp-content/themes/travel-manager/assets/js/scroll-to-top.js?ver=4.0 HTTP/1.1" 200 383 "https://troop537.org/" "Mozilla/5.0 (Windows NT 10.0; Win64; x64) AppleWebKit/537.36 (KHTML, like Gecko) Chrome/122.0.0.0 Safari/537.36"
74.7.227.165 - - [22/May/2026:11:22:40 -0400] "GET /buy.php?detail/10100019666645 HTTP/1.1" 200 20815 "https://troop537.org/buy.php?jp/101000196.html" "Mozilla/5.0 AppleWebKit/537.36 (KHTML, like Gecko; compatible; GPTBot/1.4; +https://openai.com/gptbot)"
176.100.129.146 - - [22/May/2026:11:22:41 -0400] "GET /wp-includes/js/dist/script-modules/interactivity/index.min.js?ver=66c613f68580994bb00a HTTP/1.1" 200 14617 "https://troop537.org/" "Mozilla/5.0 (Windows NT 10.0; Win64; x64) AppleWebKit/537.36 (KHTML, like Gecko) Chrome/122.0.0.0 Safari/537.36"
176.100.129.146 - - [22/May/2026:11:22:41 -0400] "GET /wp-includes/js/dist/script-modules/block-library/navigation/view.min.js?ver=b0f909c3ec791c383210 HTTP/1.1" 200 1057 "https://troop537.org/" "Mozilla/5.0 (Windows NT 10.0; Win64; x64) AppleWebKit/537.36 (KHTML, like Gecko) Chrome/122.0.0.0 Safari/537.36"
157.143.84.87 - - [22/May/2026:11:22:41 -0400] "GET /static/style/sys_files/index.js HTTP/1.1" 404 14128 "-" "Mozilla/5.0 (Linux; Android 6.0; Nexus 5 Build/MRA58N) AppleWebKit/537.36 (KHTML, like Gecko) Chrome/130.0.0.0 Mobile Safari/537.36"
74.7.227.165 - - [22/May/2026:11:22:41 -0400] "GET /buy.php?detail/05400005625016 HTTP/1.1" 200 19410 "https://troop537.org/buy.php?jp/054000031.html" "Mozilla/5.0 AppleWebKit/537.36 (KHTML, like Gecko; compatible; GPTBot/1.4; +https://openai.com/gptbot)"
176.100.129.146 - - [22/May/2026:11:22:41 -0400] "GET /wp-content/themes/travel-manager/assets/fonts/dm-sans/DMSans-Regular.woff2 HTTP/1.1" 200 18096 "https://troop537.org/" "Mozilla/5.0 (Windows NT 10.0; Win64; x64) AppleWebKit/537.36 (KHTML, like Gecko) Chrome/122.0.0.0 Safari/537.36"
176.100.129.146 - - [22/May/2026:11:22:41 -0400] "GET /wp-content/themes/travel-manager/assets/fonts/dm-sans/DMSans-Bold.woff2 HTTP/1.1" 200 18212 "https://troop537.org/" "Mozilla/5.0 (Windows NT 10.0; Win64; x64) AppleWebKit/537.36 (KHTML, like Gecko) Chrome/122.0.0.0 Safari/537.36"
157.143.84.87 - - [22/May/2026:11:22:41 -0400] "GET /wp-content/uploads/2026/05/ScoutBanner2-1024x720.png HTTP/1.1" 200 1237329 "-" "Mozilla/5.0 (Linux; Android 6.0; Nexus 5 Build/MRA58N) AppleWebKit/537.36 (KHTML, like Gecko) Chrome/130.0.0.0 Mobile Safari/537.36"
74.7.227.165 - - [22/May/2026:11:22:41 -0400] "GET /buy.php?detail/02000048505725 HTTP/1.1" 200 19666 "https://troop537.org/buy.php?detail/020000459110" "Mozilla/5.0 AppleWebKit/537.36 (KHTML, like Gecko; compatible; GPTBot/1.4; +https://openai.com/gptbot)"
157.143.84.87 - - [22/May/2026:11:22:42 -0400] "GET /static/style/protect/index.js HTTP/1.1" 404 14128 "-" "Mozilla/5.0 (Linux; Android 6.0; Nexus 5 Build/MRA58N) AppleWebKit/537.36 (KHTML, like Gecko) Chrome/130.0.0.0 Mobile Safari/537.36"
176.100.129.146 - - [22/May/2026:11:22:42 -0400] "GET /wp-includes/js/wp-emoji-release.min.js?ver=6.9.4 HTTP/1.1" 200 4949 "https://troop537.org/" "Mozilla/5.0 (Windows NT 10.0; Win64; x64) AppleWebKit/537.36 (KHTML, like Gecko) Chrome/122.0.0.0 Safari/537.36"
157.143.84.87 - - [22/May/2026:11:22:42 -0400] "GET /wp-content/uploads/2023/11/bsa_logo.svg_.png HTTP/1.1" 200 78030 "-" "Mozilla/5.0 (Linux; Android 6.0; Nexus 5 Build/MRA58N) AppleWebKit/537.36 (KHTML, like Gecko) Chrome/130.0.0.0 Mobile Safari/537.36"
74.7.227.165 - - [22/May/2026:11:22:42 -0400] "GET /buy.php?goods/207008608 HTTP/1.1" 200 19947 "https://troop537.org/buy.php?detail/05300005725016" "Mozilla/5.0 AppleWebKit/537.36 (KHTML, like Gecko; compatible; GPTBot/1.4; +https://openai.com/gptbot)"
157.143.84.87 - - [22/May/2026:11:22:42 -0400] "GET /assets/js/message.js HTTP/1.1" 404 14126 "-" "Mozilla/5.0 (Linux; Android 6.0; Nexus 5 Build/MRA58N) AppleWebKit/537.36 (KHTML, like Gecko) Chrome/130.0.0.0 Mobile Safari/537.36"
74.7.227.165 - - [22/May/2026:11:22:42 -0400] "GET /buy.php?detail/02700538053555 HTTP/1.1" 200 20936 "https://troop537.org/buy.php?goods/027006102" "Mozilla/5.0 AppleWebKit/537.36 (KHTML, like Gecko; compatible; GPTBot/1.4; +https://openai.com/gptbot)"
157.143.84.87 - - [22/May/2026:11:22:43 -0400] "GET /wp-content/themes/travel-manager/assets/js/scroll-to-top.js?ver=4.0 HTTP/1.1" 200 483 "-" "Mozilla/5.0 (Linux; Android 6.0; Nexus 5 Build/MRA58N) AppleWebKit/537.36 (KHTML, like Gecko) Chrome/130.0.0.0 Mobile Safari/537.36"
74.7.227.165 - - [22/May/2026:11:22:43 -0400] "GET /buy.php?jp/041000084.html HTTP/1.1" 200 20134 "https://troop537.org/buy.php?041016246.html" "Mozilla/5.0 AppleWebKit/537.36 (KHTML, like Gecko; compatible; GPTBot/1.4; +https://openai.com/gptbot)"
157.143.84.87 - - [22/May/2026:11:22:44 -0400] "GET /wp-content/uploads/2023/11/bsa_troop537.png HTTP/1.1" 200 116474 "-" "Mozilla/5.0 (Linux; Android 6.0; Nexus 5 Build/MRA58N) AppleWebKit/537.36 (KHTML, like Gecko) Chrome/130.0.0.0 Mobile Safari/537.36"
74.7.227.165 - - [22/May/2026:11:22:44 -0400] "GET /buy.php?detail/04800008218686 HTTP/1.1" 200 20558 "https://troop537.org/buy.php?detail/04800076039268" "Mozilla/5.0 AppleWebKit/537.36 (KHTML, like Gecko; compatible; GPTBot/1.4; +https://openai.com/gptbot)"
157.143.84.87 - - [22/May/2026:11:22:44 -0400] "GET /css/support_parent.css HTTP/1.1" 404 14119 "-" "Mozilla/5.0 (Linux; Android 6.0; Nexus 5 Build/MRA58N) AppleWebKit/537.36 (KHTML, like Gecko) Chrome/130.0.0.0 Mobile Safari/537.36"
74.7.227.165 - - [22/May/2026:11:22:44 -0400] "GET /buy.php?frenz2-t4094694 HTTP/1.1" 200 20489 "https://troop537.org/buy.php?jp/300002993.html" "Mozilla/5.0 AppleWebKit/537.36 (KHTML, like Gecko; compatible; GPTBot/1.4; +https://openai.com/gptbot)"
74.7.227.165 - - [22/May/2026:11:22:45 -0400] "GET /buy.php?jp/300005110.html HTTP/1.1" 200 20620 "https://troop537.org/buy.php?jp/300003075.html" "Mozilla/5.0 AppleWebKit/537.36 (KHTML, like Gecko; compatible; GPTBot/1.4; +https://openai.com/gptbot)"
74.7.227.165 - - [22/May/2026:11:22:46 -0400] "GET /buy.php?detail/30000243728722 HTTP/1.1" 200 19967 "https://troop537.org/buy.php?jp/300002993.html" "Mozilla/5.0 AppleWebKit/537.36 (KHTML, like Gecko; compatible; GPTBot/1.4; +https://openai.com/gptbot)"
74.7.227.165 - - [22/May/2026:11:22:46 -0400] "GET /buy.php?detail/11303039600064 HTTP/1.1" 200 20246 "https://troop537.org/buy.php?goods/045044029" "Mozilla/5.0 AppleWebKit/537.36 (KHTML, like Gecko; compatible; GPTBot/1.4; +https://openai.com/gptbot)"
74.7.227.165 - - [22/May/2026:11:22:47 -0400] "GET /buy.php?detail/01000049665062 HTTP/1.1" 200 19955 "https://troop537.org/buy.php?jp/010000232.html" "Mozilla/5.0 AppleWebKit/537.36 (KHTML, like Gecko; compatible; GPTBot/1.4; +https://openai.com/gptbot)"
74.7.227.165 - - [22/May/2026:11:22:48 -0400] "GET /buy.php?detail/09900007422608 HTTP/1.1" 200 20797 "https://troop537.org/buy.php?detail/09900003988845" "Mozilla/5.0 AppleWebKit/537.36 (KHTML, like Gecko; compatible; GPTBot/1.4; +https://openai.com/gptbot)"
74.7.227.165 - - [22/May/2026:11:22:48 -0400] "GET /buy.php?detail/07000037680982 HTTP/1.1" 200 19323 "https://troop537.org/buy.php?jp/070000138.html" "Mozilla/5.0 AppleWebKit/537.36 (KHTML, like Gecko; compatible; GPTBot/1.4; +https://openai.com/gptbot)"
74.7.227.165 - - [22/May/2026:11:22:49 -0400] "GET /buy.php?fujinamielectric-b09sz1qxmr HTTP/1.1" 200 22249 "https://troop537.org/buy.php?goods/207008608" "Mozilla/5.0 AppleWebKit/537.36 (KHTML, like Gecko; compatible; GPTBot/1.4; +https://openai.com/gptbot)"
74.7.227.165 - - [22/May/2026:11:22:50 -0400] "GET /buy.php?detail/05100002336105 HTTP/1.1" 200 20223 "https://troop537.org/buy.php?jp/051005125.html" "Mozilla/5.0 AppleWebKit/537.36 (KHTML, like Gecko; compatible; GPTBot/1.4; +https://openai.com/gptbot)"
74.7.227.165 - - [22/May/2026:11:22:51 -0400] "GET /buy.php?goods/121012631 HTTP/1.1" 200 19295 "https://troop537.org/buy.php?jp/041000084.html" "Mozilla/5.0 AppleWebKit/537.36 (KHTML, like Gecko; compatible; GPTBot/1.4; +https://openai.com/gptbot)"
74.7.227.165 - - [22/May/2026:11:22:51 -0400] "GET /buy.php?goods/095009967 HTTP/1.1" 200 21362 "https://troop537.org/buy.php?detail/04800008218686" "Mozilla/5.0 AppleWebKit/537.36 (KHTML, like Gecko; compatible; GPTBot/1.4; +https://openai.com/gptbot)"
74.7.227.165 - - [22/May/2026:11:22:52 -0400] "GET /buy.php?169018352.html HTTP/1.1" 200 20800 "https://troop537.org/buy.php?frenz2-t4094694" "Mozilla/5.0 AppleWebKit/537.36 (KHTML, like Gecko; compatible; GPTBot/1.4; +https://openai.com/gptbot)"
74.7.227.165 - - [22/May/2026:11:22:53 -0400] "GET /buy.php?frenz2-t4077558 HTTP/1.1" 200 20535 "https://troop537.org/buy.php?jp/300005110.html" "Mozilla/5.0 AppleWebKit/537.36 (KHTML, like Gecko; compatible; GPTBot/1.4; +https://openai.com/gptbot)"
74.7.227.165 - - [22/May/2026:11:22:55 -0400] "GET /buy.php?jp/300003502.html HTTP/1.1" 200 19896 "https://troop537.org/buy.php?jp/300005110.html" "Mozilla/5.0 AppleWebKit/537.36 (KHTML, like Gecko; compatible; GPTBot/1.4; +https://openai.com/gptbot)"
74.7.227.165 - - [22/May/2026:11:22:57 -0400] "GET /buy.php?goods/290020850 HTTP/1.1" 200 19733 "https://troop537.org/buy.php?jp/300005110.html" "Mozilla/5.0 AppleWebKit/537.36 (KHTML, like Gecko; compatible; GPTBot/1.4; +https://openai.com/gptbot)"
74.7.227.165 - - [22/May/2026:11:23:00 -0400] "GET /buy.php?jp/010000281.html HTTP/1.1" 200 19464 "https://troop537.org/buy.php?detail/01000049665062" "Mozilla/5.0 AppleWebKit/537.36 (KHTML, like Gecko; compatible; GPTBot/1.4; +https://openai.com/gptbot)"
34.207.197.120 - - [22/May/2026:11:23:01 -0400] "GET /wp-content/uploads/2023/11/bsa_logo.svg_-150x150.png HTTP/1.1" 200 16855 "-" "Mozilla/5.0 (Windows NT 6.3; WOW64; rv:38.0) Gecko/20100101 Firefox/38.0"
34.207.197.120 - - [22/May/2026:11:23:01 -0400] "GET /wp-content/uploads/2023/11/bsa_logo.svg_.png HTTP/1.1" 200 78030 "-" "Mozilla/5.0 (Windows NT 6.3; WOW64; rv:38.0) Gecko/20100101 Firefox/38.0"
34.207.197.120 - - [22/May/2026:11:23:02 -0400] "GET /favicon.ico HTTP/1.1" 404 1251 "-" "Mozilla/5.0 (Windows NT 6.3; WOW64; rv:38.0) Gecko/20100101 Firefox/38.0"
74.7.227.165 - - [22/May/2026:11:23:00 -0400] "GET /buy.php?jp/099000074.html HTTP/1.1" 200 21055 "https://troop537.org/buy.php?detail/09900007422608" "Mozilla/5.0 AppleWebKit/537.36 (KHTML, like Gecko; compatible; GPTBot/1.4; +https://openai.com/gptbot)"
74.7.227.165 - - [22/May/2026:11:23:04 -0400] "GET /buy.php?jp/070000376.html HTTP/1.1" 200 19516 "https://troop537.org/buy.php?detail/07000037680982" "Mozilla/5.0 AppleWebKit/537.36 (KHTML, like Gecko; compatible; GPTBot/1.4; +https://openai.com/gptbot)"
74.7.227.165 - - [22/May/2026:11:23:05 -0400] "GET /buy.php?jp/070000346.html HTTP/1.1" 200 19876 "https://troop537.org/buy.php?detail/07000037680982" "Mozilla/5.0 AppleWebKit/537.36 (KHTML, like Gecko; compatible; GPTBot/1.4; +https://openai.com/gptbot)"
74.7.227.165 - - [22/May/2026:11:23:05 -0400] "GET /buy.php?jp/070000355.html HTTP/1.1" 200 19705 "https://troop537.org/buy.php?detail/07000037680982" "Mozilla/5.0 AppleWebKit/537.36 (KHTML, like Gecko; compatible; GPTBot/1.4; +https://openai.com/gptbot)"
74.7.227.165 - - [22/May/2026:11:23:06 -0400] "GET /buy.php?goods/051001252 HTTP/1.1" 200 20021 "https://troop537.org/buy.php?detail/05100002336105" "Mozilla/5.0 AppleWebKit/537.36 (KHTML, like Gecko; compatible; GPTBot/1.4; +https://openai.com/gptbot)"
3.68.27.194 - - [22/May/2026:11:23:08 -0400] "GET /wp-content/uploads/2023/11/bsa_logo.svg_-150x150.png HTTP/1.1" 200 16855 "-" "Mozilla/5.0"
74.7.227.165 - - [22/May/2026:11:23:08 -0400] "GET /buy.php?goods/068006563 HTTP/1.1" 200 19315 "https://troop537.org/buy.php?detail/07000037680982" "Mozilla/5.0 AppleWebKit/537.36 (KHTML, like Gecko; compatible; GPTBot/1.4; +https://openai.com/gptbot)"
3.68.27.194 - - [22/May/2026:11:23:09 -0400] "GET /wp-content/uploads/2023/11/bsa_logo.svg_.png HTTP/1.1" 200 78030 "-" "Mozilla/5.0"
74.7.227.165 - - [22/May/2026:11:23:08 -0400] "GET /buy.php?goods/099020552 HTTP/1.1" 200 21353 "https://troop537.org/buy.php?detail/05100002336105" "Mozilla/5.0 AppleWebKit/537.36 (KHTML, like Gecko; compatible; GPTBot/1.4; +https://openai.com/gptbot)"
74.7.227.165 - - [22/May/2026:11:23:13 -0400] "GET /buy.php?goods/284018484 HTTP/1.1" 200 19792 "https://troop537.org/buy.php?detail/09900007422608" "Mozilla/5.0 AppleWebKit/537.36 (KHTML, like Gecko; compatible; GPTBot/1.4; +https://openai.com/gptbot)"
74.7.227.165 - - [22/May/2026:11:23:14 -0400] "GET /buy.php?240045115.html HTTP/1.1" 200 19772 "https://troop537.org/buy.php?frenz2-t4094694" "Mozilla/5.0 AppleWebKit/537.36 (KHTML, like Gecko; compatible; GPTBot/1.4; +https://openai.com/gptbot)"
74.7.227.165 - - [22/May/2026:11:23:17 -0400] "GET /buy.php?detail/2030438340245 HTTP/1.1" 200 19618 "https://troop537.org/buy.php?goods/290020850" "Mozilla/5.0 AppleWebKit/537.36 (KHTML, like Gecko; compatible; GPTBot/1.4; +https://openai.com/gptbot)"
74.7.227.165 - - [22/May/2026:11:23:17 -0400] "GET /buy.php?061001486.html HTTP/1.1" 200 20289 "https://troop537.org/buy.php?fujinamielectric-b09sz1qxmr" "Mozilla/5.0 AppleWebKit/537.36 (KHTML, like Gecko; compatible; GPTBot/1.4; +https://openai.com/gptbot)"
74.7.227.165 - - [22/May/2026:11:23:18 -0400] "GET /buy.php?169019170.html HTTP/1.1" 200 21402 "https://troop537.org/buy.php?169018352.html" "Mozilla/5.0 AppleWebKit/537.36 (KHTML, like Gecko; compatible; GPTBot/1.4; +https://openai.com/gptbot)"
74.7.227.165 - - [22/May/2026:11:23:19 -0400] "GET /buy.php?jp/070000229.html HTTP/1.1" 200 19850 "https://troop537.org/buy.php?jp/070000376.html" "Mozilla/5.0 AppleWebKit/537.36 (KHTML, like Gecko; compatible; GPTBot/1.4; +https://openai.com/gptbot)"
74.7.227.165 - - [22/May/2026:11:23:22 -0400] "GET /buy.php?105012416.html HTTP/1.1" 200 19978 "https://troop537.org/buy.php?fujinamielectric-b09sz1qxmr" "Mozilla/5.0 AppleWebKit/537.36 (KHTML, like Gecko; compatible; GPTBot/1.4; +https://openai.com/gptbot)"
74.7.227.165 - - [22/May/2026:11:23:23 -0400] "GET /buy.php?jp/070000587.html HTTP/1.1" 200 19532 "https://troop537.org/buy.php?jp/070000355.html" "Mozilla/5.0 AppleWebKit/537.36 (KHTML, like Gecko; compatible; GPTBot/1.4; +https://openai.com/gptbot)"
74.7.227.165 - - [22/May/2026:11:23:25 -0400] "GET /buy.php?goods/088003458 HTTP/1.1" 200 21014 "https://troop537.org/buy.php?jp/070000355.html" "Mozilla/5.0 AppleWebKit/537.36 (KHTML, like Gecko; compatible; GPTBot/1.4; +https://openai.com/gptbot)"
74.7.227.165 - - [22/May/2026:11:23:27 -0400] "GET /buy.php?goods/051007025 HTTP/1.1" 200 20445 "https://troop537.org/buy.php?goods/051001252" "Mozilla/5.0 AppleWebKit/537.36 (KHTML, like Gecko; compatible; GPTBot/1.4; +https://openai.com/gptbot)"
74.7.227.165 - - [22/May/2026:11:23:29 -0400] "GET /buy.php?goods/051007018 HTTP/1.1" 200 20159 "https://troop537.org/buy.php?goods/051001252" "Mozilla/5.0 AppleWebKit/537.36 (KHTML, like Gecko; compatible; GPTBot/1.4; +https://openai.com/gptbot)"
74.7.227.165 - - [22/May/2026:11:23:33 -0400] "GET /buy.php?goods/242009924 HTTP/1.1" 200 19456 "https://troop537.org/buy.php?goods/099020552" "Mozilla/5.0 AppleWebKit/537.36 (KHTML, like Gecko; compatible; GPTBot/1.4; +https://openai.com/gptbot)"
74.7.227.165 - - [22/May/2026:11:23:35 -0400] "GET /buy.php?smartphone-art-p10001406097 HTTP/1.1" 200 19967 "https://troop537.org/buy.php?goods/051001252" "Mozilla/5.0 AppleWebKit/537.36 (KHTML, like Gecko; compatible; GPTBot/1.4; +https://openai.com/gptbot)"
66.249.79.8 - - [22/May/2026:11:23:35 -0400] "GET /shop/pg/269result/7993 HTTP/1.1" 200 17356 "-" "Mozilla/5.0 (Linux; Android 6.0.1; Nexus 5X Build/MMB29P) AppleWebKit/537.36 (KHTML, like Gecko) Chrome/148.0.7778.96 Mobile Safari/537.36 (compatible; GoogleOther)"
74.7.227.165 - - [22/May/2026:11:23:35 -0400] "GET /buy.php?goods/107005131 HTTP/1.1" 200 20722 "https://troop537.org/buy.php?detail/2030438340245" "Mozilla/5.0 AppleWebKit/537.36 (KHTML, like Gecko; compatible; GPTBot/1.4; +https://openai.com/gptbot)"
74.7.227.165 - - [22/May/2026:11:23:36 -0400] "GET /buy.php?131015618.html HTTP/1.1" 200 19692 "https://troop537.org/buy.php?240045115.html" "Mozilla/5.0 AppleWebKit/537.36 (KHTML, like Gecko; compatible; GPTBot/1.4; +https://openai.com/gptbot)"
74.7.227.165 - - [22/May/2026:11:23:38 -0400] "GET /buy.php?detail/30000882073509 HTTP/1.1" 200 21205 "https://troop537.org/buy.php?jp/300008820.html" "Mozilla/5.0 AppleWebKit/537.36 (KHTML, like Gecko; compatible; GPTBot/1.4; +https://openai.com/gptbot)"
74.7.227.165 - - [22/May/2026:11:23:38 -0400] "GET /buy.php?jp/070000425.html HTTP/1.1" 200 19594 "https://troop537.org/buy.php?jp/070000229.html" "Mozilla/5.0 AppleWebKit/537.36 (KHTML, like Gecko; compatible; GPTBot/1.4; +https://openai.com/gptbot)"
74.7.227.165 - - [22/May/2026:11:23:40 -0400] "GET /buy.php?jp/070000434.html HTTP/1.1" 200 19602 "https://troop537.org/buy.php?jp/070000229.html" "Mozilla/5.0 AppleWebKit/537.36 (KHTML, like Gecko; compatible; GPTBot/1.4; +https://openai.com/gptbot)"
74.7.227.165 - - [22/May/2026:11:23:41 -0400] "GET /buy.php?jp/070000399.html HTTP/1.1" 200 19853 "https://troop537.org/buy.php?jp/070000229.html" "Mozilla/5.0 AppleWebKit/537.36 (KHTML, like Gecko; compatible; GPTBot/1.4; +https://openai.com/gptbot)"
74.7.227.165 - - [22/May/2026:11:23:41 -0400] "GET /buy.php?105012420.html HTTP/1.1" 200 20357 "https://troop537.org/buy.php?105012416.html" "Mozilla/5.0 AppleWebKit/537.36 (KHTML, like Gecko; compatible; GPTBot/1.4; +https://openai.com/gptbot)"
74.7.227.165 - - [22/May/2026:11:23:42 -0400] "GET /buy.php?goods/051005574 HTTP/1.1" 200 20285 "https://troop537.org/buy.php?goods/051007025" "Mozilla/5.0 AppleWebKit/537.36 (KHTML, like Gecko; compatible; GPTBot/1.4; +https://openai.com/gptbot)"
