74.7.227.165 - - [22/May/2026:08:41:49 -0400] "GET /buy.php?010047317.html HTTP/1.1" 200 19766 "https://troop537.org/buy.php?041014444.html" "Mozilla/5.0 AppleWebKit/537.36 (KHTML, like Gecko; compatible; GPTBot/1.4; +https://openai.com/gptbot)"
74.7.227.165 - - [22/May/2026:08:41:49 -0400] "GET /buy.php?289035136.html HTTP/1.1" 200 20897 "https://troop537.org/buy.php?184039927.html" "Mozilla/5.0 AppleWebKit/537.36 (KHTML, like Gecko; compatible; GPTBot/1.4; +https://openai.com/gptbot)"
74.7.227.165 - - [22/May/2026:08:41:51 -0400] "GET /buy.php?030000727.html HTTP/1.1" 200 20161 "https://troop537.org/buy.php?030000441.html" "Mozilla/5.0 AppleWebKit/537.36 (KHTML, like Gecko; compatible; GPTBot/1.4; +https://openai.com/gptbot)"
74.7.227.165 - - [22/May/2026:08:41:54 -0400] "GET /buy.php?060000511.html HTTP/1.1" 200 20261 "https://troop537.org/buy.php?category/972_2955_2956/1/listing" "Mozilla/5.0 AppleWebKit/537.36 (KHTML, like Gecko; compatible; GPTBot/1.4; +https://openai.com/gptbot)"
74.7.227.165 - - [22/May/2026:08:41:59 -0400] "GET /buy.php?001000130.html HTTP/1.1" 200 20058 "https://troop537.org/buy.php?himarayarunningpro-0000001308891-1" "Mozilla/5.0 AppleWebKit/537.36 (KHTML, like Gecko; compatible; GPTBot/1.4; +https://openai.com/gptbot)"
74.7.227.165 - - [22/May/2026:08:42:00 -0400] "GET /buy.php?090000279.html HTTP/1.1" 200 19367 "https://troop537.org/buy.php?webike-rb-25908051" "Mozilla/5.0 AppleWebKit/537.36 (KHTML, like Gecko; compatible; GPTBot/1.4; +https://openai.com/gptbot)"
74.7.227.165 - - [22/May/2026:08:42:03 -0400] "GET /buy.php?lemeilleurbijoux-lesm2072 HTTP/1.1" 200 20183 "https://troop537.org/buy.php?006033261.html" "Mozilla/5.0 AppleWebKit/537.36 (KHTML, like Gecko; compatible; GPTBot/1.4; +https://openai.com/gptbot)"
74.7.227.165 - - [22/May/2026:08:42:04 -0400] "GET /buy.php?258011739.html HTTP/1.1" 200 20939 "https://troop537.org/buy.php?033001244.html" "Mozilla/5.0 AppleWebKit/537.36 (KHTML, like Gecko; compatible; GPTBot/1.4; +https://openai.com/gptbot)"
74.7.227.165 - - [22/May/2026:08:42:05 -0400] "GET /buy.php?006000011.html HTTP/1.1" 200 22050 "https://troop537.org/buy.php?8356875" "Mozilla/5.0 AppleWebKit/537.36 (KHTML, like Gecko; compatible; GPTBot/1.4; +https://openai.com/gptbot)"
74.7.227.165 - - [22/May/2026:08:42:13 -0400] "GET /buy.php?ls-shop-jj781a HTTP/1.1" 200 19257 "https://troop537.org/buy.php?041014058.html" "Mozilla/5.0 AppleWebKit/537.36 (KHTML, like Gecko; compatible; GPTBot/1.4; +https://openai.com/gptbot)"
74.7.227.165 - - [22/May/2026:08:42:13 -0400] "GET /buy.php?038000073.html HTTP/1.1" 200 20544 "https://troop537.org/buy.php?038001709.html" "Mozilla/5.0 AppleWebKit/537.36 (KHTML, like Gecko; compatible; GPTBot/1.4; +https://openai.com/gptbot)"
74.7.227.165 - - [22/May/2026:08:42:17 -0400] "GET /buy.php?detail/1270030684833 HTTP/1.1" 200 20501 "https://troop537.org/buy.php?010047317.html" "Mozilla/5.0 AppleWebKit/537.36 (KHTML, like Gecko; compatible; GPTBot/1.4; +https://openai.com/gptbot)"
74.7.227.165 - - [22/May/2026:08:42:20 -0400] "GET /buy.php?030000409.html HTTP/1.1" 200 21647 "https://troop537.org/buy.php?030000309.html" "Mozilla/5.0 AppleWebKit/537.36 (KHTML, like Gecko; compatible; GPTBot/1.4; +https://openai.com/gptbot)"
74.7.227.165 - - [22/May/2026:08:42:20 -0400] "GET /buy.php?jp/030000194.html HTTP/1.1" 200 19931 "https://troop537.org/buy.php?030000727.html" "Mozilla/5.0 AppleWebKit/537.36 (KHTML, like Gecko; compatible; GPTBot/1.4; +https://openai.com/gptbot)"
74.7.227.165 - - [22/May/2026:08:42:32 -0400] "GET /buy.php?112027031.html HTTP/1.1" 200 19696 "https://troop537.org/buy.php?060000511.html" "Mozilla/5.0 AppleWebKit/537.36 (KHTML, like Gecko; compatible; GPTBot/1.4; +https://openai.com/gptbot)"
74.7.227.165 - - [22/May/2026:08:42:33 -0400] "GET /buy.php?080000323.html HTTP/1.1" 200 20503 "https://troop537.org/buy.php?category/4178_4179/1/listing" "Mozilla/5.0 AppleWebKit/537.36 (KHTML, like Gecko; compatible; GPTBot/1.4; +https://openai.com/gptbot)"
74.7.227.165 - - [22/May/2026:08:42:34 -0400] "GET /buy.php?144001251.html HTTP/1.1" 200 20131 "https://troop537.org/buy.php?090000279.html" "Mozilla/5.0 AppleWebKit/537.36 (KHTML, like Gecko; compatible; GPTBot/1.4; +https://openai.com/gptbot)"
74.7.227.165 - - [22/May/2026:08:42:36 -0400] "GET /buy.php?090000353.html HTTP/1.1" 200 19630 "https://troop537.org/buy.php?090000279.html" "Mozilla/5.0 AppleWebKit/537.36 (KHTML, like Gecko; compatible; GPTBot/1.4; +https://openai.com/gptbot)"
74.7.227.165 - - [22/May/2026:08:42:41 -0400] "GET /buy.php?258013419.html HTTP/1.1" 200 20198 "https://troop537.org/buy.php?258011739.html" "Mozilla/5.0 AppleWebKit/537.36 (KHTML, like Gecko; compatible; GPTBot/1.4; +https://openai.com/gptbot)"
74.7.227.165 - - [22/May/2026:08:42:43 -0400] "GET /buy.php?090000709.html HTTP/1.1" 200 20591 "https://troop537.org/buy.php?ts-parts-22410875" "Mozilla/5.0 AppleWebKit/537.36 (KHTML, like Gecko; compatible; GPTBot/1.4; +https://openai.com/gptbot)"
74.7.227.165 - - [22/May/2026:08:42:46 -0400] "GET /buy.php?289005476.html HTTP/1.1" 200 21479 "https://troop537.org/buy.php?ls-shop-jj781a" "Mozilla/5.0 AppleWebKit/537.36 (KHTML, like Gecko; compatible; GPTBot/1.4; +https://openai.com/gptbot)"
74.7.227.165 - - [22/May/2026:08:42:46 -0400] "GET /buy.php?003003444.html HTTP/1.1" 200 20519 "https://troop537.org/buy.php?seiyushop01-f6bufttbhsjr7uzka5buq7zcxy-1" "Mozilla/5.0 AppleWebKit/537.36 (KHTML, like Gecko; compatible; GPTBot/1.4; +https://openai.com/gptbot)"
74.7.227.165 - - [22/May/2026:08:42:47 -0400] "GET /buy.php?category/213_2597/1/listing HTTP/1.1" 200 19893 "https://troop537.org/buy.php?detail/1270030684833" "Mozilla/5.0 AppleWebKit/537.36 (KHTML, like Gecko; compatible; GPTBot/1.4; +https://openai.com/gptbot)"
74.7.227.165 - - [22/May/2026:08:42:48 -0400] "GET /buy.php?010000815.html HTTP/1.1" 200 23198 "https://troop537.org/buy.php?reikoma-rp92819" "Mozilla/5.0 AppleWebKit/537.36 (KHTML, like Gecko; compatible; GPTBot/1.4; +https://openai.com/gptbot)"
74.7.227.165 - - [22/May/2026:08:42:48 -0400] "GET /buy.php?goods/101032107 HTTP/1.1" 200 20070 "https://troop537.org/buy.php?jp/030000194.html" "Mozilla/5.0 AppleWebKit/537.36 (KHTML, like Gecko; compatible; GPTBot/1.4; +https://openai.com/gptbot)"
66.249.79.1 - - [22/May/2026:08:42:49 -0400] "GET /product/185046228 HTTP/1.1" 200 17114 "-" "Mozilla/5.0 (Linux; Android 6.0.1; Nexus 5X Build/MMB29P) AppleWebKit/537.36 (KHTML, like Gecko) Chrome/148.0.7778.96 Mobile Safari/537.36 (compatible; GoogleOther)"
74.7.227.165 - - [22/May/2026:08:42:49 -0400] "GET /buy.php?detail/030001116482 HTTP/1.1" 200 20700 "https://troop537.org/buy.php?jp/030000194.html" "Mozilla/5.0 AppleWebKit/537.36 (KHTML, like Gecko; compatible; GPTBot/1.4; +https://openai.com/gptbot)"
74.7.227.165 - - [22/May/2026:08:42:50 -0400] "GET /buy.php?jp/080000443.html HTTP/1.1" 200 20863 "https://troop537.org/buy.php?080000323.html" "Mozilla/5.0 AppleWebKit/537.36 (KHTML, like Gecko; compatible; GPTBot/1.4; +https://openai.com/gptbot)"
74.7.227.165 - - [22/May/2026:08:42:50 -0400] "GET /buy.php?058007847.html HTTP/1.1" 200 19604 "https://troop537.org/buy.php?080000323.html" "Mozilla/5.0 AppleWebKit/537.36 (KHTML, like Gecko; compatible; GPTBot/1.4; +https://openai.com/gptbot)"
74.7.227.165 - - [22/May/2026:08:42:51 -0400] "GET /buy.php?171043658.html HTTP/1.1" 200 20520 "https://troop537.org/buy.php?090000353.html" "Mozilla/5.0 AppleWebKit/537.36 (KHTML, like Gecko; compatible; GPTBot/1.4; +https://openai.com/gptbot)"
74.7.227.165 - - [22/May/2026:08:42:52 -0400] "GET /buy.php?121026208.html HTTP/1.1" 200 18721 "https://troop537.org/buy.php?080000323.html" "Mozilla/5.0 AppleWebKit/537.36 (KHTML, like Gecko; compatible; GPTBot/1.4; +https://openai.com/gptbot)"
74.7.227.165 - - [22/May/2026:08:42:52 -0400] "GET /buy.php?226049813.html HTTP/1.1" 200 19529 "https://troop537.org/buy.php?090000709.html" "Mozilla/5.0 AppleWebKit/537.36 (KHTML, like Gecko; compatible; GPTBot/1.4; +https://openai.com/gptbot)"
74.7.227.165 - - [22/May/2026:08:43:04 -0400] "GET /buy.php?186032907.html HTTP/1.1" 200 19365 "https://troop537.org/buy.php?289005476.html" "Mozilla/5.0 AppleWebKit/537.36 (KHTML, like Gecko; compatible; GPTBot/1.4; +https://openai.com/gptbot)"
74.7.227.165 - - [22/May/2026:08:43:05 -0400] "GET /buy.php?107019798.html HTTP/1.1" 200 19923 "https://troop537.org/buy.php?144001251.html" "Mozilla/5.0 AppleWebKit/537.36 (KHTML, like Gecko; compatible; GPTBot/1.4; +https://openai.com/gptbot)"
74.7.227.165 - - [22/May/2026:08:43:09 -0400] "GET /buy.php?090043015.html HTTP/1.1" 200 19407 "https://troop537.org/buy.php?080000323.html" "Mozilla/5.0 AppleWebKit/537.36 (KHTML, like Gecko; compatible; GPTBot/1.4; +https://openai.com/gptbot)"
74.7.227.165 - - [22/May/2026:08:43:09 -0400] "GET /buy.php?240020699.html HTTP/1.1" 200 19672 "https://troop537.org/buy.php?010000815.html" "Mozilla/5.0 AppleWebKit/537.36 (KHTML, like Gecko; compatible; GPTBot/1.4; +https://openai.com/gptbot)"
74.7.227.165 - - [22/May/2026:08:43:10 -0400] "GET /buy.php?115014444.html HTTP/1.1" 200 18880 "https://troop537.org/buy.php?052001727.html" "Mozilla/5.0 AppleWebKit/537.36 (KHTML, like Gecko; compatible; GPTBot/1.4; +https://openai.com/gptbot)"
66.249.79.1 - - [22/May/2026:08:43:17 -0400] "GET /product/262023225 HTTP/1.1" 200 16308 "-" "Mozilla/5.0 (Linux; Android 6.0.1; Nexus 5X Build/MMB29P) AppleWebKit/537.36 (KHTML, like Gecko) Chrome/148.0.7778.96 Mobile Safari/537.36 (compatible; GoogleOther)"
74.7.227.165 - - [22/May/2026:08:43:16 -0400] "GET /buy.php?goods/201005203 HTTP/1.1" 200 20899 "https://troop537.org/buy.php?detail/030001116482" "Mozilla/5.0 AppleWebKit/537.36 (KHTML, like Gecko; compatible; GPTBot/1.4; +https://openai.com/gptbot)"
74.7.227.165 - - [22/May/2026:08:43:19 -0400] "GET /buy.php?jp/080000479.html HTTP/1.1" 200 20732 "https://troop537.org/buy.php?jp/080000443.html" "Mozilla/5.0 AppleWebKit/537.36 (KHTML, like Gecko; compatible; GPTBot/1.4; +https://openai.com/gptbot)"
74.7.227.165 - - [22/May/2026:08:43:19 -0400] "GET /buy.php?category/23_3899/1/listing HTTP/1.1" 200 20398 "https://troop537.org/buy.php?058007847.html" "Mozilla/5.0 AppleWebKit/537.36 (KHTML, like Gecko; compatible; GPTBot/1.4; +https://openai.com/gptbot)"
74.7.227.165 - - [22/May/2026:08:43:20 -0400] "GET /buy.php?198048765.html HTTP/1.1" 200 19787 "https://troop537.org/buy.php?171043658.html" "Mozilla/5.0 AppleWebKit/537.36 (KHTML, like Gecko; compatible; GPTBot/1.4; +https://openai.com/gptbot)"
74.7.227.165 - - [22/May/2026:08:43:22 -0400] "GET /buy.php?goods/171027715 HTTP/1.1" 200 20117 "https://troop537.org/buy.php?171043658.html" "Mozilla/5.0 AppleWebKit/537.36 (KHTML, like Gecko; compatible; GPTBot/1.4; +https://openai.com/gptbot)"
74.7.227.165 - - [22/May/2026:08:43:23 -0400] "GET /buy.php?motor-parts-zi-8339 HTTP/1.1" 200 20210 "https://troop537.org/buy.php?058007847.html" "Mozilla/5.0 AppleWebKit/537.36 (KHTML, like Gecko; compatible; GPTBot/1.4; +https://openai.com/gptbot)"
74.7.227.165 - - [22/May/2026:08:43:24 -0400] "GET /buy.php?119025746.html HTTP/1.1" 200 19632 "https://troop537.org/buy.php?186032907.html" "Mozilla/5.0 AppleWebKit/537.36 (KHTML, like Gecko; compatible; GPTBot/1.4; +https://openai.com/gptbot)"
74.7.227.165 - - [22/May/2026:08:43:25 -0400] "GET /buy.php?akibaoo-r-hm000593389 HTTP/1.1" 200 20678 "https://troop537.org/buy.php?107019798.html" "Mozilla/5.0 AppleWebKit/537.36 (KHTML, like Gecko; compatible; GPTBot/1.4; +https://openai.com/gptbot)"
68.65.122.55 - - [22/May/2026:08:43:27 -0400] "POST /wp-cron.php?doing_wp_cron=1779453807.1264228820800781250000 HTTP/1.1" 403 1242 "-" "WordPress/6.9.4; https://troop537.org"
131.143.215.18 - - [22/May/2026:08:43:26 -0400] "GET /wp-login.php HTTP/1.1" 200 2069 "-" "Mozilla/5.0 (Windows NT 10.0; Win64; x64) AppleWebKit/537.36 (KHTML, like Gecko) Chrome/87.0.4280.141 Safari/537.36"
74.7.227.165 - - [22/May/2026:08:43:26 -0400] "GET /buy.php?171027708.html HTTP/1.1" 200 20055 "https://troop537.org/buy.php?171043658.html" "Mozilla/5.0 AppleWebKit/537.36 (KHTML, like Gecko; compatible; GPTBot/1.4; +https://openai.com/gptbot)"
74.7.227.165 - - [22/May/2026:08:43:27 -0400] "GET /buy.php?058007897.html HTTP/1.1" 200 19771 "https://troop537.org/buy.php?058007847.html" "Mozilla/5.0 AppleWebKit/537.36 (KHTML, like Gecko; compatible; GPTBot/1.4; +https://openai.com/gptbot)"
131.143.215.18 - - [22/May/2026:08:43:27 -0400] "POST /wp-login.php HTTP/1.1" 200 2163 "-" "Mozilla/5.0 (Windows NT 10.0; Win64; x64) AppleWebKit/537.36 (KHTML, like Gecko) Chrome/87.0.4280.141 Safari/537.36"
74.7.227.165 - - [22/May/2026:08:43:28 -0400] "GET /buy.php?rcmdva-an-4521718014401 HTTP/1.1" 200 20562 "https://troop537.org/buy.php?115014444.html" "Mozilla/5.0 AppleWebKit/537.36 (KHTML, like Gecko; compatible; GPTBot/1.4; +https://openai.com/gptbot)"
74.7.227.165 - - [22/May/2026:08:43:40 -0400] "GET /buy.php?058007899.html HTTP/1.1" 200 19404 "https://troop537.org/buy.php?058007847.html" "Mozilla/5.0 AppleWebKit/537.36 (KHTML, like Gecko; compatible; GPTBot/1.4; +https://openai.com/gptbot)"
74.7.227.165 - - [22/May/2026:08:43:40 -0400] "GET /buy.php?jp/080000348.html HTTP/1.1" 200 20836 "https://troop537.org/buy.php?jp/080000479.html" "Mozilla/5.0 AppleWebKit/537.36 (KHTML, like Gecko; compatible; GPTBot/1.4; +https://openai.com/gptbot)"
74.7.227.165 - - [22/May/2026:08:43:41 -0400] "GET /buy.php?jp/080000365.html HTTP/1.1" 200 20579 "https://troop537.org/buy.php?jp/080000479.html" "Mozilla/5.0 AppleWebKit/537.36 (KHTML, like Gecko; compatible; GPTBot/1.4; +https://openai.com/gptbot)"
74.7.227.165 - - [22/May/2026:08:43:45 -0400] "GET /buy.php?044022779.html HTTP/1.1" 200 20858 "https://troop537.org/buy.php?121026208.html" "Mozilla/5.0 AppleWebKit/537.36 (KHTML, like Gecko; compatible; GPTBot/1.4; +https://openai.com/gptbot)"
74.7.227.165 - - [22/May/2026:08:43:46 -0400] "GET /buy.php?light-expert-103k33228 HTTP/1.1" 200 20368 "https://troop537.org/buy.php?goods/171027715" "Mozilla/5.0 AppleWebKit/537.36 (KHTML, like Gecko; compatible; GPTBot/1.4; +https://openai.com/gptbot)"
74.7.227.165 - - [22/May/2026:08:43:46 -0400] "GET /buy.php?027040572.html HTTP/1.1" 200 19507 "https://troop537.org/buy.php?240020699.html" "Mozilla/5.0 AppleWebKit/537.36 (KHTML, like Gecko; compatible; GPTBot/1.4; +https://openai.com/gptbot)"
74.7.227.165 - - [22/May/2026:08:43:47 -0400] "GET /buy.php?058007895.html HTTP/1.1" 200 19656 "https://troop537.org/buy.php?058007847.html" "Mozilla/5.0 AppleWebKit/537.36 (KHTML, like Gecko; compatible; GPTBot/1.4; +https://openai.com/gptbot)"
74.7.227.165 - - [22/May/2026:08:43:48 -0400] "GET /buy.php?249036750.html HTTP/1.1" 200 19685 "https://troop537.org/buy.php?akibaoo-r-hm000593389" "Mozilla/5.0 AppleWebKit/537.36 (KHTML, like Gecko; compatible; GPTBot/1.4; +https://openai.com/gptbot)"
74.7.227.165 - - [22/May/2026:08:43:48 -0400] "GET /buy.php?goods/001012541 HTTP/1.1" 200 20978 "https://troop537.org/buy.php?akibaoo-r-hm000593389" "Mozilla/5.0 AppleWebKit/537.36 (KHTML, like Gecko; compatible; GPTBot/1.4; +https://openai.com/gptbot)"
74.7.227.165 - - [22/May/2026:08:43:49 -0400] "GET /buy.php?058007835.html HTTP/1.1" 200 19427 "https://troop537.org/buy.php?058007897.html" "Mozilla/5.0 AppleWebKit/537.36 (KHTML, like Gecko; compatible; GPTBot/1.4; +https://openai.com/gptbot)"
74.7.227.165 - - [22/May/2026:08:43:50 -0400] "GET /buy.php?152006973.html HTTP/1.1" 200 20660 "https://troop537.org/buy.php?rcmdva-an-4521718014401" "Mozilla/5.0 AppleWebKit/537.36 (KHTML, like Gecko; compatible; GPTBot/1.4; +https://openai.com/gptbot)"
74.7.227.165 - - [22/May/2026:08:43:50 -0400] "GET /buy.php?058007837.html HTTP/1.1" 200 19766 "https://troop537.org/buy.php?058007897.html" "Mozilla/5.0 AppleWebKit/537.36 (KHTML, like Gecko; compatible; GPTBot/1.4; +https://openai.com/gptbot)"
74.7.227.165 - - [22/May/2026:08:43:51 -0400] "GET /buy.php?jp/080000417.html HTTP/1.1" 200 20930 "https://troop537.org/buy.php?jp/080000348.html" "Mozilla/5.0 AppleWebKit/537.36 (KHTML, like Gecko; compatible; GPTBot/1.4; +https://openai.com/gptbot)"
74.7.227.165 - - [22/May/2026:08:43:52 -0400] "GET /buy.php?jp/080000433.html HTTP/1.1" 200 20675 "https://troop537.org/buy.php?jp/080000348.html" "Mozilla/5.0 AppleWebKit/537.36 (KHTML, like Gecko; compatible; GPTBot/1.4; +https://openai.com/gptbot)"
74.7.227.165 - - [22/May/2026:08:43:55 -0400] "GET /buy.php?detail/0800004238786 HTTP/1.1" 200 20783 "https://troop537.org/buy.php?jp/080000348.html" "Mozilla/5.0 AppleWebKit/537.36 (KHTML, like Gecko; compatible; GPTBot/1.4; +https://openai.com/gptbot)"
74.7.227.165 - - [22/May/2026:08:43:59 -0400] "GET /buy.php?goods/044049108 HTTP/1.1" 200 19133 "https://troop537.org/buy.php?jp/080000365.html" "Mozilla/5.0 AppleWebKit/537.36 (KHTML, like Gecko; compatible; GPTBot/1.4; +https://openai.com/gptbot)"
74.7.227.165 - - [22/May/2026:08:43:59 -0400] "GET /buy.php?215037918.html HTTP/1.1" 200 20847 "https://troop537.org/buy.php?027040572.html" "Mozilla/5.0 AppleWebKit/537.36 (KHTML, like Gecko; compatible; GPTBot/1.4; +https://openai.com/gptbot)"
66.249.79.1 - - [22/May/2026:08:44:03 -0400] "GET /shop/pg/44upset/10850 HTTP/1.1" 200 18050 "-" "Mozilla/5.0 (Linux; Android 6.0.1; Nexus 5X Build/MMB29P) AppleWebKit/537.36 (KHTML, like Gecko) Chrome/148.0.7778.96 Mobile Safari/537.36 (compatible; GoogleOther)"
74.7.227.165 - - [22/May/2026:08:44:00 -0400] "GET /buy.php?171015318.html HTTP/1.1" 200 19 "https://troop537.org/buy.php?027040572.html" "Mozilla/5.0 AppleWebKit/537.36 (KHTML, like Gecko; compatible; GPTBot/1.4; +https://openai.com/gptbot)"
74.7.227.165 - - [22/May/2026:08:44:20 -0400] "GET /buy.php?153012874.html HTTP/1.1" 200 22048 "https://troop537.org/buy.php?249036750.html" "Mozilla/5.0 AppleWebKit/537.36 (KHTML, like Gecko; compatible; GPTBot/1.4; +https://openai.com/gptbot)"
74.7.227.165 - - [22/May/2026:08:44:27 -0400] "GET /buy.php?auto-craft-rse-1123 HTTP/1.1" 200 20275 "https://troop537.org/buy.php?249036750.html" "Mozilla/5.0 AppleWebKit/537.36 (KHTML, like Gecko; compatible; GPTBot/1.4; +https://openai.com/gptbot)"
74.7.227.165 - - [22/May/2026:08:44:28 -0400] "GET /buy.php?086045685.html HTTP/1.1" 200 20914 "https://troop537.org/buy.php?akibaoo-r-hm000593389" "Mozilla/5.0 AppleWebKit/537.36 (KHTML, like Gecko; compatible; GPTBot/1.4; +https://openai.com/gptbot)"
74.7.227.165 - - [22/May/2026:08:44:30 -0400] "GET /buy.php?058007901.html HTTP/1.1" 200 19523 "https://troop537.org/buy.php?058007847.html" "Mozilla/5.0 AppleWebKit/537.36 (KHTML, like Gecko; compatible; GPTBot/1.4; +https://openai.com/gptbot)"
74.7.227.165 - - [22/May/2026:08:44:33 -0400] "GET /buy.php?058007665.html HTTP/1.1" 200 20247 "https://troop537.org/buy.php?058007895.html" "Mozilla/5.0 AppleWebKit/537.36 (KHTML, like Gecko; compatible; GPTBot/1.4; +https://openai.com/gptbot)"
74.7.227.165 - - [22/May/2026:08:44:33 -0400] "GET /buy.php?jp/080000345.html HTTP/1.1" 200 20761 "https://troop537.org/buy.php?jp/080000417.html" "Mozilla/5.0 AppleWebKit/537.36 (KHTML, like Gecko; compatible; GPTBot/1.4; +https://openai.com/gptbot)"
66.249.79.8 - - [22/May/2026:08:44:34 -0400] "GET /shop/pg/118possess/3248 HTTP/1.1" 200 17272 "-" "Mozilla/5.0 (Linux; Android 6.0.1; Nexus 5X Build/MMB29P) AppleWebKit/537.36 (KHTML, like Gecko) Chrome/148.0.7778.96 Mobile Safari/537.36 (compatible; GoogleOther)"
74.7.227.165 - - [22/May/2026:08:44:34 -0400] "GET /buy.php?jp/080000114.html HTTP/1.1" 200 21624 "https://troop537.org/buy.php?jp/080000433.html" "Mozilla/5.0 AppleWebKit/537.36 (KHTML, like Gecko; compatible; GPTBot/1.4; +https://openai.com/gptbot)"
74.7.227.165 - - [22/May/2026:08:44:35 -0400] "GET /buy.php?jp/080000423.html HTTP/1.1" 200 20720 "https://troop537.org/buy.php?detail/0800004238786" "Mozilla/5.0 AppleWebKit/537.36 (KHTML, like Gecko; compatible; GPTBot/1.4; +https://openai.com/gptbot)"
74.7.227.165 - - [22/May/2026:08:44:39 -0400] "GET /buy.php?jp/080000351.html HTTP/1.1" 200 20916 "https://troop537.org/buy.php?jp/080000417.html" "Mozilla/5.0 AppleWebKit/537.36 (KHTML, like Gecko; compatible; GPTBot/1.4; +https://openai.com/gptbot)"
74.7.227.165 - - [22/May/2026:08:44:40 -0400] "GET /buy.php?033043886.html HTTP/1.1" 200 19462 "https://troop537.org/buy.php?category/23_3899/1/listing" "Mozilla/5.0 AppleWebKit/537.36 (KHTML, like Gecko; compatible; GPTBot/1.4; +https://openai.com/gptbot)"
74.7.227.165 - - [22/May/2026:08:44:40 -0400] "GET /buy.php?171027724.html HTTP/1.1" 200 20181 "https://troop537.org/buy.php?171043658.html" "Mozilla/5.0 AppleWebKit/537.36 (KHTML, like Gecko; compatible; GPTBot/1.4; +https://openai.com/gptbot)"
74.7.227.165 - - [22/May/2026:08:44:44 -0400] "GET /buy.php?arianakosume-4571332931080-1 HTTP/1.1" 200 20110 "https://troop537.org/buy.php?153012874.html" "Mozilla/5.0 AppleWebKit/537.36 (KHTML, like Gecko; compatible; GPTBot/1.4; +https://openai.com/gptbot)"
74.7.227.165 - - [22/May/2026:08:44:45 -0400] "GET /buy.php?279013516.html HTTP/1.1" 200 19676 "https://troop537.org/buy.php?auto-craft-rse-1123" "Mozilla/5.0 AppleWebKit/537.36 (KHTML, like Gecko; compatible; GPTBot/1.4; +https://openai.com/gptbot)"
74.7.227.165 - - [22/May/2026:08:44:45 -0400] "GET /buy.php?153013340.html HTTP/1.1" 200 21265 "https://troop537.org/buy.php?153012874.html" "Mozilla/5.0 AppleWebKit/537.36 (KHTML, like Gecko; compatible; GPTBot/1.4; +https://openai.com/gptbot)"
74.7.227.165 - - [22/May/2026:08:44:46 -0400] "GET /buy.php?181007680.html HTTP/1.1" 200 21063 "https://troop537.org/buy.php?153012874.html" "Mozilla/5.0 AppleWebKit/537.36 (KHTML, like Gecko; compatible; GPTBot/1.4; +https://openai.com/gptbot)"
74.7.227.165 - - [22/May/2026:08:44:47 -0400] "GET /buy.php?121031930.html HTTP/1.1" 200 21219 "https://troop537.org/buy.php?027040572.html" "Mozilla/5.0 AppleWebKit/537.36 (KHTML, like Gecko; compatible; GPTBot/1.4; +https://openai.com/gptbot)"
74.7.227.165 - - [22/May/2026:08:44:47 -0400] "GET /buy.php?goods/277002552 HTTP/1.1" 200 19814 "https://troop537.org/buy.php?jp/080000345.html" "Mozilla/5.0 AppleWebKit/537.36 (KHTML, like Gecko; compatible; GPTBot/1.4; +https://openai.com/gptbot)"
74.7.227.165 - - [22/May/2026:08:44:48 -0400] "GET /buy.php?detail/0800003812876 HTTP/1.1" 200 20600 "https://troop537.org/buy.php?jp/080000114.html" "Mozilla/5.0 AppleWebKit/537.36 (KHTML, like Gecko; compatible; GPTBot/1.4; +https://openai.com/gptbot)"
74.7.227.165 - - [22/May/2026:08:44:49 -0400] "GET /buy.php?webike-rb-24275777 HTTP/1.1" 200 20748 "https://troop537.org/buy.php?058007665.html" "Mozilla/5.0 AppleWebKit/537.36 (KHTML, like Gecko; compatible; GPTBot/1.4; +https://openai.com/gptbot)"
74.7.227.165 - - [22/May/2026:08:44:50 -0400] "GET /buy.php?jp/080000268.html HTTP/1.1" 200 20692 "https://troop537.org/buy.php?jp/080000351.html" "Mozilla/5.0 AppleWebKit/537.36 (KHTML, like Gecko; compatible; GPTBot/1.4; +https://openai.com/gptbot)"
74.7.227.165 - - [22/May/2026:08:44:50 -0400] "GET /buy.php?1bankanwebshop-zzds-2120932 HTTP/1.1" 200 20416 "https://troop537.org/buy.php?033043886.html" "Mozilla/5.0 AppleWebKit/537.36 (KHTML, like Gecko; compatible; GPTBot/1.4; +https://openai.com/gptbot)"
74.7.227.165 - - [22/May/2026:08:44:51 -0400] "GET /buy.php?light-expert-103k33226 HTTP/1.1" 200 19648 "https://troop537.org/buy.php?171027724.html" "Mozilla/5.0 AppleWebKit/537.36 (KHTML, like Gecko; compatible; GPTBot/1.4; +https://openai.com/gptbot)"
74.7.227.165 - - [22/May/2026:08:44:55 -0400] "GET /buy.php?141003154.html HTTP/1.1" 200 20395 "https://troop537.org/buy.php?171027724.html" "Mozilla/5.0 AppleWebKit/537.36 (KHTML, like Gecko; compatible; GPTBot/1.4; +https://openai.com/gptbot)"
74.7.227.165 - - [22/May/2026:08:44:55 -0400] "GET /buy.php?141021246.html HTTP/1.1" 200 20636 "https://troop537.org/buy.php?arianakosume-4571332931080-1" "Mozilla/5.0 AppleWebKit/537.36 (KHTML, like Gecko; compatible; GPTBot/1.4; +https://openai.com/gptbot)"
74.7.227.165 - - [22/May/2026:08:44:56 -0400] "GET /buy.php?248001365.html HTTP/1.1" 200 20015 "https://troop537.org/buy.php?153013340.html" "Mozilla/5.0 AppleWebKit/537.36 (KHTML, like Gecko; compatible; GPTBot/1.4; +https://openai.com/gptbot)"
74.7.227.165 - - [22/May/2026:08:45:01 -0400] "GET /buy.php?153012974.html HTTP/1.1" 200 21583 "https://troop537.org/buy.php?153013340.html" "Mozilla/5.0 AppleWebKit/537.36 (KHTML, like Gecko; compatible; GPTBot/1.4; +https://openai.com/gptbot)"
74.7.227.165 - - [22/May/2026:08:45:01 -0400] "GET /buy.php?153012984.html HTTP/1.1" 200 22031 "https://troop537.org/buy.php?153013340.html" "Mozilla/5.0 AppleWebKit/537.36 (KHTML, like Gecko; compatible; GPTBot/1.4; +https://openai.com/gptbot)"
74.7.227.165 - - [22/May/2026:08:45:02 -0400] "GET /buy.php?detail/070002182962 HTTP/1.1" 200 19894 "https://troop537.org/buy.php?goods/277002552" "Mozilla/5.0 AppleWebKit/537.36 (KHTML, like Gecko; compatible; GPTBot/1.4; +https://openai.com/gptbot)"
74.7.227.165 - - [22/May/2026:08:45:03 -0400] "GET /buy.php?detail/08000012101280 HTTP/1.1" 200 21741 "https://troop537.org/buy.php?detail/0800003812876" "Mozilla/5.0 AppleWebKit/537.36 (KHTML, like Gecko; compatible; GPTBot/1.4; +https://openai.com/gptbot)"
74.7.227.165 - - [22/May/2026:08:45:04 -0400] "GET /buy.php?049002142.html HTTP/1.1" 200 20955 "https://troop537.org/buy.php?webike-rb-24275777" "Mozilla/5.0 AppleWebKit/537.36 (KHTML, like Gecko; compatible; GPTBot/1.4; +https://openai.com/gptbot)"
74.7.227.165 - - [22/May/2026:08:45:05 -0400] "GET /buy.php?auc-syoku-10009419 HTTP/1.1" 200 20093 "https://troop537.org/buy.php?044022779.html" "Mozilla/5.0 AppleWebKit/537.36 (KHTML, like Gecko; compatible; GPTBot/1.4; +https://openai.com/gptbot)"
74.7.227.165 - - [22/May/2026:08:45:05 -0400] "GET /buy.php?295002524.html HTTP/1.1" 200 19817 "https://troop537.org/buy.php?1bankanwebshop-zzds-2120932" "Mozilla/5.0 AppleWebKit/537.36 (KHTML, like Gecko; compatible; GPTBot/1.4; +https://openai.com/gptbot)"
68.65.122.55 - - [22/May/2026:08:45:08 -0400] "POST /wp-cron.php?doing_wp_cron=1779453908.0150980949401855468750 HTTP/1.1" 403 1242 "-" "WordPress/6.9.4; https://troop537.org"
193.19.109.77 - - [22/May/2026:08:45:07 -0400] "POST /wp-login.php HTTP/1.1" 200 2166 "-" "Mozilla/5.0 (Macintosh; Intel Mac OS X 10_15_7) AppleWebKit/605.1.15 Version/17.0 Safari/605.1.15"
66.249.79.8 - - [22/May/2026:08:45:08 -0400] "GET /shop/pg/263pool/22681 HTTP/1.1" 200 17096 "-" "Mozilla/5.0 (Linux; Android 6.0.1; Nexus 5X Build/MMB29P) AppleWebKit/537.36 (KHTML, like Gecko) Chrome/148.0.7778.96 Mobile Safari/537.36 (compatible; GoogleOther)"
66.249.79.1 - - [22/May/2026:08:45:18 -0400] "GET /product/177034498 HTTP/1.1" 200 17019 "-" "Mozilla/5.0 (Linux; Android 6.0.1; Nexus 5X Build/MMB29P) AppleWebKit/537.36 (KHTML, like Gecko) Chrome/148.0.7778.96 Mobile Safari/537.36 (compatible; GoogleOther)"
74.7.227.165 - - [22/May/2026:08:45:07 -0400] "GET /buy.php?110034045.html HTTP/1.1" 200 19 "https://troop537.org/buy.php?light-expert-103k33226" "Mozilla/5.0 AppleWebKit/537.36 (KHTML, like Gecko; compatible; GPTBot/1.4; +https://openai.com/gptbot)"
74.7.227.165 - - [22/May/2026:08:45:27 -0400] "GET /buy.php?205043916.html HTTP/1.1" 200 21120 "https://troop537.org/buy.php?141003154.html" "Mozilla/5.0 AppleWebKit/537.36 (KHTML, like Gecko; compatible; GPTBot/1.4; +https://openai.com/gptbot)"
74.7.227.165 - - [22/May/2026:08:45:28 -0400] "GET /buy.php?088028725.html HTTP/1.1" 200 19662 "https://troop537.org/buy.php?141021246.html" "Mozilla/5.0 AppleWebKit/537.36 (KHTML, like Gecko; compatible; GPTBot/1.4; +https://openai.com/gptbot)"
74.7.227.165 - - [22/May/2026:08:45:33 -0400] "GET /buy.php?141021274.html HTTP/1.1" 200 20428 "https://troop537.org/buy.php?141021246.html" "Mozilla/5.0 AppleWebKit/537.36 (KHTML, like Gecko; compatible; GPTBot/1.4; +https://openai.com/gptbot)"
74.7.227.165 - - [22/May/2026:08:45:33 -0400] "GET /buy.php?141021280.html HTTP/1.1" 200 19901 "https://troop537.org/buy.php?141021246.html" "Mozilla/5.0 AppleWebKit/537.36 (KHTML, like Gecko; compatible; GPTBot/1.4; +https://openai.com/gptbot)"
74.7.227.165 - - [22/May/2026:08:45:34 -0400] "GET /buy.php?goods/269034781 HTTP/1.1" 200 19796 "https://troop537.org/buy.php?jp/080000345.html" "Mozilla/5.0 AppleWebKit/537.36 (KHTML, like Gecko; compatible; GPTBot/1.4; +https://openai.com/gptbot)"
74.7.227.165 - - [22/May/2026:08:45:35 -0400] "GET /buy.php?060000407.html HTTP/1.1" 200 20282 "https://troop537.org/buy.php?category/23_3899/1/listing" "Mozilla/5.0 AppleWebKit/537.36 (KHTML, like Gecko; compatible; GPTBot/1.4; +https://openai.com/gptbot)"
74.7.227.165 - - [22/May/2026:08:45:35 -0400] "GET /buy.php?090001001.html HTTP/1.1" 200 19347 "https://troop537.org/buy.php?090000915.html" "Mozilla/5.0 AppleWebKit/537.36 (KHTML, like Gecko; compatible; GPTBot/1.4; +https://openai.com/gptbot)"
74.7.227.165 - - [22/May/2026:08:45:36 -0400] "GET /buy.php?147012938.html HTTP/1.1" 200 20425 "https://troop537.org/buy.php?049002142.html" "Mozilla/5.0 AppleWebKit/537.36 (KHTML, like Gecko; compatible; GPTBot/1.4; +https://openai.com/gptbot)"
74.7.227.165 - - [22/May/2026:08:45:41 -0400] "GET /buy.php?137001990.html HTTP/1.1" 200 22921 "https://troop537.org/buy.php?auc-syoku-10009419" "Mozilla/5.0 AppleWebKit/537.36 (KHTML, like Gecko; compatible; GPTBot/1.4; +https://openai.com/gptbot)"
74.7.227.165 - - [22/May/2026:08:45:44 -0400] "GET /buy.php?tuzukiya-t149-0394 HTTP/1.1" 200 19901 "https://troop537.org/buy.php?295002524.html" "Mozilla/5.0 AppleWebKit/537.36 (KHTML, like Gecko; compatible; GPTBot/1.4; +https://openai.com/gptbot)"
74.7.227.165 - - [22/May/2026:08:45:44 -0400] "GET /buy.php?049003634.html HTTP/1.1" 200 20863 "https://troop537.org/buy.php?049002142.html" "Mozilla/5.0 AppleWebKit/537.36 (KHTML, like Gecko; compatible; GPTBot/1.4; +https://openai.com/gptbot)"
74.7.227.165 - - [22/May/2026:08:45:45 -0400] "GET /buy.php?100008013.html HTTP/1.1" 200 23037 "https://troop537.org/buy.php?224046277.html" "Mozilla/5.0 AppleWebKit/537.36 (KHTML, like Gecko; compatible; GPTBot/1.4; +https://openai.com/gptbot)"
74.7.227.165 - - [22/May/2026:08:45:46 -0400] "GET /buy.php?026000061.html HTTP/1.1" 200 21708 "https://troop537.org/buy.php?rcmdse-tm-2343895" "Mozilla/5.0 AppleWebKit/537.36 (KHTML, like Gecko; compatible; GPTBot/1.4; +https://openai.com/gptbot)"
74.7.227.165 - - [22/May/2026:08:45:46 -0400] "GET /buy.php?141018240.html HTTP/1.1" 200 20040 "https://troop537.org/buy.php?141021274.html" "Mozilla/5.0 AppleWebKit/537.36 (KHTML, like Gecko; compatible; GPTBot/1.4; +https://openai.com/gptbot)"
74.7.227.165 - - [22/May/2026:08:45:47 -0400] "GET /buy.php?010010555.html HTTP/1.1" 200 20669 "https://troop537.org/buy.php?190029881.html" "Mozilla/5.0 AppleWebKit/537.36 (KHTML, like Gecko; compatible; GPTBot/1.4; +https://openai.com/gptbot)"
74.7.227.165 - - [22/May/2026:08:45:48 -0400] "GET /buy.php?detail/0150377481356 HTTP/1.1" 200 20271 "https://troop537.org/buy.php?goods/269034781" "Mozilla/5.0 AppleWebKit/537.36 (KHTML, like Gecko; compatible; GPTBot/1.4; +https://openai.com/gptbot)"
74.7.227.165 - - [22/May/2026:08:45:48 -0400] "GET /buy.php?detail/2460415087401 HTTP/1.1" 200 19594 "https://troop537.org/buy.php?goods/269034781" "Mozilla/5.0 AppleWebKit/537.36 (KHTML, like Gecko; compatible; GPTBot/1.4; +https://openai.com/gptbot)"
74.7.227.165 - - [22/May/2026:08:45:49 -0400] "GET /buy.php?233033302.html HTTP/1.1" 200 19226 "https://troop537.org/buy.php?category/445_3095/1/listing" "Mozilla/5.0 AppleWebKit/537.36 (KHTML, like Gecko; compatible; GPTBot/1.4; +https://openai.com/gptbot)"
74.7.227.165 - - [22/May/2026:08:45:49 -0400] "GET /buy.php?008000011.html HTTP/1.1" 200 19480 "https://troop537.org/buy.php?008000491.html" "Mozilla/5.0 AppleWebKit/537.36 (KHTML, like Gecko; compatible; GPTBot/1.4; +https://openai.com/gptbot)"
66.249.79.8 - - [22/May/2026:08:45:51 -0400] "GET /shop/pg/229traveler/11073 HTTP/1.1" 200 17145 "-" "Mozilla/5.0 (Linux; Android 6.0.1; Nexus 5X Build/MMB29P) AppleWebKit/537.36 (KHTML, like Gecko) Chrome/148.0.7778.96 Mobile Safari/537.36 (compatible; GoogleOther)"
74.7.227.165 - - [22/May/2026:08:45:51 -0400] "GET /buy.php?030000543.html HTTP/1.1" 200 21213 "https://troop537.org/buy.php?030000111.html" "Mozilla/5.0 AppleWebKit/537.36 (KHTML, like Gecko; compatible; GPTBot/1.4; +https://openai.com/gptbot)"
74.7.227.165 - - [22/May/2026:08:45:52 -0400] "GET /buy.php?014000011.html HTTP/1.1" 200 20037 "https://troop537.org/buy.php?tuzukiya-t149-0394" "Mozilla/5.0 AppleWebKit/537.36 (KHTML, like Gecko; compatible; GPTBot/1.4; +https://openai.com/gptbot)"
74.7.227.165 - - [22/May/2026:08:45:52 -0400] "GET /buy.php?075004994.html HTTP/1.1" 200 20949 "https://troop537.org/buy.php?049003634.html" "Mozilla/5.0 AppleWebKit/537.36 (KHTML, like Gecko; compatible; GPTBot/1.4; +https://openai.com/gptbot)"
74.7.227.165 - - [22/May/2026:08:45:53 -0400] "GET /buy.php?017025079 HTTP/1.1" 200 19751 "https://troop537.org/buy.php?049003634.html" "Mozilla/5.0 AppleWebKit/537.36 (KHTML, like Gecko; compatible; GPTBot/1.4; +https://openai.com/gptbot)"
74.7.227.165 - - [22/May/2026:08:45:55 -0400] "GET /buy.php?229040394.html HTTP/1.1" 200 21559 "https://troop537.org/buy.php?026000061.html" "Mozilla/5.0 AppleWebKit/537.36 (KHTML, like Gecko; compatible; GPTBot/1.4; +https://openai.com/gptbot)"
74.7.227.165 - - [22/May/2026:08:45:55 -0400] "GET /buy.php?008000025.html HTTP/1.1" 200 20200 "https://troop537.org/buy.php?008000451.html" "Mozilla/5.0 AppleWebKit/537.36 (KHTML, like Gecko; compatible; GPTBot/1.4; +https://openai.com/gptbot)"
74.7.227.165 - - [22/May/2026:08:45:56 -0400] "GET /buy.php?099000054.html HTTP/1.1" 200 20192 "https://troop537.org/buy.php?alphaespace-usa-4001148" "Mozilla/5.0 AppleWebKit/537.36 (KHTML, like Gecko; compatible; GPTBot/1.4; +https://openai.com/gptbot)"
74.7.227.165 - - [22/May/2026:08:45:57 -0400] "GET /buy.php?029000900.html HTTP/1.1" 200 19980 "https://troop537.org/buy.php?orangetool-6709184" "Mozilla/5.0 AppleWebKit/537.36 (KHTML, like Gecko; compatible; GPTBot/1.4; +https://openai.com/gptbot)"
74.7.227.165 - - [22/May/2026:08:45:57 -0400] "GET /buy.php?egaos-ckei9071 HTTP/1.1" 200 19643 "https://troop537.org/buy.php?detail/2460415087401" "Mozilla/5.0 AppleWebKit/537.36 (KHTML, like Gecko; compatible; GPTBot/1.4; +https://openai.com/gptbot)"
74.7.227.165 - - [22/May/2026:08:46:09 -0400] "GET /buy.php?detail/2230418696665 HTTP/1.1" 200 21087 "https://troop537.org/buy.php?detail/2460415087401" "Mozilla/5.0 AppleWebKit/537.36 (KHTML, like Gecko; compatible; GPTBot/1.4; +https://openai.com/gptbot)"
74.7.227.165 - - [22/May/2026:08:46:10 -0400] "GET /buy.php?020002069.html HTTP/1.1" 200 21253 "https://troop537.org/buy.php?douguyasan-p10-nchd-npwl-ek33-w" "Mozilla/5.0 AppleWebKit/537.36 (KHTML, like Gecko; compatible; GPTBot/1.4; +https://openai.com/gptbot)"
74.7.227.165 - - [22/May/2026:08:46:11 -0400] "GET /buy.php?006000027.html HTTP/1.1" 200 21008 "https://troop537.org/buy.php?motomoto-fe-pf-tab-2701609-xd03349-ne" "Mozilla/5.0 AppleWebKit/537.36 (KHTML, like Gecko; compatible; GPTBot/1.4; +https://openai.com/gptbot)"
74.7.227.165 - - [22/May/2026:08:46:18 -0400] "GET /buy.php?220018855.html HTTP/1.1" 200 23286 "https://troop537.org/buy.php?014000011.html" "Mozilla/5.0 AppleWebKit/537.36 (KHTML, like Gecko; compatible; GPTBot/1.4; +https://openai.com/gptbot)"
74.7.227.165 - - [22/May/2026:08:46:19 -0400] "GET /buy.php?191012792.html HTTP/1.1" 200 20633 "https://troop537.org/buy.php?014000011.html" "Mozilla/5.0 AppleWebKit/537.36 (KHTML, like Gecko; compatible; GPTBot/1.4; +https://openai.com/gptbot)"
74.7.227.165 - - [22/May/2026:08:46:20 -0400] "GET /buy.php?robai13-p094732eb5c HTTP/1.1" 200 19663 "https://troop537.org/buy.php?017025079" "Mozilla/5.0 AppleWebKit/537.36 (KHTML, like Gecko; compatible; GPTBot/1.4; +https://openai.com/gptbot)"
74.7.227.165 - - [22/May/2026:08:46:20 -0400] "GET /buy.php?budouya-fow0006 HTTP/1.1" 200 19553 "https://troop537.org/buy.php?229040394.html" "Mozilla/5.0 AppleWebKit/537.36 (KHTML, like Gecko; compatible; GPTBot/1.4; +https://openai.com/gptbot)"
74.7.227.165 - - [22/May/2026:08:46:21 -0400] "GET /buy.php?046000033.html HTTP/1.1" 200 20555 "https://troop537.org/buy.php?f462225-amami-a017-015" "Mozilla/5.0 AppleWebKit/537.36 (KHTML, like Gecko; compatible; GPTBot/1.4; +https://openai.com/gptbot)"
74.7.227.165 - - [22/May/2026:08:46:22 -0400] "GET /buy.php?062000061.html HTTP/1.1" 200 19747 "https://troop537.org/buy.php?juki-rack-ek200_t-090945-4" "Mozilla/5.0 AppleWebKit/537.36 (KHTML, like Gecko; compatible; GPTBot/1.4; +https://openai.com/gptbot)"
74.7.227.165 - - [22/May/2026:08:46:22 -0400] "GET /buy.php?goods/029001390 HTTP/1.1" 200 20391 "https://troop537.org/buy.php?029000900.html" "Mozilla/5.0 AppleWebKit/537.36 (KHTML, like Gecko; compatible; GPTBot/1.4; +https://openai.com/gptbot)"
74.7.227.165 - - [22/May/2026:08:46:24 -0400] "GET /buy.php?110043193.html HTTP/1.1" 200 19548 "https://troop537.org/buy.php?029000900.html" "Mozilla/5.0 AppleWebKit/537.36 (KHTML, like Gecko; compatible; GPTBot/1.4; +https://openai.com/gptbot)"
74.7.227.165 - - [22/May/2026:08:46:27 -0400] "GET /buy.php?007000024.html HTTP/1.1" 200 20178 "https://troop537.org/buy.php?category/541_876_1411/1/listing" "Mozilla/5.0 AppleWebKit/537.36 (KHTML, like Gecko; compatible; GPTBot/1.4; +https://openai.com/gptbot)"
74.7.227.165 - - [22/May/2026:08:46:28 -0400] "GET /buy.php?029000066.html HTTP/1.1" 200 20640 "https://troop537.org/buy.php?category/60_1675/1/listing" "Mozilla/5.0 AppleWebKit/537.36 (KHTML, like Gecko; compatible; GPTBot/1.4; +https://openai.com/gptbot)"
66.249.79.1 - - [22/May/2026:08:46:32 -0400] "GET /shop/pg/34Jewish/10236 HTTP/1.1" 200 16802 "-" "Mozilla/5.0 (Linux; Android 6.0.1; Nexus 5X Build/MMB29P) AppleWebKit/537.36 (KHTML, like Gecko) Chrome/148.0.7778.96 Mobile Safari/537.36 (compatible; GoogleOther)"
74.7.227.165 - - [22/May/2026:08:46:30 -0400] "GET /buy.php?030000555.html HTTP/1.1" 200 19 "https://troop537.org/buy.php?astershop-7djl2bzvdtuzo43vsa4xr7jg7e" "Mozilla/5.0 AppleWebKit/537.36 (KHTML, like Gecko; compatible; GPTBot/1.4; +https://openai.com/gptbot)"
74.7.227.165 - - [22/May/2026:08:46:33 -0400] "GET /buy.php?114010465.html HTTP/1.1" 200 20301 "https://troop537.org/buy.php?220018855.html" "Mozilla/5.0 AppleWebKit/537.36 (KHTML, like Gecko; compatible; GPTBot/1.4; +https://openai.com/gptbot)"
74.7.227.165 - - [22/May/2026:08:46:34 -0400] "GET /buy.php?vivito-shop-item-021438-669 HTTP/1.1" 200 20038 "https://troop537.org/buy.php?191012792.html" "Mozilla/5.0 AppleWebKit/537.36 (KHTML, like Gecko; compatible; GPTBot/1.4; +https://openai.com/gptbot)"
74.7.227.165 - - [22/May/2026:08:46:37 -0400] "GET /buy.php?273019368.html HTTP/1.1" 200 19770 "https://troop537.org/buy.php?robai13-p094732eb5c" "Mozilla/5.0 AppleWebKit/537.36 (KHTML, like Gecko; compatible; GPTBot/1.4; +https://openai.com/gptbot)"
74.7.227.165 - - [22/May/2026:08:46:39 -0400] "GET /buy.php?tanoshiss-ktc227xltg6queaik54kq5ugnu HTTP/1.1" 200 20439 "https://troop537.org/buy.php?budouya-fow0006" "Mozilla/5.0 AppleWebKit/537.36 (KHTML, like Gecko; compatible; GPTBot/1.4; +https://openai.com/gptbot)"
74.7.227.165 - - [22/May/2026:08:46:40 -0400] "GET /buy.php?072040601.html HTTP/1.1" 200 19892 "https://troop537.org/buy.php?budouya-fow0006" "Mozilla/5.0 AppleWebKit/537.36 (KHTML, like Gecko; compatible; GPTBot/1.4; +https://openai.com/gptbot)"
74.7.227.165 - - [22/May/2026:08:46:41 -0400] "GET /buy.php?jp/062000061.html HTTP/1.1" 200 19563 "https://troop537.org/buy.php?062000061.html" "Mozilla/5.0 AppleWebKit/537.36 (KHTML, like Gecko; compatible; GPTBot/1.4; +https://openai.com/gptbot)"
74.7.227.165 - - [22/May/2026:08:46:43 -0400] "GET /buy.php?226007909.html HTTP/1.1" 200 21117 "https://troop537.org/buy.php?robai13-p094732eb5c" "Mozilla/5.0 AppleWebKit/537.36 (KHTML, like Gecko; compatible; GPTBot/1.4; +https://openai.com/gptbot)"
74.7.227.165 - - [22/May/2026:08:46:44 -0400] "GET /buy.php?052001451.html HTTP/1.1" 200 19793 "https://troop537.org/buy.php?robai13-p094732eb5c" "Mozilla/5.0 AppleWebKit/537.36 (KHTML, like Gecko; compatible; GPTBot/1.4; +https://openai.com/gptbot)"
74.7.227.165 - - [22/May/2026:08:46:45 -0400] "GET /buy.php?212022365.html HTTP/1.1" 200 21393 "https://troop537.org/buy.php?007000024.html" "Mozilla/5.0 AppleWebKit/537.36 (KHTML, like Gecko; compatible; GPTBot/1.4; +https://openai.com/gptbot)"
74.7.227.165 - - [22/May/2026:08:46:45 -0400] "GET /buy.php?290000905.html HTTP/1.1" 200 20024 "https://troop537.org/buy.php?062000061.html" "Mozilla/5.0 AppleWebKit/537.36 (KHTML, like Gecko; compatible; GPTBot/1.4; +https://openai.com/gptbot)"
74.7.227.165 - - [22/May/2026:08:46:46 -0400] "GET /buy.php?090000879.html HTTP/1.1" 200 19702 "https://troop537.org/buy.php?090000923.html" "Mozilla/5.0 AppleWebKit/537.36 (KHTML, like Gecko; compatible; GPTBot/1.4; +https://openai.com/gptbot)"
74.7.227.165 - - [22/May/2026:08:46:47 -0400] "GET /buy.php?050000857.html HTTP/1.1" 200 20363 "https://troop537.org/buy.php?191009776.html" "Mozilla/5.0 AppleWebKit/537.36 (KHTML, like Gecko; compatible; GPTBot/1.4; +https://openai.com/gptbot)"
74.7.227.165 - - [22/May/2026:08:46:47 -0400] "GET /buy.php?006022617.html HTTP/1.1" 200 20076 "https://troop537.org/buy.php?vivito-shop-item-021438-669" "Mozilla/5.0 AppleWebKit/537.36 (KHTML, like Gecko; compatible; GPTBot/1.4; +https://openai.com/gptbot)"
74.7.227.165 - - [22/May/2026:08:46:48 -0400] "GET /buy.php?007000724.html HTTP/1.1" 200 19994 "https://troop537.org/buy.php?vivito-shop-item-021438-669" "Mozilla/5.0 AppleWebKit/537.36 (KHTML, like Gecko; compatible; GPTBot/1.4; +https://openai.com/gptbot)"
74.7.227.165 - - [22/May/2026:08:46:49 -0400] "GET /buy.php?192028735.html HTTP/1.1" 200 21442 "https://troop537.org/buy.php?tanoshiss-ktc227xltg6queaik54kq5ugnu" "Mozilla/5.0 AppleWebKit/537.36 (KHTML, like Gecko; compatible; GPTBot/1.4; +https://openai.com/gptbot)"
74.7.227.165 - - [22/May/2026:08:46:49 -0400] "GET /buy.php?087039078.html HTTP/1.1" 200 19926 "https://troop537.org/buy.php?tanoshiss-ktc227xltg6queaik54kq5ugnu" "Mozilla/5.0 AppleWebKit/537.36 (KHTML, like Gecko; compatible; GPTBot/1.4; +https://openai.com/gptbot)"
74.7.227.165 - - [22/May/2026:08:46:50 -0400] "GET /buy.php?jp/062000074.html HTTP/1.1" 200 19845 "https://troop537.org/buy.php?jp/062000061.html" "Mozilla/5.0 AppleWebKit/537.36 (KHTML, like Gecko; compatible; GPTBot/1.4; +https://openai.com/gptbot)"
74.7.227.165 - - [22/May/2026:08:46:51 -0400] "GET /buy.php?reason-classic-70017584 HTTP/1.1" 200 21451 "https://troop537.org/buy.php?226007909.html" "Mozilla/5.0 AppleWebKit/537.36 (KHTML, like Gecko; compatible; GPTBot/1.4; +https://openai.com/gptbot)"
74.7.227.165 - - [22/May/2026:08:46:52 -0400] "GET /buy.php?jp/062000087.html HTTP/1.1" 200 19715 "https://troop537.org/buy.php?jp/062000061.html" "Mozilla/5.0 AppleWebKit/537.36 (KHTML, like Gecko; compatible; GPTBot/1.4; +https://openai.com/gptbot)"
74.7.227.165 - - [22/May/2026:08:46:52 -0400] "GET /buy.php?119018038.html HTTP/1.1" 200 20267 "https://troop537.org/buy.php?052001451.html" "Mozilla/5.0 AppleWebKit/537.36 (KHTML, like Gecko; compatible; GPTBot/1.4; +https://openai.com/gptbot)"
74.7.227.165 - - [22/May/2026:08:46:53 -0400] "GET /buy.php?haikanshop-un-185491 HTTP/1.1" 200 19424 "https://troop537.org/buy.php?290000905.html" "Mozilla/5.0 AppleWebKit/537.36 (KHTML, like Gecko; compatible; GPTBot/1.4; +https://openai.com/gptbot)"
74.7.227.165 - - [22/May/2026:08:46:56 -0400] "GET /buy.php?goods/045044029 HTTP/1.1" 200 21929 "https://troop537.org/buy.php?090000879.html" "Mozilla/5.0 AppleWebKit/537.36 (KHTML, like Gecko; compatible; GPTBot/1.4; +https://openai.com/gptbot)"
74.7.227.165 - - [22/May/2026:08:47:00 -0400] "GET /buy.php?033007855 HTTP/1.1" 200 20164 "https://troop537.org/buy.php?050000857.html" "Mozilla/5.0 AppleWebKit/537.36 (KHTML, like Gecko; compatible; GPTBot/1.4; +https://openai.com/gptbot)"
74.7.227.165 - - [22/May/2026:08:47:00 -0400] "GET /buy.php?090000969.html HTTP/1.1" 200 19429 "https://troop537.org/buy.php?090000879.html" "Mozilla/5.0 AppleWebKit/537.36 (KHTML, like Gecko; compatible; GPTBot/1.4; +https://openai.com/gptbot)"
66.249.79.1 - - [22/May/2026:08:47:08 -0400] "GET /shop/pg/131role/37863 HTTP/1.1" 200 17465 "-" "Mozilla/5.0 (Linux; Android 6.0.1; Nexus 5X Build/MMB29P) AppleWebKit/537.36 (KHTML, like Gecko) Chrome/148.0.7778.96 Mobile Safari/537.36 (compatible; GoogleOther)"
74.7.227.165 - - [22/May/2026:08:47:01 -0400] "GET /buy.php?040000243.html HTTP/1.1" 200 20425 "https://troop537.org/buy.php?040000969.html" "Mozilla/5.0 AppleWebKit/537.36 (KHTML, like Gecko; compatible; GPTBot/1.4; +https://openai.com/gptbot)"
74.7.227.165 - - [22/May/2026:08:47:09 -0400] "GET /buy.php?054029631.html HTTP/1.1" 200 19889 "https://troop537.org/buy.php?192028735.html" "Mozilla/5.0 AppleWebKit/537.36 (KHTML, like Gecko; compatible; GPTBot/1.4; +https://openai.com/gptbot)"
74.7.227.165 - - [22/May/2026:08:47:11 -0400] "GET /buy.php?268015907.html HTTP/1.1" 200 19488 "https://troop537.org/buy.php?087039078.html" "Mozilla/5.0 AppleWebKit/537.36 (KHTML, like Gecko; compatible; GPTBot/1.4; +https://openai.com/gptbot)"
74.7.227.165 - - [22/May/2026:08:47:11 -0400] "GET /buy.php?jp/062000038.html HTTP/1.1" 200 19862 "https://troop537.org/buy.php?jp/062000074.html" "Mozilla/5.0 AppleWebKit/537.36 (KHTML, like Gecko; compatible; GPTBot/1.4; +https://openai.com/gptbot)"
74.7.227.165 - - [22/May/2026:08:47:14 -0400] "GET /buy.php?detail/0620000249132 HTTP/1.1" 200 19674 "https://troop537.org/buy.php?jp/062000074.html" "Mozilla/5.0 AppleWebKit/537.36 (KHTML, like Gecko; compatible; GPTBot/1.4; +https://openai.com/gptbot)"
74.7.227.165 - - [22/May/2026:08:47:15 -0400] "GET /buy.php?jp/062000053.html HTTP/1.1" 200 19819 "https://troop537.org/buy.php?jp/062000087.html" "Mozilla/5.0 AppleWebKit/537.36 (KHTML, like Gecko; compatible; GPTBot/1.4; +https://openai.com/gptbot)"
74.7.227.165 - - [22/May/2026:08:47:16 -0400] "GET /buy.php?goods/024030037 HTTP/1.1" 200 21389 "https://troop537.org/buy.php?jp/062000087.html" "Mozilla/5.0 AppleWebKit/537.36 (KHTML, like Gecko; compatible; GPTBot/1.4; +https://openai.com/gptbot)"
74.7.227.165 - - [22/May/2026:08:47:18 -0400] "GET /buy.php?goods/171043177 HTTP/1.1" 200 20468 "https://troop537.org/buy.php?jp/062000087.html" "Mozilla/5.0 AppleWebKit/537.36 (KHTML, like Gecko; compatible; GPTBot/1.4; +https://openai.com/gptbot)"
74.7.227.165 - - [22/May/2026:08:47:19 -0400] "GET /buy.php?286018821.html HTTP/1.1" 200 21384 "https://troop537.org/buy.php?192028735.html" "Mozilla/5.0 AppleWebKit/537.36 (KHTML, like Gecko; compatible; GPTBot/1.4; +https://openai.com/gptbot)"
74.7.227.165 - - [22/May/2026:08:47:20 -0400] "GET /buy.php?087000088.html HTTP/1.1" 200 20457 "https://troop537.org/buy.php?secure-depo-xbfgz5azjqaikpe3gpeifognye-als-1" "Mozilla/5.0 AppleWebKit/537.36 (KHTML, like Gecko; compatible; GPTBot/1.4; +https://openai.com/gptbot)"
74.7.227.165 - - [22/May/2026:08:47:22 -0400] "GET /buy.php?088001921.html HTTP/1.1" 200 21495 "https://troop537.org/buy.php?090000969.html" "Mozilla/5.0 AppleWebKit/537.36 (KHTML, like Gecko; compatible; GPTBot/1.4; +https://openai.com/gptbot)"
74.7.227.165 - - [22/May/2026:08:47:24 -0400] "GET /buy.php?detail/040001869659 HTTP/1.1" 200 20289 "https://troop537.org/buy.php?040000243.html" "Mozilla/5.0 AppleWebKit/537.36 (KHTML, like Gecko; compatible; GPTBot/1.4; +https://openai.com/gptbot)"
74.7.227.165 - - [22/May/2026:08:47:25 -0400] "GET /buy.php?030000401.html HTTP/1.1" 200 21234 "https://troop537.org/buy.php?090000969.html" "Mozilla/5.0 AppleWebKit/537.36 (KHTML, like Gecko; compatible; GPTBot/1.4; +https://openai.com/gptbot)"
74.7.227.165 - - [22/May/2026:08:47:27 -0400] "GET /buy.php?194041493.html HTTP/1.1" 200 19 "https://troop537.org/buy.php?268015907.html" "Mozilla/5.0 AppleWebKit/537.36 (KHTML, like Gecko; compatible; GPTBot/1.4; +https://openai.com/gptbot)"
74.7.227.165 - - [22/May/2026:08:47:46 -0400] "GET /buy.php?jp/062000047.html HTTP/1.1" 200 19622 "https://troop537.org/buy.php?jp/062000038.html" "Mozilla/5.0 AppleWebKit/537.36 (KHTML, like Gecko; compatible; GPTBot/1.4; +https://openai.com/gptbot)"
66.249.79.8 - - [22/May/2026:08:47:47 -0400] "GET /product/178046427 HTTP/1.1" 200 17546 "-" "Mozilla/5.0 (Linux; Android 6.0.1; Nexus 5X Build/MMB29P) AppleWebKit/537.36 (KHTML, like Gecko) Chrome/148.0.7778.96 Mobile Safari/537.36 (compatible; GoogleOther)"
74.7.227.165 - - [22/May/2026:08:47:47 -0400] "GET /buy.php?detail/101010180155 HTTP/1.1" 200 22049 "https://troop537.org/buy.php?detail/0620000249132" "Mozilla/5.0 AppleWebKit/537.36 (KHTML, like Gecko; compatible; GPTBot/1.4; +https://openai.com/gptbot)"
74.7.227.165 - - [22/May/2026:08:47:48 -0400] "GET /buy.php?jp/062000031.html HTTP/1.1" 200 19660 "https://troop537.org/buy.php?jp/062000053.html" "Mozilla/5.0 AppleWebKit/537.36 (KHTML, like Gecko; compatible; GPTBot/1.4; +https://openai.com/gptbot)"
74.7.227.165 - - [22/May/2026:08:47:52 -0400] "GET /buy.php?jp/062000014.html HTTP/1.1" 200 19702 "https://troop537.org/buy.php?jp/062000053.html" "Mozilla/5.0 AppleWebKit/537.36 (KHTML, like Gecko; compatible; GPTBot/1.4; +https://openai.com/gptbot)"
68.65.122.55 - - [22/May/2026:08:48:00 -0400] "POST /wp-cron.php?doing_wp_cron=1779454080.8355660438537597656250 HTTP/1.1" 403 1242 "-" "WordPress/6.9.4; https://troop537.org"
103.186.216.30 - - [22/May/2026:08:48:00 -0400] "POST /wp-login.php HTTP/1.1" 200 2166 "http://troop537.org/wp-admin/" "Mozilla/5.0 (Windows NT 10.0; Win64; x64) AppleWebKit/537.36 (KHTML, like Gecko) Chrome/90.0.4430.85 Safari/537.36"
103.186.216.30 - - [22/May/2026:08:48:01 -0400] "POST /wp-login.php HTTP/1.1" 200 2166 "http://troop537.org/wp-admin/" "Mozilla/5.0 (Windows NT 10.0; Win64; x64) AppleWebKit/537.36 (KHTML, like Gecko) Chrome/90.0.4430.85 Safari/537.36"
