74.7.227.165 - - [22/May/2026:09:39:23 -0400] "GET /buy.php?244023909.html HTTP/1.1" 200 19 "https://troop537.org/buy.php?cometostore-hb07q2jksgx" "Mozilla/5.0 AppleWebKit/537.36 (KHTML, like Gecko; compatible; GPTBot/1.4; +https://openai.com/gptbot)"
74.7.227.165 - - [22/May/2026:09:39:42 -0400] "GET /buy.php?160044987.html HTTP/1.1" 200 19278 "https://troop537.org/buy.php?242003041.html" "Mozilla/5.0 AppleWebKit/537.36 (KHTML, like Gecko; compatible; GPTBot/1.4; +https://openai.com/gptbot)"
74.7.227.165 - - [22/May/2026:09:39:43 -0400] "GET /buy.php?064001111.html HTTP/1.1" 200 20153 "https://troop537.org/buy.php?hrc-8247420" "Mozilla/5.0 AppleWebKit/537.36 (KHTML, like Gecko; compatible; GPTBot/1.4; +https://openai.com/gptbot)"
74.7.227.165 - - [22/May/2026:09:39:44 -0400] "GET /buy.php?jyusetsupro-1993002009 HTTP/1.1" 200 19956 "https://troop537.org/buy.php?206001771.html" "Mozilla/5.0 AppleWebKit/537.36 (KHTML, like Gecko; compatible; GPTBot/1.4; +https://openai.com/gptbot)"
74.7.227.165 - - [22/May/2026:09:39:44 -0400] "GET /buy.php?skymarketplus-b01mrwjvo9 HTTP/1.1" 200 20708 "https://troop537.org/buy.php?goods/019009208" "Mozilla/5.0 AppleWebKit/537.36 (KHTML, like Gecko; compatible; GPTBot/1.4; +https://openai.com/gptbot)"
74.7.227.165 - - [22/May/2026:09:39:45 -0400] "GET /buy.php?goods/053039200 HTTP/1.1" 200 19510 "https://troop537.org/buy.php?219029420.html" "Mozilla/5.0 AppleWebKit/537.36 (KHTML, like Gecko; compatible; GPTBot/1.4; +https://openai.com/gptbot)"
74.7.227.165 - - [22/May/2026:09:39:48 -0400] "GET /buy.php?freundschaft-b0db8mcx1v HTTP/1.1" 200 19748 "https://troop537.org/buy.php?188041901.html" "Mozilla/5.0 AppleWebKit/537.36 (KHTML, like Gecko; compatible; GPTBot/1.4; +https://openai.com/gptbot)"
74.7.227.165 - - [22/May/2026:09:39:48 -0400] "GET /buy.php?goodlifestore-b07ww4rslv HTTP/1.1" 200 21878 "https://troop537.org/buy.php?kanazawa-saketen-2713" "Mozilla/5.0 AppleWebKit/537.36 (KHTML, like Gecko; compatible; GPTBot/1.4; +https://openai.com/gptbot)"
74.7.227.165 - - [22/May/2026:09:39:49 -0400] "GET /buy.php?skymarketplus-b07fmwn8zn HTTP/1.1" 200 21625 "https://troop537.org/buy.php?024028859.html" "Mozilla/5.0 AppleWebKit/537.36 (KHTML, like Gecko; compatible; GPTBot/1.4; +https://openai.com/gptbot)"
74.7.227.165 - - [22/May/2026:09:39:50 -0400] "GET /buy.php?category/715_716_2877/1/listing HTTP/1.1" 200 20345 "https://troop537.org/buy.php?021012950.html" "Mozilla/5.0 AppleWebKit/537.36 (KHTML, like Gecko; compatible; GPTBot/1.4; +https://openai.com/gptbot)"
74.7.227.165 - - [22/May/2026:09:39:50 -0400] "GET /buy.php?021012844.html HTTP/1.1" 200 20246 "https://troop537.org/buy.php?021012950.html" "Mozilla/5.0 AppleWebKit/537.36 (KHTML, like Gecko; compatible; GPTBot/1.4; +https://openai.com/gptbot)"
74.7.227.165 - - [22/May/2026:09:40:02 -0400] "GET /buy.php?021012826.html HTTP/1.1" 200 20123 "https://troop537.org/buy.php?021012950.html" "Mozilla/5.0 AppleWebKit/537.36 (KHTML, like Gecko; compatible; GPTBot/1.4; +https://openai.com/gptbot)"
74.7.227.165 - - [22/May/2026:09:40:07 -0400] "GET /buy.php?114023869.html HTTP/1.1" 200 21551 "https://troop537.org/buy.php?160044987.html" "Mozilla/5.0 AppleWebKit/537.36 (KHTML, like Gecko; compatible; GPTBot/1.4; +https://openai.com/gptbot)"
66.249.79.8 - - [22/May/2026:09:40:09 -0400] "GET /shop/pg/172actively/46920 HTTP/1.1" 200 17193 "-" "Mozilla/5.0 (Linux; Android 6.0.1; Nexus 5X Build/MMB29P) AppleWebKit/537.36 (KHTML, like Gecko) Chrome/148.0.7778.96 Mobile Safari/537.36 (compatible; GoogleOther)"
74.7.227.165 - - [22/May/2026:09:40:08 -0400] "GET /buy.php?283047512.html HTTP/1.1" 200 20193 "https://troop537.org/buy.php?064001111.html" "Mozilla/5.0 AppleWebKit/537.36 (KHTML, like Gecko; compatible; GPTBot/1.4; +https://openai.com/gptbot)"
74.7.227.165 - - [22/May/2026:09:40:12 -0400] "GET /buy.php?detail/064001411911 HTTP/1.1" 200 19718 "https://troop537.org/buy.php?064001111.html" "Mozilla/5.0 AppleWebKit/537.36 (KHTML, like Gecko; compatible; GPTBot/1.4; +https://openai.com/gptbot)"
74.7.227.165 - - [22/May/2026:09:40:13 -0400] "GET /buy.php?064001415.html HTTP/1.1" 200 19784 "https://troop537.org/buy.php?064001111.html" "Mozilla/5.0 AppleWebKit/537.36 (KHTML, like Gecko; compatible; GPTBot/1.4; +https://openai.com/gptbot)"
74.7.227.165 - - [22/May/2026:09:40:13 -0400] "GET /buy.php?064001413.html HTTP/1.1" 200 19750 "https://troop537.org/buy.php?064001111.html" "Mozilla/5.0 AppleWebKit/537.36 (KHTML, like Gecko; compatible; GPTBot/1.4; +https://openai.com/gptbot)"
74.7.227.165 - - [22/May/2026:09:40:14 -0400] "GET /buy.php?224049529.html HTTP/1.1" 200 19792 "https://troop537.org/buy.php?jyusetsupro-1993002009" "Mozilla/5.0 AppleWebKit/537.36 (KHTML, like Gecko; compatible; GPTBot/1.4; +https://openai.com/gptbot)"
74.7.227.165 - - [22/May/2026:09:40:15 -0400] "GET /buy.php?kaguro-r-tr-su-660-500 HTTP/1.1" 200 19553 "https://troop537.org/buy.php?090036391.html" "Mozilla/5.0 AppleWebKit/537.36 (KHTML, like Gecko; compatible; GPTBot/1.4; +https://openai.com/gptbot)"
74.7.227.165 - - [22/May/2026:09:40:16 -0400] "GET /buy.php?236002011.html HTTP/1.1" 200 19596 "https://troop537.org/buy.php?skymarketplus-b07fmwn8zn" "Mozilla/5.0 AppleWebKit/537.36 (KHTML, like Gecko; compatible; GPTBot/1.4; +https://openai.com/gptbot)"
74.7.227.165 - - [22/May/2026:09:40:16 -0400] "GET /buy.php?d-plaza-8-32sv-a83d7 HTTP/1.1" 200 19987 "https://troop537.org/buy.php?008032585.html" "Mozilla/5.0 AppleWebKit/537.36 (KHTML, like Gecko; compatible; GPTBot/1.4; +https://openai.com/gptbot)"
74.7.227.165 - - [22/May/2026:09:40:17 -0400] "GET /buy.php?021012314.html HTTP/1.1" 200 20171 "https://troop537.org/buy.php?021012844.html" "Mozilla/5.0 AppleWebKit/537.36 (KHTML, like Gecko; compatible; GPTBot/1.4; +https://openai.com/gptbot)"
74.7.227.165 - - [22/May/2026:09:40:18 -0400] "GET /buy.php?021012246.html HTTP/1.1" 200 20119 "https://troop537.org/buy.php?021012826.html" "Mozilla/5.0 AppleWebKit/537.36 (KHTML, like Gecko; compatible; GPTBot/1.4; +https://openai.com/gptbot)"
74.7.227.165 - - [22/May/2026:09:40:20 -0400] "GET /buy.php?075043912.html HTTP/1.1" 200 21310 "https://troop537.org/buy.php?114023869.html" "Mozilla/5.0 AppleWebKit/537.36 (KHTML, like Gecko; compatible; GPTBot/1.4; +https://openai.com/gptbot)"
74.7.227.165 - - [22/May/2026:09:40:21 -0400] "GET /buy.php?021012274.html HTTP/1.1" 200 20013 "https://troop537.org/buy.php?021012826.html" "Mozilla/5.0 AppleWebKit/537.36 (KHTML, like Gecko; compatible; GPTBot/1.4; +https://openai.com/gptbot)"
74.7.227.165 - - [22/May/2026:09:40:23 -0400] "GET /buy.php?detail/064001040154 HTTP/1.1" 200 20338 "https://troop537.org/buy.php?detail/064001411911" "Mozilla/5.0 AppleWebKit/537.36 (KHTML, like Gecko; compatible; GPTBot/1.4; +https://openai.com/gptbot)"
74.7.227.165 - - [22/May/2026:09:40:29 -0400] "GET /buy.php?199024576.html HTTP/1.1" 200 22117 "https://troop537.org/buy.php?064001415.html" "Mozilla/5.0 AppleWebKit/537.36 (KHTML, like Gecko; compatible; GPTBot/1.4; +https://openai.com/gptbot)"
74.7.227.165 - - [22/May/2026:09:40:30 -0400] "GET /buy.php?216034487.html HTTP/1.1" 200 20786 "https://troop537.org/buy.php?064001413.html" "Mozilla/5.0 AppleWebKit/537.36 (KHTML, like Gecko; compatible; GPTBot/1.4; +https://openai.com/gptbot)"
74.7.227.165 - - [22/May/2026:09:40:34 -0400] "GET /buy.php?goods/064001056 HTTP/1.1" 200 20152 "https://troop537.org/buy.php?detail/064001411911" "Mozilla/5.0 AppleWebKit/537.36 (KHTML, like Gecko; compatible; GPTBot/1.4; +https://openai.com/gptbot)"
74.7.227.165 - - [22/May/2026:09:40:34 -0400] "GET /buy.php?088028129.html HTTP/1.1" 200 21573 "https://troop537.org/buy.php?kaguro-r-tr-su-660-500" "Mozilla/5.0 AppleWebKit/537.36 (KHTML, like Gecko; compatible; GPTBot/1.4; +https://openai.com/gptbot)"
74.7.227.165 - - [22/May/2026:09:40:36 -0400] "GET /buy.php?274032589.html HTTP/1.1" 200 20815 "https://troop537.org/buy.php?236002011.html" "Mozilla/5.0 AppleWebKit/537.36 (KHTML, like Gecko; compatible; GPTBot/1.4; +https://openai.com/gptbot)"
74.7.227.165 - - [22/May/2026:09:40:37 -0400] "GET /buy.php?201029390.html HTTP/1.1" 200 20662 "https://troop537.org/buy.php?114023869.html" "Mozilla/5.0 AppleWebKit/537.36 (KHTML, like Gecko; compatible; GPTBot/1.4; +https://openai.com/gptbot)"
74.7.227.165 - - [22/May/2026:09:40:41 -0400] "GET /buy.php?shopdeclinic-61-0018-92 HTTP/1.1" 200 20469 "https://troop537.org/buy.php?236002011.html" "Mozilla/5.0 AppleWebKit/537.36 (KHTML, like Gecko; compatible; GPTBot/1.4; +https://openai.com/gptbot)"
74.7.227.165 - - [22/May/2026:09:40:41 -0400] "GET /buy.php?074033227.html HTTP/1.1" 200 19800 "https://troop537.org/buy.php?021012246.html" "Mozilla/5.0 AppleWebKit/537.36 (KHTML, like Gecko; compatible; GPTBot/1.4; +https://openai.com/gptbot)"
74.7.227.165 - - [22/May/2026:09:40:42 -0400] "GET /buy.php?bussan-f-y-06490-1 HTTP/1.1" 200 20121 "https://troop537.org/buy.php?287000381" "Mozilla/5.0 AppleWebKit/537.36 (KHTML, like Gecko; compatible; GPTBot/1.4; +https://openai.com/gptbot)"
74.7.227.165 - - [22/May/2026:09:40:42 -0400] "GET /buy.php?021013362.html HTTP/1.1" 200 20315 "https://troop537.org/buy.php?021012274.html" "Mozilla/5.0 AppleWebKit/537.36 (KHTML, like Gecko; compatible; GPTBot/1.4; +https://openai.com/gptbot)"
74.7.227.165 - - [22/May/2026:09:40:43 -0400] "GET /buy.php?kohler-k-10550-cp-1 HTTP/1.1" 200 20204 "https://troop537.org/buy.php?detail/2450175337061" "Mozilla/5.0 AppleWebKit/537.36 (KHTML, like Gecko; compatible; GPTBot/1.4; +https://openai.com/gptbot)"
74.7.227.165 - - [22/May/2026:09:40:51 -0400] "GET /buy.php?nf-hdpf-j2-9820f-4 HTTP/1.1" 200 19876 "https://troop537.org/buy.php?detail/2310122664678" "Mozilla/5.0 AppleWebKit/537.36 (KHTML, like Gecko; compatible; GPTBot/1.4; +https://openai.com/gptbot)"
74.7.227.165 - - [22/May/2026:09:40:52 -0400] "GET /buy.php?6518346 HTTP/1.1" 200 20757 "https://troop537.org/buy.php" "Mozilla/5.0 AppleWebKit/537.36 (KHTML, like Gecko; compatible; GPTBot/1.4; +https://openai.com/gptbot)"
74.7.227.165 - - [22/May/2026:09:40:53 -0400] "GET /buy.php?detail/0640016329356 HTTP/1.1" 200 19716 "https://troop537.org/buy.php?goods/064001056" "Mozilla/5.0 AppleWebKit/537.36 (KHTML, like Gecko; compatible; GPTBot/1.4; +https://openai.com/gptbot)"
74.7.227.165 - - [22/May/2026:09:40:55 -0400] "GET /buy.php?goods/064001656 HTTP/1.1" 200 19835 "https://troop537.org/buy.php?goods/064001056" "Mozilla/5.0 AppleWebKit/537.36 (KHTML, like Gecko; compatible; GPTBot/1.4; +https://openai.com/gptbot)"
74.7.227.165 - - [22/May/2026:09:40:57 -0400] "GET /buy.php?186009423.html HTTP/1.1" 200 20665 "https://troop537.org/buy.php?274032589.html" "Mozilla/5.0 AppleWebKit/537.36 (KHTML, like Gecko; compatible; GPTBot/1.4; +https://openai.com/gptbot)"
74.7.227.165 - - [22/May/2026:09:40:57 -0400] "GET /buy.php?196025687.html HTTP/1.1" 200 19936 "https://troop537.org/buy.php?201029390.html" "Mozilla/5.0 AppleWebKit/537.36 (KHTML, like Gecko; compatible; GPTBot/1.4; +https://openai.com/gptbot)"
74.7.227.165 - - [22/May/2026:09:40:58 -0400] "GET /buy.php?006033685.html HTTP/1.1" 200 20187 "https://troop537.org/buy.php?201029390.html" "Mozilla/5.0 AppleWebKit/537.36 (KHTML, like Gecko; compatible; GPTBot/1.4; +https://openai.com/gptbot)"
66.249.79.1 - - [22/May/2026:09:40:59 -0400] "GET /product/119039568 HTTP/1.1" 200 17163 "-" "Mozilla/5.0 (Linux; Android 6.0.1; Nexus 5X Build/MMB29P) AppleWebKit/537.36 (KHTML, like Gecko) Chrome/148.0.7778.96 Mobile Safari/537.36 (compatible; GoogleOther)"
74.7.227.165 - - [22/May/2026:09:40:59 -0400] "GET /buy.php?145010304.html HTTP/1.1" 200 19307 "https://troop537.org/buy.php?074033227.html" "Mozilla/5.0 AppleWebKit/537.36 (KHTML, like Gecko; compatible; GPTBot/1.4; +https://openai.com/gptbot)"
66.249.79.8 - - [22/May/2026:09:41:09 -0400] "GET /product/067001640 HTTP/1.1" 200 17379 "-" "Mozilla/5.0 (Linux; Android 6.0.1; Nexus 5X Build/MMB29P) AppleWebKit/537.36 (KHTML, like Gecko) Chrome/148.0.7778.96 Mobile Safari/537.36 (compatible; GoogleOther)"
74.7.227.165 - - [22/May/2026:09:40:59 -0400] "GET /buy.php?088007611.html HTTP/1.1" 200 21052 "https://troop537.org/buy.php?088028129.html" "Mozilla/5.0 AppleWebKit/537.36 (KHTML, like Gecko; compatible; GPTBot/1.4; +https://openai.com/gptbot)"
74.7.227.165 - - [22/May/2026:09:41:11 -0400] "GET /buy.php?021012294.html HTTP/1.1" 200 19954 "https://troop537.org/buy.php?021013362.html" "Mozilla/5.0 AppleWebKit/537.36 (KHTML, like Gecko; compatible; GPTBot/1.4; +https://openai.com/gptbot)"
74.7.227.165 - - [22/May/2026:09:41:12 -0400] "GET /buy.php?088007637.html HTTP/1.1" 200 20987 "https://troop537.org/buy.php?088028129.html" "Mozilla/5.0 AppleWebKit/537.36 (KHTML, like Gecko; compatible; GPTBot/1.4; +https://openai.com/gptbot)"
74.7.227.165 - - [22/May/2026:09:41:13 -0400] "GET /buy.php?perk-up-200376-776626 HTTP/1.1" 200 23510 "https://troop537.org/buy.php?170021575.html" "Mozilla/5.0 AppleWebKit/537.36 (KHTML, like Gecko; compatible; GPTBot/1.4; +https://openai.com/gptbot)"
74.7.227.165 - - [22/May/2026:09:41:13 -0400] "GET /buy.php?goods/093001096 HTTP/1.1" 200 20576 "https://troop537.org/buy.php?6518346" "Mozilla/5.0 AppleWebKit/537.36 (KHTML, like Gecko; compatible; GPTBot/1.4; +https://openai.com/gptbot)"
74.7.227.165 - - [22/May/2026:09:41:14 -0400] "GET /buy.php?008033211.html HTTP/1.1" 200 20626 "https://troop537.org/buy.php?6518346" "Mozilla/5.0 AppleWebKit/537.36 (KHTML, like Gecko; compatible; GPTBot/1.4; +https://openai.com/gptbot)"
74.7.227.165 - - [22/May/2026:09:41:15 -0400] "GET /buy.php?perk-up-213234-821181 HTTP/1.1" 200 20967 "https://troop537.org/buy.php?148003267.html" "Mozilla/5.0 AppleWebKit/537.36 (KHTML, like Gecko; compatible; GPTBot/1.4; +https://openai.com/gptbot)"
74.7.227.165 - - [22/May/2026:09:41:15 -0400] "GET /buy.php?046025871.html HTTP/1.1" 200 18846 "https://troop537.org/buy.php?186009423.html" "Mozilla/5.0 AppleWebKit/537.36 (KHTML, like Gecko; compatible; GPTBot/1.4; +https://openai.com/gptbot)"
74.7.227.165 - - [22/May/2026:09:41:16 -0400] "GET /buy.php?163038860.html HTTP/1.1" 200 19220 "https://troop537.org/buy.php?196025687.html" "Mozilla/5.0 AppleWebKit/537.36 (KHTML, like Gecko; compatible; GPTBot/1.4; +https://openai.com/gptbot)"
74.7.227.165 - - [22/May/2026:09:41:17 -0400] "GET /buy.php?ajimura4861-a-b08nx3b85j HTTP/1.1" 200 19784 "https://troop537.org/buy.php?detail/096002143222" "Mozilla/5.0 AppleWebKit/537.36 (KHTML, like Gecko; compatible; GPTBot/1.4; +https://openai.com/gptbot)"
74.7.227.165 - - [22/May/2026:09:41:17 -0400] "GET /buy.php?himawarisk-shd-258295653 HTTP/1.1" 200 20597 "https://troop537.org/buy.php?084029096" "Mozilla/5.0 AppleWebKit/537.36 (KHTML, like Gecko; compatible; GPTBot/1.4; +https://openai.com/gptbot)"
74.7.227.165 - - [22/May/2026:09:41:18 -0400] "GET /buy.php?goods/088007590 HTTP/1.1" 200 21981 "https://troop537.org/buy.php?088007611.html" "Mozilla/5.0 AppleWebKit/537.36 (KHTML, like Gecko; compatible; GPTBot/1.4; +https://openai.com/gptbot)"
74.7.227.165 - - [22/May/2026:09:41:20 -0400] "GET /buy.php?088007595.html HTTP/1.1" 200 20929 "https://troop537.org/buy.php?088007611.html" "Mozilla/5.0 AppleWebKit/537.36 (KHTML, like Gecko; compatible; GPTBot/1.4; +https://openai.com/gptbot)"
74.7.227.165 - - [22/May/2026:09:41:21 -0400] "GET /buy.php?goods/088007401 HTTP/1.1" 200 21417 "https://troop537.org/buy.php?088007637.html" "Mozilla/5.0 AppleWebKit/537.36 (KHTML, like Gecko; compatible; GPTBot/1.4; +https://openai.com/gptbot)"
74.7.227.165 - - [22/May/2026:09:41:22 -0400] "GET /buy.php?088007599.html HTTP/1.1" 200 21165 "https://troop537.org/buy.php?088007611.html" "Mozilla/5.0 AppleWebKit/537.36 (KHTML, like Gecko; compatible; GPTBot/1.4; +https://openai.com/gptbot)"
74.7.227.165 - - [22/May/2026:09:41:24 -0400] "GET /buy.php?003019270.html HTTP/1.1" 200 19485 "https://troop537.org/buy.php?088007637.html" "Mozilla/5.0 AppleWebKit/537.36 (KHTML, like Gecko; compatible; GPTBot/1.4; +https://openai.com/gptbot)"
74.7.227.165 - - [22/May/2026:09:41:24 -0400] "GET /buy.php?242035817.html HTTP/1.1" 200 19334 "https://troop537.org/buy.php?008033211.html" "Mozilla/5.0 AppleWebKit/537.36 (KHTML, like Gecko; compatible; GPTBot/1.4; +https://openai.com/gptbot)"
74.7.227.165 - - [22/May/2026:09:41:25 -0400] "GET /buy.php?028010771.html HTTP/1.1" 200 19849 "https://troop537.org/buy.php?perk-up-213234-821181" "Mozilla/5.0 AppleWebKit/537.36 (KHTML, like Gecko; compatible; GPTBot/1.4; +https://openai.com/gptbot)"
74.7.227.165 - - [22/May/2026:09:41:27 -0400] "GET /buy.php?021004828.html HTTP/1.1" 200 19707 "https://troop537.org/buy.php?perk-up-213234-821181" "Mozilla/5.0 AppleWebKit/537.36 (KHTML, like Gecko; compatible; GPTBot/1.4; +https://openai.com/gptbot)"
74.7.227.165 - - [22/May/2026:09:41:27 -0400] "GET /buy.php?110015965.html HTTP/1.1" 200 20772 "https://troop537.org/buy.php?perk-up-213234-821181" "Mozilla/5.0 AppleWebKit/537.36 (KHTML, like Gecko; compatible; GPTBot/1.4; +https://openai.com/gptbot)"
74.7.227.165 - - [22/May/2026:09:41:28 -0400] "GET /buy.php?070018217.html HTTP/1.1" 200 20435 "https://troop537.org/buy.php?perk-up-213234-821181" "Mozilla/5.0 AppleWebKit/537.36 (KHTML, like Gecko; compatible; GPTBot/1.4; +https://openai.com/gptbot)"
74.7.227.165 - - [22/May/2026:09:41:29 -0400] "GET /buy.php?088007393.html HTTP/1.1" 200 21880 "https://troop537.org/buy.php?088007637.html" "Mozilla/5.0 AppleWebKit/537.36 (KHTML, like Gecko; compatible; GPTBot/1.4; +https://openai.com/gptbot)"
74.7.227.165 - - [22/May/2026:09:41:33 -0400] "GET /buy.php?detail/088007590805 HTTP/1.1" 200 21926 "https://troop537.org/buy.php?goods/088007590" "Mozilla/5.0 AppleWebKit/537.36 (KHTML, like Gecko; compatible; GPTBot/1.4; +https://openai.com/gptbot)"
74.7.227.165 - - [22/May/2026:09:41:33 -0400] "GET /buy.php?050040813.html HTTP/1.1" 200 20808 "https://troop537.org/buy.php?088007595.html" "Mozilla/5.0 AppleWebKit/537.36 (KHTML, like Gecko; compatible; GPTBot/1.4; +https://openai.com/gptbot)"
74.7.227.165 - - [22/May/2026:09:41:34 -0400] "GET /buy.php?benefit2001-lzs-9101nwb5 HTTP/1.1" 200 20058 "https://troop537.org/buy.php?detail/07500755316484" "Mozilla/5.0 AppleWebKit/537.36 (KHTML, like Gecko; compatible; GPTBot/1.4; +https://openai.com/gptbot)"
74.7.227.165 - - [22/May/2026:09:41:35 -0400] "GET /buy.php?273019668.html HTTP/1.1" 200 19629 "https://troop537.org/buy.php?088007599.html" "Mozilla/5.0 AppleWebKit/537.36 (KHTML, like Gecko; compatible; GPTBot/1.4; +https://openai.com/gptbot)"
74.7.227.165 - - [22/May/2026:09:41:40 -0400] "GET /buy.php?003022848.html HTTP/1.1" 200 20434 "https://troop537.org/buy.php?003019270.html" "Mozilla/5.0 AppleWebKit/537.36 (KHTML, like Gecko; compatible; GPTBot/1.4; +https://openai.com/gptbot)"
68.65.122.55 - - [22/May/2026:09:41:42 -0400] "POST /wp-cron.php?doing_wp_cron=1779457301.9006440639495849609375 HTTP/1.1" 403 1242 "-" "WordPress/6.9.4; https://troop537.org"
192.227.153.87 - - [22/May/2026:09:41:41 -0400] "GET /wp-login.php HTTP/1.1" 200 2069 "-" "Mozilla/5.0 (Windows NT 10.0; Win64; x64) AppleWebKit/537.36 (KHTML, like Gecko) Chrome/87.0.4280.141 Safari/537.36"
192.227.153.87 - - [22/May/2026:09:41:42 -0400] "POST /wp-login.php HTTP/1.1" 200 2163 "-" "Mozilla/5.0 (Windows NT 10.0; Win64; x64) AppleWebKit/537.36 (KHTML, like Gecko) Chrome/87.0.4280.141 Safari/537.36"
66.249.79.8 - - [22/May/2026:09:41:48 -0400] "GET /product/144021835 HTTP/1.1" 200 16889 "-" "Mozilla/5.0 (Linux; Android 6.0.1; Nexus 5X Build/MMB29P) AppleWebKit/537.36 (KHTML, like Gecko) Chrome/148.0.7778.96 Mobile Safari/537.36 (compatible; GoogleOther)"
74.7.227.165 - - [22/May/2026:09:41:42 -0400] "GET /buy.php?088007443.html HTTP/1.1" 200 22731 "https://troop537.org/buy.php?088007599.html" "Mozilla/5.0 AppleWebKit/537.36 (KHTML, like Gecko; compatible; GPTBot/1.4; +https://openai.com/gptbot)"
74.7.227.165 - - [22/May/2026:09:41:50 -0400] "GET /buy.php?jyusetsupro-167011237 HTTP/1.1" 200 20563 "https://troop537.org/buy.php?028010771.html" "Mozilla/5.0 AppleWebKit/537.36 (KHTML, like Gecko; compatible; GPTBot/1.4; +https://openai.com/gptbot)"
74.7.227.165 - - [22/May/2026:09:41:55 -0400] "GET /buy.php?detail/0210019483651 HTTP/1.1" 200 20194 "https://troop537.org/buy.php?021004828.html" "Mozilla/5.0 AppleWebKit/537.36 (KHTML, like Gecko; compatible; GPTBot/1.4; +https://openai.com/gptbot)"
66.249.79.8 - - [22/May/2026:09:41:57 -0400] "GET /product/192026139 HTTP/1.1" 200 17383 "-" "Mozilla/5.0 (Linux; Android 6.0.1; Nexus 5X Build/MMB29P) AppleWebKit/537.36 (KHTML, like Gecko) Chrome/148.0.7778.96 Mobile Safari/537.36 (compatible; GoogleOther)"
74.7.227.165 - - [22/May/2026:09:41:56 -0400] "GET /buy.php?goods/021001930 HTTP/1.1" 200 23009 "https://troop537.org/buy.php?021004828.html" "Mozilla/5.0 AppleWebKit/537.36 (KHTML, like Gecko; compatible; GPTBot/1.4; +https://openai.com/gptbot)"
74.7.227.165 - - [22/May/2026:09:42:00 -0400] "GET /buy.php?092008449.html HTTP/1.1" 200 21528 "https://troop537.org/buy.php?110015965.html" "Mozilla/5.0 AppleWebKit/537.36 (KHTML, like Gecko; compatible; GPTBot/1.4; +https://openai.com/gptbot)"
74.7.227.165 - - [22/May/2026:09:42:01 -0400] "GET /buy.php?088007375.html HTTP/1.1" 200 21140 "https://troop537.org/buy.php?088007393.html" "Mozilla/5.0 AppleWebKit/537.36 (KHTML, like Gecko; compatible; GPTBot/1.4; +https://openai.com/gptbot)"
74.7.227.165 - - [22/May/2026:09:42:02 -0400] "GET /buy.php?088007353.html HTTP/1.1" 200 22341 "https://troop537.org/buy.php?088007393.html" "Mozilla/5.0 AppleWebKit/537.36 (KHTML, like Gecko; compatible; GPTBot/1.4; +https://openai.com/gptbot)"
74.7.227.165 - - [22/May/2026:09:42:03 -0400] "GET /buy.php?070013193.html HTTP/1.1" 200 20421 "https://troop537.org/buy.php?070018217.html" "Mozilla/5.0 AppleWebKit/537.36 (KHTML, like Gecko; compatible; GPTBot/1.4; +https://openai.com/gptbot)"
74.7.227.165 - - [22/May/2026:09:42:04 -0400] "GET /buy.php?132036001.html HTTP/1.1" 200 19657 "https://troop537.org/buy.php?050040813.html" "Mozilla/5.0 AppleWebKit/537.36 (KHTML, like Gecko; compatible; GPTBot/1.4; +https://openai.com/gptbot)"
74.7.227.165 - - [22/May/2026:09:42:04 -0400] "GET /buy.php?088007363.html HTTP/1.1" 200 21477 "https://troop537.org/buy.php?088007393.html" "Mozilla/5.0 AppleWebKit/537.36 (KHTML, like Gecko; compatible; GPTBot/1.4; +https://openai.com/gptbot)"
74.7.227.165 - - [22/May/2026:09:42:06 -0400] "GET /buy.php?188005665.html HTTP/1.1" 200 20251 "https://troop537.org/buy.php?273019668.html" "Mozilla/5.0 AppleWebKit/537.36 (KHTML, like Gecko; compatible; GPTBot/1.4; +https://openai.com/gptbot)"
74.7.227.165 - - [22/May/2026:09:42:11 -0400] "GET /buy.php?goods/119028212 HTTP/1.1" 200 22278 "https://troop537.org/buy.php?088007443.html" "Mozilla/5.0 AppleWebKit/537.36 (KHTML, like Gecko; compatible; GPTBot/1.4; +https://openai.com/gptbot)"
74.7.227.165 - - [22/May/2026:09:42:12 -0400] "GET /buy.php?167017180.html HTTP/1.1" 200 19821 "https://troop537.org/buy.php?jyusetsupro-167011237" "Mozilla/5.0 AppleWebKit/537.36 (KHTML, like Gecko; compatible; GPTBot/1.4; +https://openai.com/gptbot)"
74.7.227.165 - - [22/May/2026:09:42:12 -0400] "GET /buy.php?088007579.html HTTP/1.1" 200 21224 "https://troop537.org/buy.php?088007443.html" "Mozilla/5.0 AppleWebKit/537.36 (KHTML, like Gecko; compatible; GPTBot/1.4; +https://openai.com/gptbot)"
74.7.227.165 - - [22/May/2026:09:42:13 -0400] "GET /buy.php?detail/1320176451618 HTTP/1.1" 200 20658 "https://troop537.org/buy.php?goods/021001930" "Mozilla/5.0 AppleWebKit/537.36 (KHTML, like Gecko; compatible; GPTBot/1.4; +https://openai.com/gptbot)"
74.7.227.165 - - [22/May/2026:09:42:14 -0400] "GET /buy.php?goods/263027277 HTTP/1.1" 200 20569 "https://troop537.org/buy.php?goods/021001930" "Mozilla/5.0 AppleWebKit/537.36 (KHTML, like Gecko; compatible; GPTBot/1.4; +https://openai.com/gptbot)"
74.7.227.165 - - [22/May/2026:09:42:14 -0400] "GET /buy.php?256006503.html HTTP/1.1" 200 20709 "https://troop537.org/buy.php?088007443.html" "Mozilla/5.0 AppleWebKit/537.36 (KHTML, like Gecko; compatible; GPTBot/1.4; +https://openai.com/gptbot)"
74.7.227.165 - - [22/May/2026:09:42:15 -0400] "GET /buy.php?167017190.html HTTP/1.1" 200 20412 "https://troop537.org/buy.php?jyusetsupro-167011237" "Mozilla/5.0 AppleWebKit/537.36 (KHTML, like Gecko; compatible; GPTBot/1.4; +https://openai.com/gptbot)"
74.7.227.165 - - [22/May/2026:09:42:16 -0400] "GET /buy.php?143010360.html HTTP/1.1" 200 20139 "https://troop537.org/buy.php?070013193.html" "Mozilla/5.0 AppleWebKit/537.36 (KHTML, like Gecko; compatible; GPTBot/1.4; +https://openai.com/gptbot)"
74.7.227.165 - - [22/May/2026:09:42:16 -0400] "GET /buy.php?088007141.html HTTP/1.1" 200 26450 "https://troop537.org/buy.php?088007353.html" "Mozilla/5.0 AppleWebKit/537.36 (KHTML, like Gecko; compatible; GPTBot/1.4; +https://openai.com/gptbot)"
74.7.227.165 - - [22/May/2026:09:42:17 -0400] "GET /buy.php?022039327.html HTTP/1.1" 200 19799 "https://troop537.org/buy.php?088007363.html" "Mozilla/5.0 AppleWebKit/537.36 (KHTML, like Gecko; compatible; GPTBot/1.4; +https://openai.com/gptbot)"
74.7.227.165 - - [22/May/2026:09:42:29 -0400] "GET /buy.php?188010057.html HTTP/1.1" 200 20250 "https://troop537.org/buy.php?188005665.html" "Mozilla/5.0 AppleWebKit/537.36 (KHTML, like Gecko; compatible; GPTBot/1.4; +https://openai.com/gptbot)"
74.7.227.165 - - [22/May/2026:09:42:30 -0400] "GET /buy.php?167001880.html HTTP/1.1" 200 19493 "https://troop537.org/buy.php?188005665.html" "Mozilla/5.0 AppleWebKit/537.36 (KHTML, like Gecko; compatible; GPTBot/1.4; +https://openai.com/gptbot)"
74.7.227.165 - - [22/May/2026:09:42:30 -0400] "GET /buy.php?149002204.html HTTP/1.1" 200 20530 "https://troop537.org/buy.php?167017180.html" "Mozilla/5.0 AppleWebKit/537.36 (KHTML, like Gecko; compatible; GPTBot/1.4; +https://openai.com/gptbot)"
74.7.227.165 - - [22/May/2026:09:42:32 -0400] "GET /buy.php?088007322 HTTP/1.1" 200 20472 "https://troop537.org/buy.php?088007579.html" "Mozilla/5.0 AppleWebKit/537.36 (KHTML, like Gecko; compatible; GPTBot/1.4; +https://openai.com/gptbot)"
74.7.227.165 - - [22/May/2026:09:42:36 -0400] "GET /buy.php?goods/088007337 HTTP/1.1" 200 21346 "https://troop537.org/buy.php?088007579.html" "Mozilla/5.0 AppleWebKit/537.36 (KHTML, like Gecko; compatible; GPTBot/1.4; +https://openai.com/gptbot)"
74.7.227.165 - - [22/May/2026:09:42:36 -0400] "GET /buy.php?088007331.html HTTP/1.1" 200 26436 "https://troop537.org/buy.php?088007579.html" "Mozilla/5.0 AppleWebKit/537.36 (KHTML, like Gecko; compatible; GPTBot/1.4; +https://openai.com/gptbot)"
74.7.227.165 - - [22/May/2026:09:42:37 -0400] "GET /buy.php?188010063.html HTTP/1.1" 200 19775 "https://troop537.org/buy.php?188005665.html" "Mozilla/5.0 AppleWebKit/537.36 (KHTML, like Gecko; compatible; GPTBot/1.4; +https://openai.com/gptbot)"
66.249.79.2 - - [22/May/2026:09:42:37 -0400] "GET /shop/pg/273patrol/45973 HTTP/1.1" 200 17733 "-" "Mozilla/5.0 (Linux; Android 6.0.1; Nexus 5X Build/MMB29P) AppleWebKit/537.36 (KHTML, like Gecko) Chrome/148.0.7778.96 Mobile Safari/537.36 (compatible; GoogleOther)"
74.7.227.165 - - [22/May/2026:09:42:38 -0400] "GET /buy.php?detail/11001198618196 HTTP/1.1" 200 23508 "https://troop537.org/buy.php?110015965.html" "Mozilla/5.0 AppleWebKit/537.36 (KHTML, like Gecko; compatible; GPTBot/1.4; +https://openai.com/gptbot)"
74.7.227.165 - - [22/May/2026:09:42:38 -0400] "GET /buy.php?188021668 HTTP/1.1" 200 19631 "https://troop537.org/buy.php?143010360.html" "Mozilla/5.0 AppleWebKit/537.36 (KHTML, like Gecko; compatible; GPTBot/1.4; +https://openai.com/gptbot)"
74.7.227.165 - - [22/May/2026:09:42:41 -0400] "GET /buy.php?143011740.html HTTP/1.1" 200 22524 "https://troop537.org/buy.php?143010360.html" "Mozilla/5.0 AppleWebKit/537.36 (KHTML, like Gecko; compatible; GPTBot/1.4; +https://openai.com/gptbot)"
74.7.227.165 - - [22/May/2026:09:42:44 -0400] "GET /buy.php?tuzukiya-h455-0568 HTTP/1.1" 200 20046 "https://troop537.org/buy.php?022039327.html" "Mozilla/5.0 AppleWebKit/537.36 (KHTML, like Gecko; compatible; GPTBot/1.4; +https://openai.com/gptbot)"
66.249.79.8 - - [22/May/2026:09:42:45 -0400] "GET /shop/pg/27assure/11359 HTTP/1.1" 200 16567 "-" "Mozilla/5.0 (Linux; Android 6.0.1; Nexus 5X Build/MMB29P) AppleWebKit/537.36 (KHTML, like Gecko) Chrome/148.0.7778.96 Mobile Safari/537.36 (compatible; GoogleOther)"
68.65.122.55 - - [22/May/2026:09:42:56 -0400] "POST /wp-cron.php?doing_wp_cron=1779457376.0004830360412597656250 HTTP/1.1" 403 1242 "-" "WordPress/6.9.4; https://troop537.org"
138.197.33.70 - - [22/May/2026:09:42:55 -0400] "GET /wp-login.php HTTP/1.1" 200 2069 "-" "Mozilla/5.0 (Windows NT 10.0; Win64; x64) AppleWebKit/537.36 (KHTML, like Gecko) Chrome/147.0.0.0 Safari/537.36 Edg/147.0.0.0"
138.197.33.70 - - [22/May/2026:09:42:56 -0400] "POST /wp-login.php HTTP/1.1" 200 2166 "-" "Mozilla/5.0 (Windows NT 10.0; Win64; x64) AppleWebKit/537.36 (KHTML, like Gecko) Chrome/147.0.0.0 Safari/537.36 Edg/147.0.0.0"
204.12.208.18 - - [22/May/2026:09:42:38 -0400] "GET /wp-includes/adf9fafe/index.php HTTP/1.1" 200 0 "https://troop537.org/wp-includes/adf9fafe/index.php" "Mozilla/5.0 (Macintosh; Intel Mac OS X 10_6_8) AppleWebKit/534.52.7 (KHTML, like Gecko) Version/5.1.2 Safari/534.52.7"
204.12.208.18 - - [22/May/2026:09:42:58 -0400] "GET /wp-includes/adf9fafe/index.php HTTP/1.1" 200 26 "https://troop537.org/wp-includes/adf9fafe/index.php" "Mozilla/5.0 (compatible; MSIE 9.0; Windows NT 6.1; WOW64; Trident/5.0)"
74.7.227.165 - - [22/May/2026:09:42:44 -0400] "GET /buy.php?032002911.html HTTP/1.1" 200 19 "https://troop537.org/buy.php?188010057.html" "Mozilla/5.0 AppleWebKit/537.36 (KHTML, like Gecko; compatible; GPTBot/1.4; +https://openai.com/gptbot)"
74.7.227.165 - - [22/May/2026:09:43:04 -0400] "GET /buy.php?216031845.html HTTP/1.1" 200 19942 "https://troop537.org/buy.php?167001880.html" "Mozilla/5.0 AppleWebKit/537.36 (KHTML, like Gecko; compatible; GPTBot/1.4; +https://openai.com/gptbot)"
74.7.227.165 - - [22/May/2026:09:43:09 -0400] "GET /buy.php?dcmonline-748303 HTTP/1.1" 200 20379 "https://troop537.org/buy.php?167001880.html" "Mozilla/5.0 AppleWebKit/537.36 (KHTML, like Gecko; compatible; GPTBot/1.4; +https://openai.com/gptbot)"
74.7.227.165 - - [22/May/2026:09:43:10 -0400] "GET /buy.php?138023495.html HTTP/1.1" 200 19856 "https://troop537.org/buy.php?088007322" "Mozilla/5.0 AppleWebKit/537.36 (KHTML, like Gecko; compatible; GPTBot/1.4; +https://openai.com/gptbot)"
74.7.227.165 - - [22/May/2026:09:43:11 -0400] "GET /buy.php?goods/088007042 HTTP/1.1" 200 22563 "https://troop537.org/buy.php?goods/088007337" "Mozilla/5.0 AppleWebKit/537.36 (KHTML, like Gecko; compatible; GPTBot/1.4; +https://openai.com/gptbot)"
74.7.227.165 - - [22/May/2026:09:43:11 -0400] "GET /buy.php?088007267.html HTTP/1.1" 200 21291 "https://troop537.org/buy.php?088007322" "Mozilla/5.0 AppleWebKit/537.36 (KHTML, like Gecko; compatible; GPTBot/1.4; +https://openai.com/gptbot)"
74.7.227.165 - - [22/May/2026:09:43:12 -0400] "GET /buy.php?088007223.html HTTP/1.1" 200 21614 "https://troop537.org/buy.php?088007331.html" "Mozilla/5.0 AppleWebKit/537.36 (KHTML, like Gecko; compatible; GPTBot/1.4; +https://openai.com/gptbot)"
74.7.227.165 - - [22/May/2026:09:43:13 -0400] "GET /buy.php?goods/110015461 HTTP/1.1" 200 21978 "https://troop537.org/buy.php?detail/11001198618196" "Mozilla/5.0 AppleWebKit/537.36 (KHTML, like Gecko; compatible; GPTBot/1.4; +https://openai.com/gptbot)"
74.7.227.165 - - [22/May/2026:09:43:13 -0400] "GET /buy.php?goods/110011986 HTTP/1.1" 200 23569 "https://troop537.org/buy.php?detail/11001198618196" "Mozilla/5.0 AppleWebKit/537.36 (KHTML, like Gecko; compatible; GPTBot/1.4; +https://openai.com/gptbot)"
74.7.227.165 - - [22/May/2026:09:43:14 -0400] "GET /buy.php?018024679.html HTTP/1.1" 200 20187 "https://troop537.org/buy.php?143011740.html" "Mozilla/5.0 AppleWebKit/537.36 (KHTML, like Gecko; compatible; GPTBot/1.4; +https://openai.com/gptbot)"
74.7.227.165 - - [22/May/2026:09:43:15 -0400] "GET /buy.php?143009726.html HTTP/1.1" 200 20141 "https://troop537.org/buy.php?143011740.html" "Mozilla/5.0 AppleWebKit/537.36 (KHTML, like Gecko; compatible; GPTBot/1.4; +https://openai.com/gptbot)"
74.7.227.165 - - [22/May/2026:09:43:15 -0400] "GET /buy.php?goods/086007075 HTTP/1.1" 200 19809 "https://troop537.org/buy.php?detail/11001198618196" "Mozilla/5.0 AppleWebKit/537.36 (KHTML, like Gecko; compatible; GPTBot/1.4; +https://openai.com/gptbot)"
74.7.227.165 - - [22/May/2026:09:43:16 -0400] "GET /buy.php?270025267.html HTTP/1.1" 200 19702 "https://troop537.org/buy.php?143011740.html" "Mozilla/5.0 AppleWebKit/537.36 (KHTML, like Gecko; compatible; GPTBot/1.4; +https://openai.com/gptbot)"
74.7.227.165 - - [22/May/2026:09:43:17 -0400] "GET /buy.php?155044994.html HTTP/1.1" 200 20804 "https://troop537.org/buy.php?216031845.html" "Mozilla/5.0 AppleWebKit/537.36 (KHTML, like Gecko; compatible; GPTBot/1.4; +https://openai.com/gptbot)"
74.7.227.165 - - [22/May/2026:09:43:21 -0400] "GET /buy.php?046035217.html HTTP/1.1" 200 19321 "https://troop537.org/buy.php?138023495.html" "Mozilla/5.0 AppleWebKit/537.36 (KHTML, like Gecko; compatible; GPTBot/1.4; +https://openai.com/gptbot)"
74.7.227.165 - - [22/May/2026:09:43:23 -0400] "GET /buy.php?goods/088007301 HTTP/1.1" 200 20332 "https://troop537.org/buy.php?goods/088007042" "Mozilla/5.0 AppleWebKit/537.36 (KHTML, like Gecko; compatible; GPTBot/1.4; +https://openai.com/gptbot)"
74.7.227.165 - - [22/May/2026:09:43:26 -0400] "GET /buy.php?goods/088007298 HTTP/1.1" 200 20191 "https://troop537.org/buy.php?goods/088007042" "Mozilla/5.0 AppleWebKit/537.36 (KHTML, like Gecko; compatible; GPTBot/1.4; +https://openai.com/gptbot)"
74.7.227.165 - - [22/May/2026:09:43:26 -0400] "GET /buy.php?detail/0880072773691 HTTP/1.1" 200 20836 "https://troop537.org/buy.php?088007223.html" "Mozilla/5.0 AppleWebKit/537.36 (KHTML, like Gecko; compatible; GPTBot/1.4; +https://openai.com/gptbot)"
74.7.227.165 - - [22/May/2026:09:43:27 -0400] "GET /buy.php?goods/110015890 HTTP/1.1" 200 21312 "https://troop537.org/buy.php?goods/110015461" "Mozilla/5.0 AppleWebKit/537.36 (KHTML, like Gecko; compatible; GPTBot/1.4; +https://openai.com/gptbot)"
66.249.79.2 - - [22/May/2026:09:43:33 -0400] "GET /shop/pg/166instrument/23224 HTTP/1.1" 200 17662 "-" "Mozilla/5.0 (Linux; Android 6.0.1; Nexus 5X Build/MMB29P) AppleWebKit/537.36 (KHTML, like Gecko) Chrome/148.0.7778.96 Mobile Safari/537.36 (compatible; GoogleOther)"
74.7.227.165 - - [22/May/2026:09:43:31 -0400] "GET /buy.php?goods/088007284 HTTP/1.1" 200 22140 "https://troop537.org/buy.php?goods/088007042" "Mozilla/5.0 AppleWebKit/537.36 (KHTML, like Gecko; compatible; GPTBot/1.4; +https://openai.com/gptbot)"
74.7.227.165 - - [22/May/2026:09:43:34 -0400] "GET /buy.php?linears-qherkrgxp4ajzdidq2xcqy5xii-alb-1 HTTP/1.1" 200 19741 "https://troop537.org/buy.php?018024679.html" "Mozilla/5.0 AppleWebKit/537.36 (KHTML, like Gecko; compatible; GPTBot/1.4; +https://openai.com/gptbot)"
66.249.79.8 - - [22/May/2026:09:43:40 -0400] "GET /shop/pg/27concerning/27705 HTTP/1.1" 200 17003 "-" "Mozilla/5.0 (Linux; Android 6.0.1; Nexus 5X Build/MMB29P) AppleWebKit/537.36 (KHTML, like Gecko) Chrome/148.0.7778.96 Mobile Safari/537.36 (compatible; GoogleOther)"
74.7.227.165 - - [22/May/2026:09:43:40 -0400] "GET /buy.php?detail/1100159018011 HTTP/1.1" 200 20967 "https://troop537.org/buy.php?goods/110015461" "Mozilla/5.0 AppleWebKit/537.36 (KHTML, like Gecko; compatible; GPTBot/1.4; +https://openai.com/gptbot)"
74.7.227.165 - - [22/May/2026:09:43:51 -0400] "GET /buy.php?113016198.html HTTP/1.1" 200 20259 "https://troop537.org/buy.php?088007223.html" "Mozilla/5.0 AppleWebKit/537.36 (KHTML, like Gecko; compatible; GPTBot/1.4; +https://openai.com/gptbot)"
74.7.227.165 - - [22/May/2026:09:43:52 -0400] "GET /buy.php?goods/038033410 HTTP/1.1" 200 20079 "https://troop537.org/buy.php?270025267.html" "Mozilla/5.0 AppleWebKit/537.36 (KHTML, like Gecko; compatible; GPTBot/1.4; +https://openai.com/gptbot)"
74.7.227.165 - - [22/May/2026:09:43:55 -0400] "GET /buy.php?178029953.html HTTP/1.1" 200 21711 "https://troop537.org/buy.php?155044994.html" "Mozilla/5.0 AppleWebKit/537.36 (KHTML, like Gecko; compatible; GPTBot/1.4; +https://openai.com/gptbot)"
74.7.227.165 - - [22/May/2026:09:43:57 -0400] "GET /buy.php?category/1188_1981_9141/1/listing HTTP/1.1" 200 19960 "https://troop537.org/buy.php?270025267.html" "Mozilla/5.0 AppleWebKit/537.36 (KHTML, like Gecko; compatible; GPTBot/1.4; +https://openai.com/gptbot)"
74.7.227.165 - - [22/May/2026:09:43:57 -0400] "GET /buy.php?230021319.html HTTP/1.1" 200 19721 "https://troop537.org/buy.php?138023495.html" "Mozilla/5.0 AppleWebKit/537.36 (KHTML, like Gecko; compatible; GPTBot/1.4; +https://openai.com/gptbot)"
74.7.227.165 - - [22/May/2026:09:44:00 -0400] "GET /buy.php?143003210.html HTTP/1.1" 200 20684 "https://troop537.org/buy.php?143009726.html" "Mozilla/5.0 AppleWebKit/537.36 (KHTML, like Gecko; compatible; GPTBot/1.4; +https://openai.com/gptbot)"
74.7.227.165 - - [22/May/2026:09:44:01 -0400] "GET /buy.php?098034221.html HTTP/1.1" 200 20007 "https://troop537.org/buy.php?088007141.html" "Mozilla/5.0 AppleWebKit/537.36 (KHTML, like Gecko; compatible; GPTBot/1.4; +https://openai.com/gptbot)"
74.7.227.165 - - [22/May/2026:09:44:02 -0400] "GET /buy.php?goods/110012046 HTTP/1.1" 200 20468 "https://troop537.org/buy.php?goods/110015890" "Mozilla/5.0 AppleWebKit/537.36 (KHTML, like Gecko; compatible; GPTBot/1.4; +https://openai.com/gptbot)"
74.7.227.165 - - [22/May/2026:09:44:03 -0400] "GET /buy.php?goods/088007106 HTTP/1.1" 200 21752 "https://troop537.org/buy.php?goods/088007284" "Mozilla/5.0 AppleWebKit/537.36 (KHTML, like Gecko; compatible; GPTBot/1.4; +https://openai.com/gptbot)"
74.7.227.165 - - [22/May/2026:09:44:06 -0400] "GET /buy.php?galleria-annex-eta00022-1 HTTP/1.1" 200 20118 "https://troop537.org/buy.php?088007363.html" "Mozilla/5.0 AppleWebKit/537.36 (KHTML, like Gecko; compatible; GPTBot/1.4; +https://openai.com/gptbot)"
74.7.227.165 - - [22/May/2026:09:44:06 -0400] "GET /buy.php?activeshop-acf15435471-1 HTTP/1.1" 200 21361 "https://troop537.org/buy.php?164043063.html" "Mozilla/5.0 AppleWebKit/537.36 (KHTML, like Gecko; compatible; GPTBot/1.4; +https://openai.com/gptbot)"
74.7.227.165 - - [22/May/2026:09:44:07 -0400] "GET /buy.php?asahi-abe-b08xx3mhp7 HTTP/1.1" 200 20768 "https://troop537.org/buy.php?113016198.html" "Mozilla/5.0 AppleWebKit/537.36 (KHTML, like Gecko; compatible; GPTBot/1.4; +https://openai.com/gptbot)"
74.7.227.165 - - [22/May/2026:09:44:10 -0400] "GET /buy.php?detail/1790450976524 HTTP/1.1" 200 19949 "https://troop537.org/buy.php?goods/038033410" "Mozilla/5.0 AppleWebKit/537.36 (KHTML, like Gecko; compatible; GPTBot/1.4; +https://openai.com/gptbot)"
74.7.227.165 - - [22/May/2026:09:44:10 -0400] "GET /buy.php?259018336.html HTTP/1.1" 200 19624 "https://troop537.org/buy.php?178029953.html" "Mozilla/5.0 AppleWebKit/537.36 (KHTML, like Gecko; compatible; GPTBot/1.4; +https://openai.com/gptbot)"
74.7.227.165 - - [22/May/2026:09:44:11 -0400] "GET /buy.php?273011584.html HTTP/1.1" 200 22085 "https://troop537.org/buy.php?category/1188_1981_9141/1/listing" "Mozilla/5.0 AppleWebKit/537.36 (KHTML, like Gecko; compatible; GPTBot/1.4; +https://openai.com/gptbot)"
74.7.227.165 - - [22/May/2026:09:44:12 -0400] "GET /buy.php?formira88-d24n7q255rlcxnlwjn5rlckx7e-alb HTTP/1.1" 200 20540 "https://troop537.org/buy.php?jp/001000427.html" "Mozilla/5.0 AppleWebKit/537.36 (KHTML, like Gecko; compatible; GPTBot/1.4; +https://openai.com/gptbot)"
74.7.227.165 - - [22/May/2026:09:44:12 -0400] "GET /buy.php?reve2018-20260221195808_234 HTTP/1.1" 200 19284 "https://troop537.org/buy.php?hrtg-t0659" "Mozilla/5.0 AppleWebKit/537.36 (KHTML, like Gecko; compatible; GPTBot/1.4; +https://openai.com/gptbot)"
74.7.227.165 - - [22/May/2026:09:44:13 -0400] "GET /buy.php?asahiprocureace-612-5185 HTTP/1.1" 200 22042 "https://troop537.org/buy.php?099002676.html" "Mozilla/5.0 AppleWebKit/537.36 (KHTML, like Gecko; compatible; GPTBot/1.4; +https://openai.com/gptbot)"
74.7.227.165 - - [22/May/2026:09:44:14 -0400] "GET /buy.php?detail/0560498794439 HTTP/1.1" 200 20382 "https://troop537.org/buy.php?goods/110012046" "Mozilla/5.0 AppleWebKit/537.36 (KHTML, like Gecko; compatible; GPTBot/1.4; +https://openai.com/gptbot)"
74.7.227.165 - - [22/May/2026:09:44:14 -0400] "GET /buy.php?asahiprocureace-653-5077 HTTP/1.1" 200 20613 "https://troop537.org/buy.php?detail/255019816139" "Mozilla/5.0 AppleWebKit/537.36 (KHTML, like Gecko; compatible; GPTBot/1.4; +https://openai.com/gptbot)"
74.7.227.165 - - [22/May/2026:09:44:15 -0400] "GET /buy.php?010000771.html HTTP/1.1" 200 19626 "https://troop537.org/buy.php?galleria-annex-eta00022-1" "Mozilla/5.0 AppleWebKit/537.36 (KHTML, like Gecko; compatible; GPTBot/1.4; +https://openai.com/gptbot)"
74.7.227.165 - - [22/May/2026:09:44:15 -0400] "GET /buy.php?087000098.html HTTP/1.1" 200 20347 "https://troop537.org/buy.php?activeshop-acf15435471-1" "Mozilla/5.0 AppleWebKit/537.36 (KHTML, like Gecko; compatible; GPTBot/1.4; +https://openai.com/gptbot)"
68.65.122.55 - - [22/May/2026:09:44:20 -0400] "POST /wp-cron.php?doing_wp_cron=1779457460.6988270282745361328125 HTTP/1.1" 403 1242 "-" "WordPress/6.9.4; https://troop537.org"
85.8.130.32 - - [22/May/2026:09:44:20 -0400] "POST /wp-login.php HTTP/1.1" 200 2166 "-" "Mozilla/5.0 (Windows NT 10.0; Win64; x64) AppleWebKit/537.36 Chrome/129.0.0.0 Safari/537.36"
74.7.227.165 - - [22/May/2026:09:44:18 -0400] "GET /buy.php?010000307.html HTTP/1.1" 200 20141 "https://troop537.org/buy.php?galleria-annex-eta00022-1" "Mozilla/5.0 AppleWebKit/537.36 (KHTML, like Gecko; compatible; GPTBot/1.4; +https://openai.com/gptbot)"
74.7.227.165 - - [22/May/2026:09:44:21 -0400] "GET /buy.php?010000311.html HTTP/1.1" 200 19913 "https://troop537.org/buy.php?galleria-annex-eta00022-1" "Mozilla/5.0 AppleWebKit/537.36 (KHTML, like Gecko; compatible; GPTBot/1.4; +https://openai.com/gptbot)"
74.7.227.165 - - [22/May/2026:09:44:21 -0400] "GET /buy.php?254038973.html HTTP/1.1" 200 19858 "https://troop537.org/buy.php?259018336.html" "Mozilla/5.0 AppleWebKit/537.36 (KHTML, like Gecko; compatible; GPTBot/1.4; +https://openai.com/gptbot)"
66.249.79.1 - - [22/May/2026:09:44:22 -0400] "GET /shop/pg/126meaningful/22332 HTTP/1.1" 200 17367 "-" "Mozilla/5.0 (Linux; Android 6.0.1; Nexus 5X Build/MMB29P) AppleWebKit/537.36 (KHTML, like Gecko) Chrome/148.0.7778.96 Mobile Safari/537.36 (compatible; GoogleOther)"
74.7.227.165 - - [22/May/2026:09:44:22 -0400] "GET /buy.php?273005023 HTTP/1.1" 200 20117 "https://troop537.org/buy.php?273011584.html" "Mozilla/5.0 AppleWebKit/537.36 (KHTML, like Gecko; compatible; GPTBot/1.4; +https://openai.com/gptbot)"
74.7.227.165 - - [22/May/2026:09:44:23 -0400] "GET /buy.php?294004899.html HTTP/1.1" 200 21328 "https://troop537.org/buy.php?259018336.html" "Mozilla/5.0 AppleWebKit/537.36 (KHTML, like Gecko; compatible; GPTBot/1.4; +https://openai.com/gptbot)"
74.7.227.165 - - [22/May/2026:09:44:23 -0400] "GET /buy.php?069042492.html HTTP/1.1" 200 19515 "https://troop537.org/buy.php?273011584.html" "Mozilla/5.0 AppleWebKit/537.36 (KHTML, like Gecko; compatible; GPTBot/1.4; +https://openai.com/gptbot)"
74.7.227.165 - - [22/May/2026:09:44:24 -0400] "GET /buy.php?257027828.html HTTP/1.1" 200 19278 "https://troop537.org/buy.php?reve2018-20260221195808_234" "Mozilla/5.0 AppleWebKit/537.36 (KHTML, like Gecko; compatible; GPTBot/1.4; +https://openai.com/gptbot)"
74.7.227.165 - - [22/May/2026:09:44:25 -0400] "GET /buy.php?273005032.html HTTP/1.1" 200 20031 "https://troop537.org/buy.php?273011584.html" "Mozilla/5.0 AppleWebKit/537.36 (KHTML, like Gecko; compatible; GPTBot/1.4; +https://openai.com/gptbot)"
74.7.227.165 - - [22/May/2026:09:44:25 -0400] "GET /buy.php?236018715.html HTTP/1.1" 200 19251 "https://troop537.org/buy.php?asahiprocureace-653-5077" "Mozilla/5.0 AppleWebKit/537.36 (KHTML, like Gecko; compatible; GPTBot/1.4; +https://openai.com/gptbot)"
74.7.227.165 - - [22/May/2026:09:44:28 -0400] "GET /buy.php?rcmdva-tm-2598102 HTTP/1.1" 200 20599 "https://troop537.org/buy.php?259018336.html" "Mozilla/5.0 AppleWebKit/537.36 (KHTML, like Gecko; compatible; GPTBot/1.4; +https://openai.com/gptbot)"
74.7.227.165 - - [22/May/2026:09:44:33 -0400] "GET /buy.php?goods/259018674 HTTP/1.1" 200 19834 "https://troop537.org/buy.php?259018336.html" "Mozilla/5.0 AppleWebKit/537.36 (KHTML, like Gecko; compatible; GPTBot/1.4; +https://openai.com/gptbot)"
74.7.227.165 - - [22/May/2026:09:44:34 -0400] "GET /buy.php?010000555.html HTTP/1.1" 200 20015 "https://troop537.org/buy.php?010000771.html" "Mozilla/5.0 AppleWebKit/537.36 (KHTML, like Gecko; compatible; GPTBot/1.4; +https://openai.com/gptbot)"
74.7.227.165 - - [22/May/2026:09:44:39 -0400] "GET /buy.php?010000711.html HTTP/1.1" 200 20202 "https://troop537.org/buy.php?010000307.html" "Mozilla/5.0 AppleWebKit/537.36 (KHTML, like Gecko; compatible; GPTBot/1.4; +https://openai.com/gptbot)"
74.7.227.165 - - [22/May/2026:09:44:40 -0400] "GET /buy.php?049009686.html HTTP/1.1" 200 20142 "https://troop537.org/buy.php?254038973.html" "Mozilla/5.0 AppleWebKit/537.36 (KHTML, like Gecko; compatible; GPTBot/1.4; +https://openai.com/gptbot)"
74.7.227.165 - - [22/May/2026:09:44:42 -0400] "GET /buy.php?042000047.html HTTP/1.1" 200 20707 "https://troop537.org/buy.php?asahiprocureace-653-5077" "Mozilla/5.0 AppleWebKit/537.36 (KHTML, like Gecko; compatible; GPTBot/1.4; +https://openai.com/gptbot)"
74.7.227.165 - - [22/May/2026:09:44:44 -0400] "GET /buy.php?detail/29400548154714 HTTP/1.1" 200 21034 "https://troop537.org/buy.php?294004899.html" "Mozilla/5.0 AppleWebKit/537.36 (KHTML, like Gecko; compatible; GPTBot/1.4; +https://openai.com/gptbot)"
74.7.227.165 - - [22/May/2026:09:44:45 -0400] "GET /buy.php?149009510.html HTTP/1.1" 200 20329 "https://troop537.org/buy.php?069042492.html" "Mozilla/5.0 AppleWebKit/537.36 (KHTML, like Gecko; compatible; GPTBot/1.4; +https://openai.com/gptbot)"
74.7.227.165 - - [22/May/2026:09:44:48 -0400] "GET /buy.php?093023272.html HTTP/1.1" 200 19791 "https://troop537.org/buy.php?294004899.html" "Mozilla/5.0 AppleWebKit/537.36 (KHTML, like Gecko; compatible; GPTBot/1.4; +https://openai.com/gptbot)"
74.7.227.165 - - [22/May/2026:09:44:48 -0400] "GET /buy.php?011002278.html HTTP/1.1" 200 21710 "https://troop537.org/buy.php?257027828.html" "Mozilla/5.0 AppleWebKit/537.36 (KHTML, like Gecko; compatible; GPTBot/1.4; +https://openai.com/gptbot)"
74.7.227.165 - - [22/May/2026:09:44:49 -0400] "GET /buy.php?048009411.html HTTP/1.1" 200 20364 "https://troop537.org/buy.php?236018715.html" "Mozilla/5.0 AppleWebKit/537.36 (KHTML, like Gecko; compatible; GPTBot/1.4; +https://openai.com/gptbot)"
74.7.227.165 - - [22/May/2026:09:44:50 -0400] "GET /buy.php?asahiprocureace-118-4633 HTTP/1.1" 200 20132 "https://troop537.org/buy.php?296031075.html" "Mozilla/5.0 AppleWebKit/537.36 (KHTML, like Gecko; compatible; GPTBot/1.4; +https://openai.com/gptbot)"
74.7.227.165 - - [22/May/2026:09:44:50 -0400] "GET /buy.php?goods/259019099 HTTP/1.1" 200 19991 "https://troop537.org/buy.php?goods/259018674" "Mozilla/5.0 AppleWebKit/537.36 (KHTML, like Gecko; compatible; GPTBot/1.4; +https://openai.com/gptbot)"
74.7.227.165 - - [22/May/2026:09:44:54 -0400] "GET /buy.php?detail/010004395750 HTTP/1.1" 200 20218 "https://troop537.org/buy.php?010000555.html" "Mozilla/5.0 AppleWebKit/537.36 (KHTML, like Gecko; compatible; GPTBot/1.4; +https://openai.com/gptbot)"
66.249.79.1 - - [22/May/2026:09:45:06 -0400] "GET /shop/pg/164thing/44358 HTTP/1.1" 200 17019 "-" "Mozilla/5.0 (Linux; Android 6.0.1; Nexus 5X Build/MMB29P) AppleWebKit/537.36 (KHTML, like Gecko) Chrome/148.0.7778.96 Mobile Safari/537.36 (compatible; GoogleOther)"
66.249.79.7 - - [22/May/2026:09:45:10 -0400] "GET /product/067006896 HTTP/1.1" 200 17158 "-" "Mozilla/5.0 (Linux; Android 6.0.1; Nexus 5X Build/MMB29P) AppleWebKit/537.36 (KHTML, like Gecko) Chrome/148.0.7778.96 Mobile Safari/537.36 (compatible; GoogleOther)"
74.7.227.165 - - [22/May/2026:09:44:55 -0400] "GET /buy.php?asahiprocureace-787-4430 HTTP/1.1" 200 19 "https://troop537.org/buy.php?033018386.html" "Mozilla/5.0 AppleWebKit/537.36 (KHTML, like Gecko; compatible; GPTBot/1.4; +https://openai.com/gptbot)"
74.7.227.165 - - [22/May/2026:09:45:15 -0400] "GET /buy.php?asahiprocureace-768-0830 HTTP/1.1" 200 21065 "https://troop537.org/buy.php?015001672.html" "Mozilla/5.0 AppleWebKit/537.36 (KHTML, like Gecko; compatible; GPTBot/1.4; +https://openai.com/gptbot)"
74.7.227.165 - - [22/May/2026:09:45:16 -0400] "GET /buy.php?goods/042001052 HTTP/1.1" 200 21260 "https://troop537.org/buy.php?042000047.html" "Mozilla/5.0 AppleWebKit/537.36 (KHTML, like Gecko; compatible; GPTBot/1.4; +https://openai.com/gptbot)"
74.7.227.165 - - [22/May/2026:09:45:18 -0400] "GET /buy.php?046010577.html HTTP/1.1" 200 20081 "https://troop537.org/buy.php?042000047.html" "Mozilla/5.0 AppleWebKit/537.36 (KHTML, like Gecko; compatible; GPTBot/1.4; +https://openai.com/gptbot)"
74.7.227.165 - - [22/May/2026:09:45:22 -0400] "GET /buy.php?asahiprocureace-248-9472 HTTP/1.1" 200 20511 "https://troop537.org/buy.php?detail/062036852743" "Mozilla/5.0 AppleWebKit/537.36 (KHTML, like Gecko; compatible; GPTBot/1.4; +https://openai.com/gptbot)"
74.7.227.165 - - [22/May/2026:09:45:23 -0400] "GET /buy.php?asahiprocureace-227-3385 HTTP/1.1" 200 20486 "https://troop537.org/buy.php?246011307.html" "Mozilla/5.0 AppleWebKit/537.36 (KHTML, like Gecko; compatible; GPTBot/1.4; +https://openai.com/gptbot)"
74.7.227.165 - - [22/May/2026:09:45:23 -0400] "GET /buy.php?255026166.html HTTP/1.1" 200 19 "https://troop537.org/buy.php?011002278.html" "Mozilla/5.0 AppleWebKit/537.36 (KHTML, like Gecko; compatible; GPTBot/1.4; +https://openai.com/gptbot)"
74.7.227.165 - - [22/May/2026:09:45:43 -0400] "GET /buy.php?048008799.html HTTP/1.1" 200 20166 "https://troop537.org/buy.php?048009411.html" "Mozilla/5.0 AppleWebKit/537.36 (KHTML, like Gecko; compatible; GPTBot/1.4; +https://openai.com/gptbot)"
