74.7.227.165 - - [22/May/2026:08:21:58 -0400] "GET /buy.php?248021769.html HTTP/1.1" 200 20340 "https://troop537.org/buy.php?278039261.html" "Mozilla/5.0 AppleWebKit/537.36 (KHTML, like Gecko; compatible; GPTBot/1.4; +https://openai.com/gptbot)"
74.7.227.165 - - [22/May/2026:08:21:58 -0400] "GET /buy.php?293026148.html HTTP/1.1" 200 20769 "https://troop537.org/buy.php?233020724.html" "Mozilla/5.0 AppleWebKit/537.36 (KHTML, like Gecko; compatible; GPTBot/1.4; +https://openai.com/gptbot)"
74.7.227.165 - - [22/May/2026:08:21:59 -0400] "GET /buy.php?jp/010000349.html HTTP/1.1" 200 20195 "https://troop537.org/buy.php?jp/010000867.html" "Mozilla/5.0 AppleWebKit/537.36 (KHTML, like Gecko; compatible; GPTBot/1.4; +https://openai.com/gptbot)"
74.7.227.165 - - [22/May/2026:08:22:00 -0400] "GET /buy.php?jp/010000343.html HTTP/1.1" 200 20292 "https://troop537.org/buy.php?jp/010000867.html" "Mozilla/5.0 AppleWebKit/537.36 (KHTML, like Gecko; compatible; GPTBot/1.4; +https://openai.com/gptbot)"
74.7.227.165 - - [22/May/2026:08:22:00 -0400] "GET /buy.php?jp/010000357.html HTTP/1.1" 200 20567 "https://troop537.org/buy.php?jp/010000867.html" "Mozilla/5.0 AppleWebKit/537.36 (KHTML, like Gecko; compatible; GPTBot/1.4; +https://openai.com/gptbot)"
74.7.227.165 - - [22/May/2026:08:22:01 -0400] "GET /buy.php?jp/010000326.html HTTP/1.1" 200 20336 "https://troop537.org/buy.php?jp/010000867.html" "Mozilla/5.0 AppleWebKit/537.36 (KHTML, like Gecko; compatible; GPTBot/1.4; +https://openai.com/gptbot)"
74.7.227.165 - - [22/May/2026:08:22:02 -0400] "GET /buy.php?goods/087004055 HTTP/1.1" 200 20677 "https://troop537.org/buy.php?087000082.html" "Mozilla/5.0 AppleWebKit/537.36 (KHTML, like Gecko; compatible; GPTBot/1.4; +https://openai.com/gptbot)"
74.7.227.165 - - [22/May/2026:08:22:04 -0400] "GET /buy.php?105011568.html HTTP/1.1" 200 20774 "https://troop537.org/buy.php?105011534.html" "Mozilla/5.0 AppleWebKit/537.36 (KHTML, like Gecko; compatible; GPTBot/1.4; +https://openai.com/gptbot)"
66.249.79.8 - - [22/May/2026:08:22:07 -0400] "GET /shop/pg/164prevention/27424 HTTP/1.1" 200 16953 "-" "Mozilla/5.0 (Linux; Android 6.0.1; Nexus 5X Build/MMB29P) AppleWebKit/537.36 (KHTML, like Gecko) Chrome/148.0.7778.96 Mobile Safari/537.36 (compatible; GoogleOther)"
74.7.227.165 - - [22/May/2026:08:22:04 -0400] "GET /buy.php?059021006.html HTTP/1.1" 200 19156 "https://troop537.org/buy.php?105011534.html" "Mozilla/5.0 AppleWebKit/537.36 (KHTML, like Gecko; compatible; GPTBot/1.4; +https://openai.com/gptbot)"
74.7.227.165 - - [22/May/2026:08:22:08 -0400] "GET /buy.php?067001612.html HTTP/1.1" 200 19 "https://troop537.org/buy.php?k-s-factory-x80m-mr-1770-1145-22555-pwg" "Mozilla/5.0 AppleWebKit/537.36 (KHTML, like Gecko; compatible; GPTBot/1.4; +https://openai.com/gptbot)"
74.7.227.165 - - [22/May/2026:08:22:28 -0400] "GET /buy.php?068042597.html HTTP/1.1" 200 20912 "https://troop537.org/buy.php?068040540" "Mozilla/5.0 AppleWebKit/537.36 (KHTML, like Gecko; compatible; GPTBot/1.4; +https://openai.com/gptbot)"
74.7.227.165 - - [22/May/2026:08:22:28 -0400] "GET /buy.php?068042593.html HTTP/1.1" 200 20385 "https://troop537.org/buy.php?068040540" "Mozilla/5.0 AppleWebKit/537.36 (KHTML, like Gecko; compatible; GPTBot/1.4; +https://openai.com/gptbot)"
74.7.227.165 - - [22/May/2026:08:22:32 -0400] "GET /buy.php?285020480.html HTTP/1.1" 200 21099 "https://troop537.org/buy.php?011030224.html" "Mozilla/5.0 AppleWebKit/537.36 (KHTML, like Gecko; compatible; GPTBot/1.4; +https://openai.com/gptbot)"
74.7.227.165 - - [22/May/2026:08:22:33 -0400] "GET /buy.php?jp/010000458.html HTTP/1.1" 200 20521 "https://troop537.org/buy.php?jp/010000349.html" "Mozilla/5.0 AppleWebKit/537.36 (KHTML, like Gecko; compatible; GPTBot/1.4; +https://openai.com/gptbot)"
74.7.227.165 - - [22/May/2026:08:22:33 -0400] "GET /buy.php?jp/010000789.html HTTP/1.1" 200 20717 "https://troop537.org/buy.php?jp/010000343.html" "Mozilla/5.0 AppleWebKit/537.36 (KHTML, like Gecko; compatible; GPTBot/1.4; +https://openai.com/gptbot)"
66.249.79.8 - - [22/May/2026:08:22:39 -0400] "GET /shop/pg/30lonely/42682 HTTP/1.1" 200 18088 "-" "Mozilla/5.0 (Linux; Android 6.0.1; Nexus 5X Build/MMB29P) AppleWebKit/537.36 (KHTML, like Gecko) Chrome/148.0.7778.96 Mobile Safari/537.36 (compatible; GoogleOther)"
74.7.227.165 - - [22/May/2026:08:22:34 -0400] "GET /buy.php?detail/0900159796838 HTTP/1.1" 200 19 "https://troop537.org/buy.php?jp/010000343.html" "Mozilla/5.0 AppleWebKit/537.36 (KHTML, like Gecko; compatible; GPTBot/1.4; +https://openai.com/gptbot)"
74.7.227.165 - - [22/May/2026:08:22:54 -0400] "GET /buy.php?jp/010000224.html HTTP/1.1" 200 20567 "https://troop537.org/buy.php?jp/010000326.html" "Mozilla/5.0 AppleWebKit/537.36 (KHTML, like Gecko; compatible; GPTBot/1.4; +https://openai.com/gptbot)"
74.7.227.165 - - [22/May/2026:08:22:55 -0400] "GET /buy.php?105011532.html HTTP/1.1" 200 20280 "https://troop537.org/buy.php?105011366.html" "Mozilla/5.0 AppleWebKit/537.36 (KHTML, like Gecko; compatible; GPTBot/1.4; +https://openai.com/gptbot)"
74.7.227.165 - - [22/May/2026:08:22:56 -0400] "GET /buy.php?detail/105011519041 HTTP/1.1" 200 20422 "https://troop537.org/buy.php?105011568.html" "Mozilla/5.0 AppleWebKit/537.36 (KHTML, like Gecko; compatible; GPTBot/1.4; +https://openai.com/gptbot)"
74.7.227.165 - - [22/May/2026:08:22:57 -0400] "GET /buy.php?hrtg-t0659 HTTP/1.1" 200 19762 "https://troop537.org/buy.php?105011568.html" "Mozilla/5.0 AppleWebKit/537.36 (KHTML, like Gecko; compatible; GPTBot/1.4; +https://openai.com/gptbot)"
74.7.227.165 - - [22/May/2026:08:22:57 -0400] "GET /buy.php?105011398.html HTTP/1.1" 200 21387 "https://troop537.org/buy.php?105011536.html" "Mozilla/5.0 AppleWebKit/537.36 (KHTML, like Gecko; compatible; GPTBot/1.4; +https://openai.com/gptbot)"
74.7.227.165 - - [22/May/2026:08:22:58 -0400] "GET /buy.php?068041723.html HTTP/1.1" 200 20141 "https://troop537.org/buy.php?068042597.html" "Mozilla/5.0 AppleWebKit/537.36 (KHTML, like Gecko; compatible; GPTBot/1.4; +https://openai.com/gptbot)"
74.7.227.165 - - [22/May/2026:08:22:58 -0400] "GET /buy.php?detail/16903545285169 HTTP/1.1" 200 19981 "https://troop537.org/buy.php?jp/010000343.html" "Mozilla/5.0 AppleWebKit/537.36 (KHTML, like Gecko; compatible; GPTBot/1.4; +https://openai.com/gptbot)"
74.7.227.165 - - [22/May/2026:08:22:59 -0400] "GET /buy.php?070021039.html HTTP/1.1" 200 20188 "https://troop537.org/buy.php?285020480.html" "Mozilla/5.0 AppleWebKit/537.36 (KHTML, like Gecko; compatible; GPTBot/1.4; +https://openai.com/gptbot)"
74.7.227.165 - - [22/May/2026:08:23:00 -0400] "GET /buy.php?040000453.html HTTP/1.1" 200 19724 "https://troop537.org/buy.php?frenz2-t4078074" "Mozilla/5.0 AppleWebKit/537.36 (KHTML, like Gecko; compatible; GPTBot/1.4; +https://openai.com/gptbot)"
74.7.227.165 - - [22/May/2026:08:23:00 -0400] "GET /buy.php?jp/010000891.html HTTP/1.1" 200 20366 "https://troop537.org/buy.php?jp/010000789.html" "Mozilla/5.0 AppleWebKit/537.36 (KHTML, like Gecko; compatible; GPTBot/1.4; +https://openai.com/gptbot)"
74.7.227.165 - - [22/May/2026:08:23:01 -0400] "GET /buy.php?044000019.html HTTP/1.1" 200 20443 "https://troop537.org/buy.php?239000522.html" "Mozilla/5.0 AppleWebKit/537.36 (KHTML, like Gecko; compatible; GPTBot/1.4; +https://openai.com/gptbot)"
74.7.227.165 - - [22/May/2026:08:23:02 -0400] "GET /buy.php?jp/010000814.html HTTP/1.1" 200 20490 "https://troop537.org/buy.php?jp/010000224.html" "Mozilla/5.0 AppleWebKit/537.36 (KHTML, like Gecko; compatible; GPTBot/1.4; +https://openai.com/gptbot)"
74.7.227.165 - - [22/May/2026:08:23:02 -0400] "GET /buy.php?goods/105011360 HTTP/1.1" 200 20555 "https://troop537.org/buy.php?105011532.html" "Mozilla/5.0 AppleWebKit/537.36 (KHTML, like Gecko; compatible; GPTBot/1.4; +https://openai.com/gptbot)"
74.7.227.165 - - [22/May/2026:08:23:03 -0400] "GET /buy.php?007000028.html HTTP/1.1" 200 20180 "https://troop537.org/buy.php?seikatu-souko-usdm-0025-1059" "Mozilla/5.0 AppleWebKit/537.36 (KHTML, like Gecko; compatible; GPTBot/1.4; +https://openai.com/gptbot)"
74.7.227.165 - - [22/May/2026:08:23:04 -0400] "GET /buy.php?001000084.html HTTP/1.1" 200 19906 "https://troop537.org/buy.php?001000072.html" "Mozilla/5.0 AppleWebKit/537.36 (KHTML, like Gecko; compatible; GPTBot/1.4; +https://openai.com/gptbot)"
74.7.227.165 - - [22/May/2026:08:23:04 -0400] "GET /buy.php?hrtg-t0251 HTTP/1.1" 200 19895 "https://troop537.org/buy.php?105011398.html" "Mozilla/5.0 AppleWebKit/537.36 (KHTML, like Gecko; compatible; GPTBot/1.4; +https://openai.com/gptbot)"
74.7.227.165 - - [22/May/2026:08:23:05 -0400] "GET /buy.php?goods/080011306 HTTP/1.1" 200 20932 "https://troop537.org/buy.php?068041723.html" "Mozilla/5.0 AppleWebKit/537.36 (KHTML, like Gecko; compatible; GPTBot/1.4; +https://openai.com/gptbot)"
74.7.227.165 - - [22/May/2026:08:23:10 -0400] "GET /buy.php?033006746.html HTTP/1.1" 200 21572 "https://troop537.org/buy.php?068041723.html" "Mozilla/5.0 AppleWebKit/537.36 (KHTML, like Gecko; compatible; GPTBot/1.4; +https://openai.com/gptbot)"
74.7.227.165 - - [22/May/2026:08:23:12 -0400] "GET /buy.php?294032423.html HTTP/1.1" 200 19621 "https://troop537.org/buy.php?070021039.html" "Mozilla/5.0 AppleWebKit/537.36 (KHTML, like Gecko; compatible; GPTBot/1.4; +https://openai.com/gptbot)"
74.7.227.165 - - [22/May/2026:08:23:14 -0400] "GET /buy.php?178004923.html HTTP/1.1" 200 19550 "https://troop537.org/buy.php?040000453.html" "Mozilla/5.0 AppleWebKit/537.36 (KHTML, like Gecko; compatible; GPTBot/1.4; +https://openai.com/gptbot)"
74.7.227.165 - - [22/May/2026:08:23:15 -0400] "GET /buy.php?detail/0100008911763 HTTP/1.1" 200 20206 "https://troop537.org/buy.php?jp/010000891.html" "Mozilla/5.0 AppleWebKit/537.36 (KHTML, like Gecko; compatible; GPTBot/1.4; +https://openai.com/gptbot)"
74.7.227.165 - - [22/May/2026:08:23:17 -0400] "GET /buy.php?019004134.html HTTP/1.1" 200 19189 "https://troop537.org/buy.php?044000019.html" "Mozilla/5.0 AppleWebKit/537.36 (KHTML, like Gecko; compatible; GPTBot/1.4; +https://openai.com/gptbot)"
74.7.227.165 - - [22/May/2026:08:23:17 -0400] "GET /buy.php?jp/010000869.html HTTP/1.1" 200 20779 "https://troop537.org/buy.php?jp/010000814.html" "Mozilla/5.0 AppleWebKit/537.36 (KHTML, like Gecko; compatible; GPTBot/1.4; +https://openai.com/gptbot)"
74.7.227.165 - - [22/May/2026:08:23:18 -0400] "GET /buy.php?tirakita-id-spi-1251 HTTP/1.1" 200 20455 "https://troop537.org/buy.php?goods/105011360" "Mozilla/5.0 AppleWebKit/537.36 (KHTML, like Gecko; compatible; GPTBot/1.4; +https://openai.com/gptbot)"
74.7.227.165 - - [22/May/2026:08:23:23 -0400] "GET /buy.php?192045767.html HTTP/1.1" 200 20169 "https://troop537.org/buy.php?007000028.html" "Mozilla/5.0 AppleWebKit/537.36 (KHTML, like Gecko; compatible; GPTBot/1.4; +https://openai.com/gptbot)"
74.7.227.165 - - [22/May/2026:08:23:29 -0400] "GET /buy.php?tuzukiya-p252-3438 HTTP/1.1" 200 20613 "https://troop537.org/buy.php?001000084.html" "Mozilla/5.0 AppleWebKit/537.36 (KHTML, like Gecko; compatible; GPTBot/1.4; +https://openai.com/gptbot)"
74.7.227.165 - - [22/May/2026:08:23:34 -0400] "GET /buy.php?goods/068006989 HTTP/1.1" 200 19367 "https://troop537.org/buy.php?jp/010000814.html" "Mozilla/5.0 AppleWebKit/537.36 (KHTML, like Gecko; compatible; GPTBot/1.4; +https://openai.com/gptbot)"
74.7.227.165 - - [22/May/2026:08:23:38 -0400] "GET /buy.php?jp/080008076.html HTTP/1.1" 200 20370 "https://troop537.org/buy.php?goods/080011306" "Mozilla/5.0 AppleWebKit/537.36 (KHTML, like Gecko; compatible; GPTBot/1.4; +https://openai.com/gptbot)"
74.7.227.165 - - [22/May/2026:08:23:39 -0400] "GET /buy.php?auc-estoah-in8841-sug HTTP/1.1" 200 19781 "https://troop537.org/buy.php?033006746.html" "Mozilla/5.0 AppleWebKit/537.36 (KHTML, like Gecko; compatible; GPTBot/1.4; +https://openai.com/gptbot)"
66.249.79.8 - - [22/May/2026:08:23:41 -0400] "GET /product/112038875 HTTP/1.1" 200 17011 "-" "Mozilla/5.0 (Linux; Android 6.0.1; Nexus 5X Build/MMB29P) AppleWebKit/537.36 (KHTML, like Gecko) Chrome/148.0.7778.96 Mobile Safari/537.36 (compatible; GoogleOther)"
74.7.227.165 - - [22/May/2026:08:23:40 -0400] "GET /buy.php?goods/005010875 HTTP/1.1" 200 21688 "https://troop537.org/buy.php?goods/080011306" "Mozilla/5.0 AppleWebKit/537.36 (KHTML, like Gecko; compatible; GPTBot/1.4; +https://openai.com/gptbot)"
66.249.79.8 - - [22/May/2026:08:23:43 -0400] "GET /product/083019404 HTTP/1.1" 200 18564 "-" "Mozilla/5.0 (Linux; Android 6.0.1; Nexus 5X Build/MMB29P) AppleWebKit/537.36 (KHTML, like Gecko) Chrome/148.0.7778.96 Mobile Safari/537.36 (compatible; GoogleOther)"
74.7.227.165 - - [22/May/2026:08:23:43 -0400] "GET /buy.php?goods/056046766 HTTP/1.1" 200 19115 "https://troop537.org/buy.php?goods/080011306" "Mozilla/5.0 AppleWebKit/537.36 (KHTML, like Gecko; compatible; GPTBot/1.4; +https://openai.com/gptbot)"
74.7.227.165 - - [22/May/2026:08:23:44 -0400] "GET /buy.php?001000022.html HTTP/1.1" 200 19846 "https://troop537.org/buy.php?001000084.html" "Mozilla/5.0 AppleWebKit/537.36 (KHTML, like Gecko; compatible; GPTBot/1.4; +https://openai.com/gptbot)"
74.7.227.165 - - [22/May/2026:08:23:52 -0400] "GET /buy.php?022000015.html HTTP/1.1" 200 21522 "https://troop537.org/buy.php?kobaco-003-sb0018bxmqe" "Mozilla/5.0 AppleWebKit/537.36 (KHTML, like Gecko; compatible; GPTBot/1.4; +https://openai.com/gptbot)"
74.7.227.165 - - [22/May/2026:08:23:55 -0400] "GET /buy.php?090000469.html HTTP/1.1" 200 19541 "https://troop537.org/buy.php?usdm-bike-4156-3114" "Mozilla/5.0 AppleWebKit/537.36 (KHTML, like Gecko; compatible; GPTBot/1.4; +https://openai.com/gptbot)"
74.7.227.165 - - [22/May/2026:08:23:56 -0400] "GET /buy.php?detail/001000612784 HTTP/1.1" 200 20973 "https://troop537.org/buy.php?tirakita-id-spi-1251" "Mozilla/5.0 AppleWebKit/537.36 (KHTML, like Gecko; compatible; GPTBot/1.4; +https://openai.com/gptbot)"
74.7.227.165 - - [22/May/2026:08:23:56 -0400] "GET /buy.php?232012991.html HTTP/1.1" 200 21556 "https://troop537.org/buy.php?192045767.html" "Mozilla/5.0 AppleWebKit/537.36 (KHTML, like Gecko; compatible; GPTBot/1.4; +https://openai.com/gptbot)"
74.7.227.165 - - [22/May/2026:08:23:57 -0400] "GET /buy.php?025000022.html HTTP/1.1" 200 20087 "https://troop537.org/buy.php?025000124.html" "Mozilla/5.0 AppleWebKit/537.36 (KHTML, like Gecko; compatible; GPTBot/1.4; +https://openai.com/gptbot)"
74.7.227.165 - - [22/May/2026:08:23:58 -0400] "GET /buy.php?goods/068006118 HTTP/1.1" 200 19239 "https://troop537.org/buy.php?goods/068006989" "Mozilla/5.0 AppleWebKit/537.36 (KHTML, like Gecko; compatible; GPTBot/1.4; +https://openai.com/gptbot)"
74.7.227.165 - - [22/May/2026:08:23:58 -0400] "GET /buy.php?090000259.html HTTP/1.1" 200 20365 "https://troop537.org/buy.php?tuzukiya-n40-0143" "Mozilla/5.0 AppleWebKit/537.36 (KHTML, like Gecko; compatible; GPTBot/1.4; +https://openai.com/gptbot)"
74.7.227.165 - - [22/May/2026:08:23:59 -0400] "GET /buy.php?032024838 HTTP/1.1" 200 20207 "https://troop537.org/buy.php?auc-estoah-in8841-sug" "Mozilla/5.0 AppleWebKit/537.36 (KHTML, like Gecko; compatible; GPTBot/1.4; +https://openai.com/gptbot)"
74.7.227.165 - - [22/May/2026:08:24:00 -0400] "GET /buy.php?145006372.html HTTP/1.1" 200 20322 "https://troop537.org/buy.php?auc-estoah-in8841-sug" "Mozilla/5.0 AppleWebKit/537.36 (KHTML, like Gecko; compatible; GPTBot/1.4; +https://openai.com/gptbot)"
74.7.227.165 - - [22/May/2026:08:24:00 -0400] "GET /buy.php?027011774.html HTTP/1.1" 200 19391 "https://troop537.org/buy.php?auc-estoah-in8841-sug" "Mozilla/5.0 AppleWebKit/537.36 (KHTML, like Gecko; compatible; GPTBot/1.4; +https://openai.com/gptbot)"
74.7.227.165 - - [22/May/2026:08:24:01 -0400] "GET /buy.php?tuzukiya-p252-3921 HTTP/1.1" 200 20925 "https://troop537.org/buy.php?001000022.html" "Mozilla/5.0 AppleWebKit/537.36 (KHTML, like Gecko; compatible; GPTBot/1.4; +https://openai.com/gptbot)"
74.7.227.165 - - [22/May/2026:08:24:01 -0400] "GET /buy.php?022004117.html HTTP/1.1" 200 20258 "https://troop537.org/buy.php?022000015.html" "Mozilla/5.0 AppleWebKit/537.36 (KHTML, like Gecko; compatible; GPTBot/1.4; +https://openai.com/gptbot)"
66.249.79.2 - - [22/May/2026:08:24:16 -0400] "GET /shop/pg/155activist/32109 HTTP/1.1" 200 17291 "-" "Mozilla/5.0 (Linux; Android 6.0.1; Nexus 5X Build/MMB29P) AppleWebKit/537.36 (KHTML, like Gecko) Chrome/148.0.7778.96 Mobile Safari/537.36 (compatible; GoogleOther)"
74.7.227.165 - - [22/May/2026:08:24:02 -0400] "GET /buy.php?005000012.html HTTP/1.1" 200 19 "https://troop537.org/buy.php?hanahana-ribbon-omzznrznfsrsu44pjisnva7cku-alr-1" "Mozilla/5.0 AppleWebKit/537.36 (KHTML, like Gecko; compatible; GPTBot/1.4; +https://openai.com/gptbot)"
74.7.227.165 - - [22/May/2026:08:24:22 -0400] "GET /buy.php?070000781.html HTTP/1.1" 200 20825 "https://troop537.org/buy.php?070000807.html" "Mozilla/5.0 AppleWebKit/537.36 (KHTML, like Gecko; compatible; GPTBot/1.4; +https://openai.com/gptbot)"
74.7.227.165 - - [22/May/2026:08:24:24 -0400] "GET /buy.php?258027785.html HTTP/1.1" 200 21645 "https://troop537.org/buy.php?232012991.html" "Mozilla/5.0 AppleWebKit/537.36 (KHTML, like Gecko; compatible; GPTBot/1.4; +https://openai.com/gptbot)"
74.7.227.165 - - [22/May/2026:08:24:24 -0400] "GET /buy.php?010000317.html HTTP/1.1" 200 20191 "https://troop537.org/buy.php?040002097.html" "Mozilla/5.0 AppleWebKit/537.36 (KHTML, like Gecko; compatible; GPTBot/1.4; +https://openai.com/gptbot)"
74.7.227.165 - - [22/May/2026:08:24:30 -0400] "GET /buy.php?006000025.html HTTP/1.1" 200 22029 "https://troop537.org/buy.php?category/31/1/listing" "Mozilla/5.0 AppleWebKit/537.36 (KHTML, like Gecko; compatible; GPTBot/1.4; +https://openai.com/gptbot)"
74.7.227.165 - - [22/May/2026:08:24:32 -0400] "GET /buy.php?115006088.html HTTP/1.1" 200 19347 "https://troop537.org/buy.php?090000259.html" "Mozilla/5.0 AppleWebKit/537.36 (KHTML, like Gecko; compatible; GPTBot/1.4; +https://openai.com/gptbot)"
74.7.227.165 - - [22/May/2026:08:24:33 -0400] "GET /buy.php?010000461.html HTTP/1.1" 200 19974 "https://troop537.org/buy.php?orangetool-yz-5505224" "Mozilla/5.0 AppleWebKit/537.36 (KHTML, like Gecko; compatible; GPTBot/1.4; +https://openai.com/gptbot)"
66.249.79.8 - - [22/May/2026:08:24:34 -0400] "GET /product/182026351 HTTP/1.1" 200 16960 "-" "Mozilla/5.0 (Linux; Android 6.0.1; Nexus 5X Build/MMB29P) AppleWebKit/537.36 (KHTML, like Gecko) Chrome/148.0.7778.96 Mobile Safari/537.36 (compatible; GoogleOther)"
74.7.227.165 - - [22/May/2026:08:24:34 -0400] "GET /buy.php?042000043.html HTTP/1.1" 200 19790 "https://troop537.org/buy.php?seikatu-souko-item-016515-4488" "Mozilla/5.0 AppleWebKit/537.36 (KHTML, like Gecko; compatible; GPTBot/1.4; +https://openai.com/gptbot)"
74.7.227.165 - - [22/May/2026:08:24:37 -0400] "GET /buy.php?027006572.html HTTP/1.1" 200 20348 "https://troop537.org/buy.php?027011774.html" "Mozilla/5.0 AppleWebKit/537.36 (KHTML, like Gecko; compatible; GPTBot/1.4; +https://openai.com/gptbot)"
74.7.227.165 - - [22/May/2026:08:24:38 -0400] "GET /buy.php?027006576.html HTTP/1.1" 200 20327 "https://troop537.org/buy.php?027011774.html" "Mozilla/5.0 AppleWebKit/537.36 (KHTML, like Gecko; compatible; GPTBot/1.4; +https://openai.com/gptbot)"
74.7.227.165 - - [22/May/2026:08:24:39 -0400] "GET /buy.php?258003679.html HTTP/1.1" 200 20176 "https://troop537.org/buy.php?022004117.html" "Mozilla/5.0 AppleWebKit/537.36 (KHTML, like Gecko; compatible; GPTBot/1.4; +https://openai.com/gptbot)"
66.249.79.8 - - [22/May/2026:08:24:41 -0400] "GET /category/602/1/listing HTTP/1.1" 200 16748 "-" "Mozilla/5.0 (Linux; Android 6.0.1; Nexus 5X Build/MMB29P) AppleWebKit/537.36 (KHTML, like Gecko) Chrome/148.0.7778.96 Mobile Safari/537.36 (compatible; GoogleOther)"
66.249.79.8 - - [22/May/2026:08:24:48 -0400] "GET /shop/pg/203form/24515 HTTP/1.1" 200 17435 "-" "Mozilla/5.0 (Linux; Android 6.0.1; Nexus 5X Build/MMB29P) AppleWebKit/537.36 (KHTML, like Gecko) Chrome/148.0.7778.96 Mobile Safari/537.36 (compatible; GoogleOther)"
74.7.227.165 - - [22/May/2026:08:24:41 -0400] "GET /buy.php?093001480.html HTTP/1.1" 200 19 "https://troop537.org/buy.php?tuzukiya-p252-3921" "Mozilla/5.0 AppleWebKit/537.36 (KHTML, like Gecko; compatible; GPTBot/1.4; +https://openai.com/gptbot)"
74.7.227.165 - - [22/May/2026:08:25:01 -0400] "GET /buy.php?282008903.html HTTP/1.1" 200 20019 "https://troop537.org/buy.php?070000781.html" "Mozilla/5.0 AppleWebKit/537.36 (KHTML, like Gecko; compatible; GPTBot/1.4; +https://openai.com/gptbot)"
74.7.227.165 - - [22/May/2026:08:25:02 -0400] "GET /buy.php?216043981.html HTTP/1.1" 200 20064 "https://troop537.org/buy.php?258027785.html" "Mozilla/5.0 AppleWebKit/537.36 (KHTML, like Gecko; compatible; GPTBot/1.4; +https://openai.com/gptbot)"
74.7.227.165 - - [22/May/2026:08:25:07 -0400] "GET /buy.php?287000088.html HTTP/1.1" 200 20291 "https://troop537.org/buy.php?098001419.html" "Mozilla/5.0 AppleWebKit/537.36 (KHTML, like Gecko; compatible; GPTBot/1.4; +https://openai.com/gptbot)"
74.7.227.165 - - [22/May/2026:08:25:11 -0400] "GET /buy.php?040000609.html HTTP/1.1" 200 20365 "https://troop537.org/buy.php?kimonohiroba-nagaju_8045-1" "Mozilla/5.0 AppleWebKit/537.36 (KHTML, like Gecko; compatible; GPTBot/1.4; +https://openai.com/gptbot)"
74.7.227.165 - - [22/May/2026:08:25:12 -0400] "GET /buy.php?001000150.html HTTP/1.1" 200 19848 "https://troop537.org/buy.php?001000096.html" "Mozilla/5.0 AppleWebKit/537.36 (KHTML, like Gecko; compatible; GPTBot/1.4; +https://openai.com/gptbot)"
66.249.79.8 - - [22/May/2026:08:25:20 -0400] "GET /shop/pg/157incorporate/23995 HTTP/1.1" 200 17747 "-" "Mozilla/5.0 (Linux; Android 6.0.1; Nexus 5X Build/MMB29P) AppleWebKit/537.36 (KHTML, like Gecko) Chrome/148.0.7778.96 Mobile Safari/537.36 (compatible; GoogleOther)"
74.7.227.165 - - [22/May/2026:08:25:20 -0400] "GET /buy.php?099000030.html HTTP/1.1" 200 21759 "https://troop537.org/buy.php?cyberbay-ds-2645228" "Mozilla/5.0 AppleWebKit/537.36 (KHTML, like Gecko; compatible; GPTBot/1.4; +https://openai.com/gptbot)"
74.7.227.165 - - [22/May/2026:08:25:21 -0400] "GET /buy.php?goods/042002109 HTTP/1.1" 200 19566 "https://troop537.org/buy.php?042000043.html" "Mozilla/5.0 AppleWebKit/537.36 (KHTML, like Gecko; compatible; GPTBot/1.4; +https://openai.com/gptbot)"
74.7.227.165 - - [22/May/2026:08:25:22 -0400] "GET /buy.php?107046164.html HTTP/1.1" 200 20281 "https://troop537.org/buy.php?027006572.html" "Mozilla/5.0 AppleWebKit/537.36 (KHTML, like Gecko; compatible; GPTBot/1.4; +https://openai.com/gptbot)"
74.7.227.165 - - [22/May/2026:08:25:26 -0400] "GET /buy.php?027007858.html HTTP/1.1" 200 20396 "https://troop537.org/buy.php?027006576.html" "Mozilla/5.0 AppleWebKit/537.36 (KHTML, like Gecko; compatible; GPTBot/1.4; +https://openai.com/gptbot)"
66.249.79.8 - - [22/May/2026:08:25:28 -0400] "GET /product/148021965 HTTP/1.1" 200 17968 "-" "Mozilla/5.0 (Linux; Android 6.0.1; Nexus 5X Build/MMB29P) AppleWebKit/537.36 (KHTML, like Gecko) Chrome/148.0.7778.96 Mobile Safari/537.36 (compatible; GoogleOther)"
74.7.227.165 - - [22/May/2026:08:25:27 -0400] "GET /buy.php?258006391.html HTTP/1.1" 200 20411 "https://troop537.org/buy.php?258003679.html" "Mozilla/5.0 AppleWebKit/537.36 (KHTML, like Gecko; compatible; GPTBot/1.4; +https://openai.com/gptbot)"
74.7.227.165 - - [22/May/2026:08:25:33 -0400] "GET /buy.php?258006371.html HTTP/1.1" 200 20482 "https://troop537.org/buy.php?258003679.html" "Mozilla/5.0 AppleWebKit/537.36 (KHTML, like Gecko; compatible; GPTBot/1.4; +https://openai.com/gptbot)"
74.7.227.165 - - [22/May/2026:08:25:34 -0400] "GET /buy.php?027007336.html HTTP/1.1" 200 19825 "https://troop537.org/buy.php?027006572.html" "Mozilla/5.0 AppleWebKit/537.36 (KHTML, like Gecko; compatible; GPTBot/1.4; +https://openai.com/gptbot)"
74.7.227.165 - - [22/May/2026:08:25:34 -0400] "GET /buy.php?042002119.html HTTP/1.1" 200 20123 "https://troop537.org/buy.php?042000043.html" "Mozilla/5.0 AppleWebKit/537.36 (KHTML, like Gecko; compatible; GPTBot/1.4; +https://openai.com/gptbot)"
74.7.227.165 - - [22/May/2026:08:25:36 -0400] "GET /buy.php?010000615.html HTTP/1.1" 200 23272 "https://troop537.org/buy.php?orangetool-1597475" "Mozilla/5.0 AppleWebKit/537.36 (KHTML, like Gecko; compatible; GPTBot/1.4; +https://openai.com/gptbot)"
68.65.122.55 - - [22/May/2026:08:25:40 -0400] "POST /wp-cron.php?doing_wp_cron=1779452740.5634140968322753906250 HTTP/1.1" 403 1242 "-" "WordPress/6.9.4; https://troop537.org"
85.8.130.25 - - [22/May/2026:08:25:40 -0400] "POST /wp-login.php HTTP/1.1" 200 2166 "-" "Mozilla/5.0 (Windows NT 10.0; Win64; rv:143.0) Gecko/20100101 Firefox/143.0"
74.7.227.165 - - [22/May/2026:08:25:40 -0400] "GET /buy.php?040000409.html HTTP/1.1" 200 20810 "https://troop537.org/buy.php?040000609.html" "Mozilla/5.0 AppleWebKit/537.36 (KHTML, like Gecko; compatible; GPTBot/1.4; +https://openai.com/gptbot)"
74.7.227.165 - - [22/May/2026:08:25:43 -0400] "GET /buy.php?264015279.html HTTP/1.1" 200 22039 "https://troop537.org/buy.php?001000150.html" "Mozilla/5.0 AppleWebKit/537.36 (KHTML, like Gecko; compatible; GPTBot/1.4; +https://openai.com/gptbot)"
74.7.227.165 - - [22/May/2026:08:25:43 -0400] "GET /buy.php?152014475.html HTTP/1.1" 200 19498 "https://troop537.org/buy.php?099000030.html" "Mozilla/5.0 AppleWebKit/537.36 (KHTML, like Gecko; compatible; GPTBot/1.4; +https://openai.com/gptbot)"
204.12.208.18 - - [22/May/2026:08:25:27 -0400] "GET /wp-includes/adf9fafe/index.php HTTP/1.1" 200 0 "https://troop537.org/wp-includes/adf9fafe/index.php" "Mozilla/5.0 (Macintosh; Intel Mac OS X 10_6_8) AppleWebKit/535.1 (KHTML, like Gecko) Chrome/13.0.782.220 Safari/535.1"
74.7.227.165 - - [22/May/2026:08:25:47 -0400] "GET /buy.php?220000101.html HTTP/1.1" 200 20399 "https://troop537.org/buy.php?220040649.html" "Mozilla/5.0 AppleWebKit/537.36 (KHTML, like Gecko; compatible; GPTBot/1.4; +https://openai.com/gptbot)"
204.12.208.18 - - [22/May/2026:08:25:48 -0400] "GET /wp-includes/adf9fafe/index.php HTTP/1.1" 200 26 "https://troop537.org/wp-includes/adf9fafe/index.php" "Mozilla/5.0 (Macintosh; U; Intel Mac OS X 10_5_3; ja-jp) AppleWebKit/525.18 (KHTML, like Gecko) Version/3.1.1 Safari/525.20"
66.249.79.8 - - [22/May/2026:08:25:54 -0400] "GET /buy.php?396481918 HTTP/1.1" 200 19459 "-" "Mozilla/5.0 (Linux; Android 6.0.1; Nexus 5X Build/MMB29P) AppleWebKit/537.36 (KHTML, like Gecko) Chrome/148.0.7778.96 Mobile Safari/537.36 (compatible; GoogleOther)"
74.7.227.165 - - [22/May/2026:08:25:54 -0400] "GET /buy.php?107046382.html HTTP/1.1" 200 20446 "https://troop537.org/buy.php?107046164.html" "Mozilla/5.0 AppleWebKit/537.36 (KHTML, like Gecko; compatible; GPTBot/1.4; +https://openai.com/gptbot)"
74.7.227.165 - - [22/May/2026:08:25:56 -0400] "GET /buy.php?151019202.html HTTP/1.1" 200 20998 "https://troop537.org/buy.php?107046164.html" "Mozilla/5.0 AppleWebKit/537.36 (KHTML, like Gecko; compatible; GPTBot/1.4; +https://openai.com/gptbot)"
74.7.227.165 - - [22/May/2026:08:25:59 -0400] "GET /buy.php?258005235.html HTTP/1.1" 200 20049 "https://troop537.org/buy.php?258006391.html" "Mozilla/5.0 AppleWebKit/537.36 (KHTML, like Gecko; compatible; GPTBot/1.4; +https://openai.com/gptbot)"
74.7.227.165 - - [22/May/2026:08:26:00 -0400] "GET /buy.php?254009657.html HTTP/1.1" 200 20095 "https://troop537.org/buy.php?107046164.html" "Mozilla/5.0 AppleWebKit/537.36 (KHTML, like Gecko; compatible; GPTBot/1.4; +https://openai.com/gptbot)"
74.7.227.165 - - [22/May/2026:08:26:02 -0400] "GET /buy.php?081000038.html HTTP/1.1" 200 19373 "https://troop537.org/buy.php?081000312.html" "Mozilla/5.0 AppleWebKit/537.36 (KHTML, like Gecko; compatible; GPTBot/1.4; +https://openai.com/gptbot)"
74.7.227.165 - - [22/May/2026:08:26:04 -0400] "GET /buy.php?099000078.html HTTP/1.1" 200 20845 "https://troop537.org/buy.php?cyberbay-ds-2645228" "Mozilla/5.0 AppleWebKit/537.36 (KHTML, like Gecko; compatible; GPTBot/1.4; +https://openai.com/gptbot)"
74.7.227.165 - - [22/May/2026:08:26:07 -0400] "GET /buy.php?060006077.html HTTP/1.1" 200 20376 "https://troop537.org/buy.php?060006341.html" "Mozilla/5.0 AppleWebKit/537.36 (KHTML, like Gecko; compatible; GPTBot/1.4; +https://openai.com/gptbot)"
74.7.227.165 - - [22/May/2026:08:26:12 -0400] "GET /buy.php?jp/040000642.html HTTP/1.1" 200 20005 "https://troop537.org/buy.php?040000409.html" "Mozilla/5.0 AppleWebKit/537.36 (KHTML, like Gecko; compatible; GPTBot/1.4; +https://openai.com/gptbot)"
74.7.227.165 - - [22/May/2026:08:26:14 -0400] "GET /buy.php?071004794.html HTTP/1.1" 200 20127 "https://troop537.org/buy.php?264015279.html" "Mozilla/5.0 AppleWebKit/537.36 (KHTML, like Gecko; compatible; GPTBot/1.4; +https://openai.com/gptbot)"
74.7.227.165 - - [22/May/2026:08:26:15 -0400] "GET /buy.php?080000879.html HTTP/1.1" 200 20736 "https://troop537.org/buy.php?garageidea-civic-08p00-tgg-001" "Mozilla/5.0 AppleWebKit/537.36 (KHTML, like Gecko; compatible; GPTBot/1.4; +https://openai.com/gptbot)"
74.7.227.165 - - [22/May/2026:08:26:16 -0400] "GET /buy.php?181007712.html HTTP/1.1" 200 19888 "https://troop537.org/buy.php?220000101.html" "Mozilla/5.0 AppleWebKit/537.36 (KHTML, like Gecko; compatible; GPTBot/1.4; +https://openai.com/gptbot)"
74.7.227.165 - - [22/May/2026:08:26:19 -0400] "GET /buy.php?tanzan-shop-smhd6j7xmchizqlrrrsb5dwbau-tan-1 HTTP/1.1" 200 20676 "https://troop537.org/buy.php?107046382.html" "Mozilla/5.0 AppleWebKit/537.36 (KHTML, like Gecko; compatible; GPTBot/1.4; +https://openai.com/gptbot)"
74.7.227.165 - - [22/May/2026:08:26:22 -0400] "GET /buy.php?151017744.html HTTP/1.1" 200 20374 "https://troop537.org/buy.php?151019202.html" "Mozilla/5.0 AppleWebKit/537.36 (KHTML, like Gecko; compatible; GPTBot/1.4; +https://openai.com/gptbot)"
74.7.227.165 - - [22/May/2026:08:26:23 -0400] "GET /buy.php?009021078.html HTTP/1.1" 200 20156 "https://troop537.org/buy.php?258005235.html" "Mozilla/5.0 AppleWebKit/537.36 (KHTML, like Gecko; compatible; GPTBot/1.4; +https://openai.com/gptbot)"
74.7.227.165 - - [22/May/2026:08:26:28 -0400] "GET /buy.php?055000058.html HTTP/1.1" 200 19947 "https://troop537.org/buy.php?nozomi-market-b188-55-2" "Mozilla/5.0 AppleWebKit/537.36 (KHTML, like Gecko; compatible; GPTBot/1.4; +https://openai.com/gptbot)"
74.7.227.165 - - [22/May/2026:08:26:30 -0400] "GET /buy.php?tuzukiya-o300-0608 HTTP/1.1" 200 20792 "https://troop537.org/buy.php?081000038.html" "Mozilla/5.0 AppleWebKit/537.36 (KHTML, like Gecko; compatible; GPTBot/1.4; +https://openai.com/gptbot)"
74.7.227.165 - - [22/May/2026:08:26:34 -0400] "GET /buy.php?goods/099006193 HTTP/1.1" 200 22095 "https://troop537.org/buy.php?099000078.html" "Mozilla/5.0 AppleWebKit/537.36 (KHTML, like Gecko; compatible; GPTBot/1.4; +https://openai.com/gptbot)"
74.7.227.165 - - [22/May/2026:08:26:34 -0400] "GET /buy.php?081000080.html HTTP/1.1" 200 19567 "https://troop537.org/buy.php?081000038.html" "Mozilla/5.0 AppleWebKit/537.36 (KHTML, like Gecko; compatible; GPTBot/1.4; +https://openai.com/gptbot)"
66.249.79.8 - - [22/May/2026:08:26:37 -0400] "GET /shop/pg/120newspaper/49050 HTTP/1.1" 200 17410 "-" "Mozilla/5.0 (Linux; Android 6.0.1; Nexus 5X Build/MMB29P) AppleWebKit/537.36 (KHTML, like Gecko) Chrome/148.0.7778.96 Mobile Safari/537.36 (compatible; GoogleOther)"
66.249.79.1 - - [22/May/2026:08:26:42 -0400] "GET /shop/pg/221diet/6291 HTTP/1.1" 200 16771 "-" "Mozilla/5.0 (Linux; Android 6.0.1; Nexus 5X Build/MMB29P) AppleWebKit/537.36 (KHTML, like Gecko) Chrome/148.0.7778.96 Mobile Safari/537.36 (compatible; GoogleOther)"
74.7.227.165 - - [22/May/2026:08:26:37 -0400] "GET /buy.php?041000074.html HTTP/1.1" 200 19 "https://troop537.org/buy.php?orangetool-2069429" "Mozilla/5.0 AppleWebKit/537.36 (KHTML, like Gecko; compatible; GPTBot/1.4; +https://openai.com/gptbot)"
74.7.227.165 - - [22/May/2026:08:26:57 -0400] "GET /buy.php?042000023.html HTTP/1.1" 200 19289 "https://troop537.org/buy.php?world-depo-mts-2490470" "Mozilla/5.0 AppleWebKit/537.36 (KHTML, like Gecko; compatible; GPTBot/1.4; +https://openai.com/gptbot)"
74.7.227.165 - - [22/May/2026:08:26:58 -0400] "GET /buy.php?035000090.html HTTP/1.1" 200 19629 "https://troop537.org/buy.php?tuzukiya-g44-33538" "Mozilla/5.0 AppleWebKit/537.36 (KHTML, like Gecko; compatible; GPTBot/1.4; +https://openai.com/gptbot)"
74.7.227.165 - - [22/May/2026:08:26:58 -0400] "GET /buy.php?shadowtail-3ujreqs6slfqxo3ffiljx7az3e HTTP/1.1" 200 19812 "https://troop537.org/buy.php?181007712.html" "Mozilla/5.0 AppleWebKit/537.36 (KHTML, like Gecko; compatible; GPTBot/1.4; +https://openai.com/gptbot)"
74.7.227.165 - - [22/May/2026:08:26:59 -0400] "GET /buy.php?077000034.html HTTP/1.1" 200 19257 "https://troop537.org/buy.php?category/544_2476/1/listing" "Mozilla/5.0 AppleWebKit/537.36 (KHTML, like Gecko; compatible; GPTBot/1.4; +https://openai.com/gptbot)"
74.7.227.165 - - [22/May/2026:08:27:00 -0400] "GET /buy.php?151022752.html HTTP/1.1" 200 19961 "https://troop537.org/buy.php?151017744.html" "Mozilla/5.0 AppleWebKit/537.36 (KHTML, like Gecko; compatible; GPTBot/1.4; +https://openai.com/gptbot)"
74.7.227.165 - - [22/May/2026:08:27:00 -0400] "GET /buy.php?198036857.html HTTP/1.1" 200 18919 "https://troop537.org/buy.php?009021078.html" "Mozilla/5.0 AppleWebKit/537.36 (KHTML, like Gecko; compatible; GPTBot/1.4; +https://openai.com/gptbot)"
74.7.227.165 - - [22/May/2026:08:27:01 -0400] "GET /buy.php?detail/055000431367 HTTP/1.1" 200 20011 "https://troop537.org/buy.php?055000058.html" "Mozilla/5.0 AppleWebKit/537.36 (KHTML, like Gecko; compatible; GPTBot/1.4; +https://openai.com/gptbot)"
74.7.227.165 - - [22/May/2026:08:27:02 -0400] "GET /buy.php?269043182.html HTTP/1.1" 200 19812 "https://troop537.org/buy.php?tuzukiya-o300-0608" "Mozilla/5.0 AppleWebKit/537.36 (KHTML, like Gecko; compatible; GPTBot/1.4; +https://openai.com/gptbot)"
74.7.227.165 - - [22/May/2026:08:27:06 -0400] "GET /buy.php?088000881.html HTTP/1.1" 200 19691 "https://troop537.org/buy.php?motomoto-fe-pf-tab-2701609-xd03360-ne" "Mozilla/5.0 AppleWebKit/537.36 (KHTML, like Gecko; compatible; GPTBot/1.4; +https://openai.com/gptbot)"
74.7.227.165 - - [22/May/2026:08:27:07 -0400] "GET /buy.php?054000057.html HTTP/1.1" 200 20462 "https://troop537.org/buy.php?rcmdse-tm-2618432" "Mozilla/5.0 AppleWebKit/537.36 (KHTML, like Gecko; compatible; GPTBot/1.4; +https://openai.com/gptbot)"
74.7.227.165 - - [22/May/2026:08:27:11 -0400] "GET /buy.php?098000097.html HTTP/1.1" 200 20239 "https://troop537.org/buy.php?nyst-almond-tops046-1" "Mozilla/5.0 AppleWebKit/537.36 (KHTML, like Gecko; compatible; GPTBot/1.4; +https://openai.com/gptbot)"
74.7.227.165 - - [22/May/2026:08:27:11 -0400] "GET /buy.php?042002669.html HTTP/1.1" 200 19699 "https://troop537.org/buy.php?042000023.html" "Mozilla/5.0 AppleWebKit/537.36 (KHTML, like Gecko; compatible; GPTBot/1.4; +https://openai.com/gptbot)"
74.7.227.165 - - [22/May/2026:08:27:23 -0400] "GET /buy.php?079037098.html HTTP/1.1" 200 20382 "https://troop537.org/buy.php?042000023.html" "Mozilla/5.0 AppleWebKit/537.36 (KHTML, like Gecko; compatible; GPTBot/1.4; +https://openai.com/gptbot)"
74.7.227.165 - - [22/May/2026:08:27:25 -0400] "GET /buy.php?jp/021000094.html HTTP/1.1" 200 20363 "https://troop537.org/buy.php?shadowtail-3ujreqs6slfqxo3ffiljx7az3e" "Mozilla/5.0 AppleWebKit/537.36 (KHTML, like Gecko; compatible; GPTBot/1.4; +https://openai.com/gptbot)"
74.7.227.165 - - [22/May/2026:08:27:37 -0400] "GET /buy.php?220018681.html HTTP/1.1" 200 19750 "https://troop537.org/buy.php?shadowtail-3ujreqs6slfqxo3ffiljx7az3e" "Mozilla/5.0 AppleWebKit/537.36 (KHTML, like Gecko; compatible; GPTBot/1.4; +https://openai.com/gptbot)"
74.7.227.165 - - [22/May/2026:08:27:38 -0400] "GET /buy.php?022018581.html HTTP/1.1" 200 21815 "https://troop537.org/buy.php?077000034.html" "Mozilla/5.0 AppleWebKit/537.36 (KHTML, like Gecko; compatible; GPTBot/1.4; +https://openai.com/gptbot)"
74.7.227.165 - - [22/May/2026:08:27:38 -0400] "GET /buy.php?daishinshop-916-135021 HTTP/1.1" 200 21645 "https://troop537.org/buy.php?198036857.html" "Mozilla/5.0 AppleWebKit/537.36 (KHTML, like Gecko; compatible; GPTBot/1.4; +https://openai.com/gptbot)"
74.7.227.165 - - [22/May/2026:08:27:39 -0400] "GET /buy.php?007000026.html HTTP/1.1" 200 20438 "https://troop537.org/buy.php?tanzan-shop-olkcufnrt7np4oanpflqfpv5cy-tan-1" "Mozilla/5.0 AppleWebKit/537.36 (KHTML, like Gecko; compatible; GPTBot/1.4; +https://openai.com/gptbot)"
74.7.227.165 - - [22/May/2026:08:27:39 -0400] "GET /buy.php?008000027.html HTTP/1.1" 200 19868 "https://troop537.org/buy.php?birena-readey-1-1" "Mozilla/5.0 AppleWebKit/537.36 (KHTML, like Gecko; compatible; GPTBot/1.4; +https://openai.com/gptbot)"
74.7.227.165 - - [22/May/2026:08:27:52 -0400] "GET /buy.php?166046701.html HTTP/1.1" 200 18966 "https://troop537.org/buy.php?088000881.html" "Mozilla/5.0 AppleWebKit/537.36 (KHTML, like Gecko; compatible; GPTBot/1.4; +https://openai.com/gptbot)"
74.7.227.165 - - [22/May/2026:08:27:52 -0400] "GET /buy.php?103015636.html HTTP/1.1" 200 21033 "https://troop537.org/buy.php?054000057.html" "Mozilla/5.0 AppleWebKit/537.36 (KHTML, like Gecko; compatible; GPTBot/1.4; +https://openai.com/gptbot)"
74.7.227.165 - - [22/May/2026:08:27:53 -0400] "GET /buy.php?011000078.html HTTP/1.1" 200 20080 "https://troop537.org/buy.php?category/60_7873/1/listing" "Mozilla/5.0 AppleWebKit/537.36 (KHTML, like Gecko; compatible; GPTBot/1.4; +https://openai.com/gptbot)"
74.7.227.165 - - [22/May/2026:08:27:54 -0400] "GET /buy.php?010001033.html HTTP/1.1" 200 21640 "https://troop537.org/buy.php?bungoot-ed2294148" "Mozilla/5.0 AppleWebKit/537.36 (KHTML, like Gecko; compatible; GPTBot/1.4; +https://openai.com/gptbot)"
74.7.227.165 - - [22/May/2026:08:27:54 -0400] "GET /buy.php?060000409.html HTTP/1.1" 200 20996 "https://troop537.org/buy.php?ajimura4861-b007nipyzs" "Mozilla/5.0 AppleWebKit/537.36 (KHTML, like Gecko; compatible; GPTBot/1.4; +https://openai.com/gptbot)"
74.7.227.165 - - [22/May/2026:08:27:55 -0400] "GET /buy.php?070000595.html HTTP/1.1" 200 19450 "https://troop537.org/buy.php?070000517.html" "Mozilla/5.0 AppleWebKit/537.36 (KHTML, like Gecko; compatible; GPTBot/1.4; +https://openai.com/gptbot)"
74.7.227.165 - - [22/May/2026:08:27:56 -0400] "GET /buy.php?064004339.html HTTP/1.1" 200 21018 "https://troop537.org/buy.php?220018681.html" "Mozilla/5.0 AppleWebKit/537.36 (KHTML, like Gecko; compatible; GPTBot/1.4; +https://openai.com/gptbot)"
74.7.227.165 - - [22/May/2026:08:27:57 -0400] "GET /buy.php?category/728_2926/1/listing HTTP/1.1" 200 19986 "https://troop537.org/buy.php?022018581.html" "Mozilla/5.0 AppleWebKit/537.36 (KHTML, like Gecko; compatible; GPTBot/1.4; +https://openai.com/gptbot)"
74.7.227.165 - - [22/May/2026:08:27:58 -0400] "GET /buy.php?018000089.html HTTP/1.1" 200 19606 "https://troop537.org/buy.php?018000011.html" "Mozilla/5.0 AppleWebKit/537.36 (KHTML, like Gecko; compatible; GPTBot/1.4; +https://openai.com/gptbot)"
74.7.227.165 - - [22/May/2026:08:27:58 -0400] "GET /buy.php?068000055.html HTTP/1.1" 200 22007 "https://troop537.org/buy.php?068000063.html" "Mozilla/5.0 AppleWebKit/537.36 (KHTML, like Gecko; compatible; GPTBot/1.4; +https://openai.com/gptbot)"
74.7.227.165 - - [22/May/2026:08:28:00 -0400] "GET /buy.php?detail/282025808525 HTTP/1.1" 200 19642 "https://troop537.org/buy.php?008000027.html" "Mozilla/5.0 AppleWebKit/537.36 (KHTML, like Gecko; compatible; GPTBot/1.4; +https://openai.com/gptbot)"
74.7.227.165 - - [22/May/2026:08:28:01 -0400] "GET /buy.php?090000993.html HTTP/1.1" 200 20183 "https://troop537.org/buy.php?090002933.html" "Mozilla/5.0 AppleWebKit/537.36 (KHTML, like Gecko; compatible; GPTBot/1.4; +https://openai.com/gptbot)"
74.7.227.165 - - [22/May/2026:08:28:01 -0400] "GET /buy.php?103014744.html HTTP/1.1" 200 20901 "https://troop537.org/buy.php?103015636.html" "Mozilla/5.0 AppleWebKit/537.36 (KHTML, like Gecko; compatible; GPTBot/1.4; +https://openai.com/gptbot)"
74.7.227.165 - - [22/May/2026:08:28:02 -0400] "GET /buy.php?189014356.html HTTP/1.1" 200 20305 "https://troop537.org/buy.php?011000078.html" "Mozilla/5.0 AppleWebKit/537.36 (KHTML, like Gecko; compatible; GPTBot/1.4; +https://openai.com/gptbot)"
74.7.227.165 - - [22/May/2026:08:28:03 -0400] "GET /buy.php?jp/010000965.html HTTP/1.1" 200 21511 "https://troop537.org/buy.php?010001033.html" "Mozilla/5.0 AppleWebKit/537.36 (KHTML, like Gecko; compatible; GPTBot/1.4; +https://openai.com/gptbot)"
74.7.227.165 - - [22/May/2026:08:28:03 -0400] "GET /buy.php?211004152.html HTTP/1.1" 200 20075 "https://troop537.org/buy.php?060000409.html" "Mozilla/5.0 AppleWebKit/537.36 (KHTML, like Gecko; compatible; GPTBot/1.4; +https://openai.com/gptbot)"
74.7.227.165 - - [22/May/2026:08:28:04 -0400] "GET /buy.php?070000203.html HTTP/1.1" 200 19636 "https://troop537.org/buy.php?070000595.html" "Mozilla/5.0 AppleWebKit/537.36 (KHTML, like Gecko; compatible; GPTBot/1.4; +https://openai.com/gptbot)"
74.7.227.165 - - [22/May/2026:08:28:05 -0400] "GET /buy.php?060000755.html HTTP/1.1" 200 20794 "https://troop537.org/buy.php?060000409.html" "Mozilla/5.0 AppleWebKit/537.36 (KHTML, like Gecko; compatible; GPTBot/1.4; +https://openai.com/gptbot)"
74.7.227.165 - - [22/May/2026:08:28:05 -0400] "GET /buy.php?070000177.html HTTP/1.1" 200 19823 "https://troop537.org/buy.php?070000595.html" "Mozilla/5.0 AppleWebKit/537.36 (KHTML, like Gecko; compatible; GPTBot/1.4; +https://openai.com/gptbot)"
74.7.227.165 - - [22/May/2026:08:28:06 -0400] "GET /buy.php?auc-auto-wear-1637821580 HTTP/1.1" 200 19504 "https://troop537.org/buy.php?018000089.html" "Mozilla/5.0 AppleWebKit/537.36 (KHTML, like Gecko; compatible; GPTBot/1.4; +https://openai.com/gptbot)"
74.7.227.165 - - [22/May/2026:08:28:07 -0400] "GET /buy.php?018000085.html HTTP/1.1" 200 21043 "https://troop537.org/buy.php?018000089.html" "Mozilla/5.0 AppleWebKit/537.36 (KHTML, like Gecko; compatible; GPTBot/1.4; +https://openai.com/gptbot)"
74.7.227.165 - - [22/May/2026:08:28:10 -0400] "GET /buy.php?g-bike-13936-29144 HTTP/1.1" 200 20368 "https://troop537.org/buy.php?detail/282025808525" "Mozilla/5.0 AppleWebKit/537.36 (KHTML, like Gecko; compatible; GPTBot/1.4; +https://openai.com/gptbot)"
74.7.227.165 - - [22/May/2026:08:28:15 -0400] "GET /buy.php?goods/002044809 HTTP/1.1" 200 19 "https://troop537.org/buy.php?detail/282025808525" "Mozilla/5.0 AppleWebKit/537.36 (KHTML, like Gecko; compatible; GPTBot/1.4; +https://openai.com/gptbot)"
74.7.227.165 - - [22/May/2026:08:28:35 -0400] "GET /buy.php?detail/1030029585733 HTTP/1.1" 200 20208 "https://troop537.org/buy.php?103014744.html" "Mozilla/5.0 AppleWebKit/537.36 (KHTML, like Gecko; compatible; GPTBot/1.4; +https://openai.com/gptbot)"
74.7.227.165 - - [22/May/2026:08:28:36 -0400] "GET /buy.php?goods/218011819 HTTP/1.1" 200 22360 "https://troop537.org/buy.php?detail/282025808525" "Mozilla/5.0 AppleWebKit/537.36 (KHTML, like Gecko; compatible; GPTBot/1.4; +https://openai.com/gptbot)"
66.249.79.8 - - [22/May/2026:08:28:38 -0400] "GET /product/067037670 HTTP/1.1" 200 17283 "-" "Mozilla/5.0 (Linux; Android 6.0.1; Nexus 5X Build/MMB29P) AppleWebKit/537.36 (KHTML, like Gecko) Chrome/148.0.7778.96 Mobile Safari/537.36 (compatible; GoogleOther)"
74.7.227.165 - - [22/May/2026:08:28:36 -0400] "GET /buy.php?103002970.html HTTP/1.1" 200 19784 "https://troop537.org/buy.php?103014744.html" "Mozilla/5.0 AppleWebKit/537.36 (KHTML, like Gecko; compatible; GPTBot/1.4; +https://openai.com/gptbot)"
74.7.227.165 - - [22/May/2026:08:28:39 -0400] "GET /buy.php?211002942.html HTTP/1.1" 200 19773 "https://troop537.org/buy.php?211004152.html" "Mozilla/5.0 AppleWebKit/537.36 (KHTML, like Gecko; compatible; GPTBot/1.4; +https://openai.com/gptbot)"
74.7.227.165 - - [22/May/2026:08:28:40 -0400] "GET /buy.php?211002944.html HTTP/1.1" 200 19774 "https://troop537.org/buy.php?211004152.html" "Mozilla/5.0 AppleWebKit/537.36 (KHTML, like Gecko; compatible; GPTBot/1.4; +https://openai.com/gptbot)"
74.7.227.165 - - [22/May/2026:08:28:40 -0400] "GET /buy.php?094042119.html HTTP/1.1" 200 20854 "https://troop537.org/buy.php?211004152.html" "Mozilla/5.0 AppleWebKit/537.36 (KHTML, like Gecko; compatible; GPTBot/1.4; +https://openai.com/gptbot)"
74.7.227.165 - - [22/May/2026:08:28:41 -0400] "GET /buy.php?077046874.html HTTP/1.1" 200 22284 "https://troop537.org/buy.php?090000993.html" "Mozilla/5.0 AppleWebKit/537.36 (KHTML, like Gecko; compatible; GPTBot/1.4; +https://openai.com/gptbot)"
74.7.227.165 - - [22/May/2026:08:28:42 -0400] "GET /buy.php?store-express-61-101-6-2 HTTP/1.1" 200 22186 "https://troop537.org/buy.php?auc-auto-wear-1637821580" "Mozilla/5.0 AppleWebKit/537.36 (KHTML, like Gecko; compatible; GPTBot/1.4; +https://openai.com/gptbot)"
74.7.227.165 - - [22/May/2026:08:28:42 -0400] "GET /buy.php?worldmat-bm0091-wf HTTP/1.1" 200 20903 "https://troop537.org/buy.php?018000085.html" "Mozilla/5.0 AppleWebKit/537.36 (KHTML, like Gecko; compatible; GPTBot/1.4; +https://openai.com/gptbot)"
74.7.227.165 - - [22/May/2026:08:28:43 -0400] "GET /buy.php?034043029.html HTTP/1.1" 200 19932 "https://troop537.org/buy.php?018000085.html" "Mozilla/5.0 AppleWebKit/537.36 (KHTML, like Gecko; compatible; GPTBot/1.4; +https://openai.com/gptbot)"
74.7.227.165 - - [22/May/2026:08:28:44 -0400] "GET /buy.php?049005964.html HTTP/1.1" 200 19766 "https://troop537.org/buy.php?g-bike-13936-29144" "Mozilla/5.0 AppleWebKit/537.36 (KHTML, like Gecko; compatible; GPTBot/1.4; +https://openai.com/gptbot)"
74.7.227.165 - - [22/May/2026:08:28:44 -0400] "GET /buy.php?049005956.html HTTP/1.1" 200 19887 "https://troop537.org/buy.php?g-bike-13936-29144" "Mozilla/5.0 AppleWebKit/537.36 (KHTML, like Gecko; compatible; GPTBot/1.4; +https://openai.com/gptbot)"
74.7.227.165 - - [22/May/2026:08:28:45 -0400] "GET /buy.php?049005966.html HTTP/1.1" 200 19468 "https://troop537.org/buy.php?g-bike-13936-29144" "Mozilla/5.0 AppleWebKit/537.36 (KHTML, like Gecko; compatible; GPTBot/1.4; +https://openai.com/gptbot)"
74.7.227.165 - - [22/May/2026:08:28:47 -0400] "GET /buy.php?goods/103012060 HTTP/1.1" 200 20401 "https://troop537.org/buy.php?103002970.html" "Mozilla/5.0 AppleWebKit/537.36 (KHTML, like Gecko; compatible; GPTBot/1.4; +https://openai.com/gptbot)"
74.7.227.165 - - [22/May/2026:08:28:47 -0400] "GET /buy.php?211004088.html HTTP/1.1" 200 20131 "https://troop537.org/buy.php?211002942.html" "Mozilla/5.0 AppleWebKit/537.36 (KHTML, like Gecko; compatible; GPTBot/1.4; +https://openai.com/gptbot)"
74.7.227.165 - - [22/May/2026:08:28:52 -0400] "GET /buy.php?050033265.html HTTP/1.1" 200 18945 "https://troop537.org/buy.php?211002944.html" "Mozilla/5.0 AppleWebKit/537.36 (KHTML, like Gecko; compatible; GPTBot/1.4; +https://openai.com/gptbot)"
74.7.227.165 - - [22/May/2026:08:28:53 -0400] "GET /buy.php?211004092.html HTTP/1.1" 200 20166 "https://troop537.org/buy.php?211002942.html" "Mozilla/5.0 AppleWebKit/537.36 (KHTML, like Gecko; compatible; GPTBot/1.4; +https://openai.com/gptbot)"
74.7.227.165 - - [22/May/2026:08:28:53 -0400] "GET /buy.php?034029167.html HTTP/1.1" 200 20960 "https://troop537.org/buy.php?077046874.html" "Mozilla/5.0 AppleWebKit/537.36 (KHTML, like Gecko; compatible; GPTBot/1.4; +https://openai.com/gptbot)"
74.7.227.165 - - [22/May/2026:08:28:54 -0400] "GET /buy.php?112002153.html HTTP/1.1" 200 19899 "https://troop537.org/buy.php?103002970.html" "Mozilla/5.0 AppleWebKit/537.36 (KHTML, like Gecko; compatible; GPTBot/1.4; +https://openai.com/gptbot)"
74.7.227.165 - - [22/May/2026:08:28:55 -0400] "GET /buy.php?226025063.html HTTP/1.1" 200 19097 "https://troop537.org/buy.php?auc-auto-wear-1637821580" "Mozilla/5.0 AppleWebKit/537.36 (KHTML, like Gecko; compatible; GPTBot/1.4; +https://openai.com/gptbot)"
74.7.227.165 - - [22/May/2026:08:28:55 -0400] "GET /buy.php?130020507.html HTTP/1.1" 200 19802 "https://troop537.org/buy.php?034043029.html" "Mozilla/5.0 AppleWebKit/537.36 (KHTML, like Gecko; compatible; GPTBot/1.4; +https://openai.com/gptbot)"
74.7.227.165 - - [22/May/2026:08:28:56 -0400] "GET /buy.php?088029709.html HTTP/1.1" 200 19446 "https://troop537.org/buy.php?018000085.html" "Mozilla/5.0 AppleWebKit/537.36 (KHTML, like Gecko; compatible; GPTBot/1.4; +https://openai.com/gptbot)"
74.7.227.165 - - [22/May/2026:08:28:57 -0400] "GET /buy.php?057019368.html HTTP/1.1" 200 22480 "https://troop537.org/buy.php?049005956.html" "Mozilla/5.0 AppleWebKit/537.36 (KHTML, like Gecko; compatible; GPTBot/1.4; +https://openai.com/gptbot)"
74.7.227.165 - - [22/May/2026:08:28:57 -0400] "GET /buy.php?tkonline-5856929 HTTP/1.1" 200 19673 "https://troop537.org/buy.php?049005966.html" "Mozilla/5.0 AppleWebKit/537.36 (KHTML, like Gecko; compatible; GPTBot/1.4; +https://openai.com/gptbot)"
74.7.227.165 - - [22/May/2026:08:28:58 -0400] "GET /buy.php?077018804.html HTTP/1.1" 200 21912 "https://troop537.org/buy.php?049005966.html" "Mozilla/5.0 AppleWebKit/537.36 (KHTML, like Gecko; compatible; GPTBot/1.4; +https://openai.com/gptbot)"
74.7.227.165 - - [22/May/2026:08:28:58 -0400] "GET /buy.php?ajimura4861-b01n69wfot HTTP/1.1" 200 20543 "https://troop537.org/buy.php?211004088.html" "Mozilla/5.0 AppleWebKit/537.36 (KHTML, like Gecko; compatible; GPTBot/1.4; +https://openai.com/gptbot)"
74.7.227.165 - - [22/May/2026:08:29:01 -0400] "GET /buy.php?211004094.html HTTP/1.1" 200 20373 "https://troop537.org/buy.php?211002942.html" "Mozilla/5.0 AppleWebKit/537.36 (KHTML, like Gecko; compatible; GPTBot/1.4; +https://openai.com/gptbot)"
74.7.227.165 - - [22/May/2026:08:29:02 -0400] "GET /buy.php?186001099.html HTTP/1.1" 200 23401 "https://troop537.org/buy.php?211002942.html" "Mozilla/5.0 AppleWebKit/537.36 (KHTML, like Gecko; compatible; GPTBot/1.4; +https://openai.com/gptbot)"
74.7.227.165 - - [22/May/2026:08:29:02 -0400] "GET /buy.php?034013661.html HTTP/1.1" 200 20916 "https://troop537.org/buy.php?034029167.html" "Mozilla/5.0 AppleWebKit/537.36 (KHTML, like Gecko; compatible; GPTBot/1.4; +https://openai.com/gptbot)"
74.7.227.165 - - [22/May/2026:08:29:03 -0400] "GET /buy.php?112002719.html HTTP/1.1" 200 19832 "https://troop537.org/buy.php?112002153.html" "Mozilla/5.0 AppleWebKit/537.36 (KHTML, like Gecko; compatible; GPTBot/1.4; +https://openai.com/gptbot)"
