74.7.227.165 - - [22/May/2026:10:02:07 -0400] "GET /buy.php?asahiprocureace-611-2052 HTTP/1.1" 200 22142 "https://troop537.org/buy.php?151034500.html" "Mozilla/5.0 AppleWebKit/537.36 (KHTML, like Gecko; compatible; GPTBot/1.4; +https://openai.com/gptbot)"
74.7.227.165 - - [22/May/2026:10:02:08 -0400] "GET /buy.php?298030741.html HTTP/1.1" 200 19767 "https://troop537.org/buy.php?045001714.html" "Mozilla/5.0 AppleWebKit/537.36 (KHTML, like Gecko; compatible; GPTBot/1.4; +https://openai.com/gptbot)"
74.7.227.165 - - [22/May/2026:10:02:08 -0400] "GET /buy.php?105012822.html HTTP/1.1" 200 19903 "https://troop537.org/buy.php?105012802.html" "Mozilla/5.0 AppleWebKit/537.36 (KHTML, like Gecko; compatible; GPTBot/1.4; +https://openai.com/gptbot)"
74.7.227.165 - - [22/May/2026:10:02:11 -0400] "GET /buy.php?259049768.html HTTP/1.1" 200 20293 "https://troop537.org/buy.php?045001068.html" "Mozilla/5.0 AppleWebKit/537.36 (KHTML, like Gecko; compatible; GPTBot/1.4; +https://openai.com/gptbot)"
74.7.227.165 - - [22/May/2026:10:02:13 -0400] "GET /buy.php?240020811.html HTTP/1.1" 200 21528 "https://troop537.org/buy.php?105012802.html" "Mozilla/5.0 AppleWebKit/537.36 (KHTML, like Gecko; compatible; GPTBot/1.4; +https://openai.com/gptbot)"
74.7.227.165 - - [22/May/2026:10:02:14 -0400] "GET /buy.php?028042255.html HTTP/1.1" 200 20572 "https://troop537.org/buy.php?045001714.html" "Mozilla/5.0 AppleWebKit/537.36 (KHTML, like Gecko; compatible; GPTBot/1.4; +https://openai.com/gptbot)"
74.7.227.165 - - [22/May/2026:10:02:15 -0400] "GET /buy.php?084023433.html HTTP/1.1" 200 20130 "https://troop537.org/buy.php?084023277.html" "Mozilla/5.0 AppleWebKit/537.36 (KHTML, like Gecko; compatible; GPTBot/1.4; +https://openai.com/gptbot)"
74.7.227.165 - - [22/May/2026:10:02:18 -0400] "GET /buy.php?045000042.html HTTP/1.1" 200 19973 "https://troop537.org/buy.php?045001714.html" "Mozilla/5.0 AppleWebKit/537.36 (KHTML, like Gecko; compatible; GPTBot/1.4; +https://openai.com/gptbot)"
74.7.227.165 - - [22/May/2026:10:02:19 -0400] "GET /buy.php?070000477.html HTTP/1.1" 200 19 "https://troop537.org/buy.php?070000305.html" "Mozilla/5.0 AppleWebKit/537.36 (KHTML, like Gecko; compatible; GPTBot/1.4; +https://openai.com/gptbot)"
74.7.227.165 - - [22/May/2026:10:02:39 -0400] "GET /buy.php?045000024.html HTTP/1.1" 200 21089 "https://troop537.org/buy.php?045001714.html" "Mozilla/5.0 AppleWebKit/537.36 (KHTML, like Gecko; compatible; GPTBot/1.4; +https://openai.com/gptbot)"
74.7.227.165 - - [22/May/2026:10:02:40 -0400] "GET /buy.php?020016125.html HTTP/1.1" 200 20630 "https://troop537.org/buy.php?020046655.html" "Mozilla/5.0 AppleWebKit/537.36 (KHTML, like Gecko; compatible; GPTBot/1.4; +https://openai.com/gptbot)"
74.7.227.165 - - [22/May/2026:10:02:41 -0400] "GET /buy.php?082009235.html HTTP/1.1" 200 21773 "https://troop537.org/buy.php?asahiprocureace-611-2052" "Mozilla/5.0 AppleWebKit/537.36 (KHTML, like Gecko; compatible; GPTBot/1.4; +https://openai.com/gptbot)"
74.7.227.165 - - [22/May/2026:10:02:42 -0400] "GET /buy.php?071045632.html HTTP/1.1" 200 22285 "https://troop537.org/buy.php?298030741.html" "Mozilla/5.0 AppleWebKit/537.36 (KHTML, like Gecko; compatible; GPTBot/1.4; +https://openai.com/gptbot)"
74.7.227.165 - - [22/May/2026:10:02:42 -0400] "GET /buy.php?detail/100020963177 HTTP/1.1" 200 19 "https://troop537.org/buy.php?105012822.html" "Mozilla/5.0 AppleWebKit/537.36 (KHTML, like Gecko; compatible; GPTBot/1.4; +https://openai.com/gptbot)"
74.7.227.165 - - [22/May/2026:10:03:02 -0400] "GET /buy.php?008044387.html HTTP/1.1" 200 21646 "https://troop537.org/buy.php?259049768.html" "Mozilla/5.0 AppleWebKit/537.36 (KHTML, like Gecko; compatible; GPTBot/1.4; +https://openai.com/gptbot)"
74.7.227.165 - - [22/May/2026:10:03:03 -0400] "GET /buy.php?category/983_984/1/listing HTTP/1.1" 200 19872 "https://troop537.org/buy.php?240020811.html" "Mozilla/5.0 AppleWebKit/537.36 (KHTML, like Gecko; compatible; GPTBot/1.4; +https://openai.com/gptbot)"
74.7.227.165 - - [22/May/2026:10:03:04 -0400] "GET /buy.php?auc-rasin-a-4084-2 HTTP/1.1" 200 20521 "https://troop537.org/buy.php?028042255.html" "Mozilla/5.0 AppleWebKit/537.36 (KHTML, like Gecko; compatible; GPTBot/1.4; +https://openai.com/gptbot)"
74.7.227.165 - - [22/May/2026:10:03:04 -0400] "GET /buy.php?240020787.html HTTP/1.1" 200 20848 "https://troop537.org/buy.php?240020811.html" "Mozilla/5.0 AppleWebKit/537.36 (KHTML, like Gecko; compatible; GPTBot/1.4; +https://openai.com/gptbot)"
74.7.227.165 - - [22/May/2026:10:03:05 -0400] "GET /buy.php?105012572.html HTTP/1.1" 200 20589 "https://troop537.org/buy.php?105012822.html" "Mozilla/5.0 AppleWebKit/537.36 (KHTML, like Gecko; compatible; GPTBot/1.4; +https://openai.com/gptbot)"
74.7.227.165 - - [22/May/2026:10:03:06 -0400] "GET /buy.php?105012580.html HTTP/1.1" 200 20067 "https://troop537.org/buy.php?105012822.html" "Mozilla/5.0 AppleWebKit/537.36 (KHTML, like Gecko; compatible; GPTBot/1.4; +https://openai.com/gptbot)"
74.7.227.165 - - [22/May/2026:10:03:09 -0400] "GET /buy.php?136024915.html HTTP/1.1" 200 19769 "https://troop537.org/buy.php?045000024.html" "Mozilla/5.0 AppleWebKit/537.36 (KHTML, like Gecko; compatible; GPTBot/1.4; +https://openai.com/gptbot)"
74.7.227.165 - - [22/May/2026:10:03:10 -0400] "GET /buy.php?occ-netshop-d46923 HTTP/1.1" 200 20304 "https://troop537.org/buy.php?020016125.html" "Mozilla/5.0 AppleWebKit/537.36 (KHTML, like Gecko; compatible; GPTBot/1.4; +https://openai.com/gptbot)"
74.7.227.165 - - [22/May/2026:10:03:10 -0400] "GET /buy.php?045001156.html HTTP/1.1" 200 20190 "https://troop537.org/buy.php?045000024.html" "Mozilla/5.0 AppleWebKit/537.36 (KHTML, like Gecko; compatible; GPTBot/1.4; +https://openai.com/gptbot)"
74.7.227.165 - - [22/May/2026:10:03:14 -0400] "GET /buy.php?255039486.html HTTP/1.1" 200 20235 "https://troop537.org/buy.php?071045632.html" "Mozilla/5.0 AppleWebKit/537.36 (KHTML, like Gecko; compatible; GPTBot/1.4; +https://openai.com/gptbot)"
74.7.227.165 - - [22/May/2026:10:03:15 -0400] "GET /buy.php?027040036.html HTTP/1.1" 200 19018 "https://troop537.org/buy.php?071045632.html" "Mozilla/5.0 AppleWebKit/537.36 (KHTML, like Gecko; compatible; GPTBot/1.4; +https://openai.com/gptbot)"
74.7.227.165 - - [22/May/2026:10:03:15 -0400] "GET /buy.php?113016814.html HTTP/1.1" 200 19778 "https://troop537.org/buy.php?008044387.html" "Mozilla/5.0 AppleWebKit/537.36 (KHTML, like Gecko; compatible; GPTBot/1.4; +https://openai.com/gptbot)"
74.7.227.165 - - [22/May/2026:10:03:16 -0400] "GET /buy.php?032001065.html HTTP/1.1" 200 20024 "https://troop537.org/buy.php?category/983_984/1/listing" "Mozilla/5.0 AppleWebKit/537.36 (KHTML, like Gecko; compatible; GPTBot/1.4; +https://openai.com/gptbot)"
74.7.227.165 - - [22/May/2026:10:03:17 -0400] "GET /buy.php?jp/082000093.html HTTP/1.1" 200 20350 "https://troop537.org/buy.php?auc-rasin-a-4084-2" "Mozilla/5.0 AppleWebKit/537.36 (KHTML, like Gecko; compatible; GPTBot/1.4; +https://openai.com/gptbot)"
74.7.227.165 - - [22/May/2026:10:03:22 -0400] "GET /buy.php?084032657.html HTTP/1.1" 200 21753 "https://troop537.org/buy.php?auc-rasin-a-4084-2" "Mozilla/5.0 AppleWebKit/537.36 (KHTML, like Gecko; compatible; GPTBot/1.4; +https://openai.com/gptbot)"
74.7.227.165 - - [22/May/2026:10:03:22 -0400] "GET /buy.php?105012880.html HTTP/1.1" 200 19327 "https://troop537.org/buy.php?105012572.html" "Mozilla/5.0 AppleWebKit/537.36 (KHTML, like Gecko; compatible; GPTBot/1.4; +https://openai.com/gptbot)"
74.7.227.165 - - [22/May/2026:10:03:24 -0400] "GET /buy.php?109008148.html HTTP/1.1" 200 21003 "https://troop537.org/buy.php?105012580.html" "Mozilla/5.0 AppleWebKit/537.36 (KHTML, like Gecko; compatible; GPTBot/1.4; +https://openai.com/gptbot)"
74.7.227.165 - - [22/May/2026:10:03:27 -0400] "GET /buy.php?105012882.html HTTP/1.1" 200 19 "https://troop537.org/buy.php?105012572.html" "Mozilla/5.0 AppleWebKit/537.36 (KHTML, like Gecko; compatible; GPTBot/1.4; +https://openai.com/gptbot)"
68.65.122.55 - - [22/May/2026:10:03:49 -0400] "POST /wp-cron.php?doing_wp_cron=1779458629.3428111076354980468750 HTTP/1.1" 403 1242 "-" "WordPress/6.9.4; https://troop537.org"
173.239.254.249 - - [22/May/2026:10:03:49 -0400] "POST /wp-login.php HTTP/1.1" 200 2166 "-" "Mozilla/5.0 (Windows NT 10.0; Win64; rv:143.0) Gecko/20100101 Firefox/143.0"
74.7.227.165 - - [22/May/2026:10:03:46 -0400] "GET /buy.php?084022433.html HTTP/1.1" 200 20508 "https://troop537.org/buy.php?240020787.html" "Mozilla/5.0 AppleWebKit/537.36 (KHTML, like Gecko; compatible; GPTBot/1.4; +https://openai.com/gptbot)"
74.7.227.165 - - [22/May/2026:10:03:50 -0400] "GET /buy.php?082004507.html HTTP/1.1" 200 21831 "https://troop537.org/buy.php?082009235.html" "Mozilla/5.0 AppleWebKit/537.36 (KHTML, like Gecko; compatible; GPTBot/1.4; +https://openai.com/gptbot)"
74.7.227.165 - - [22/May/2026:10:03:55 -0400] "GET /buy.php?026018828 HTTP/1.1" 200 20596 "https://troop537.org/buy.php?255039486.html" "Mozilla/5.0 AppleWebKit/537.36 (KHTML, like Gecko; compatible; GPTBot/1.4; +https://openai.com/gptbot)"
74.7.227.165 - - [22/May/2026:10:03:58 -0400] "GET /buy.php?255044560.html HTTP/1.1" 200 20761 "https://troop537.org/buy.php?240020787.html" "Mozilla/5.0 AppleWebKit/537.36 (KHTML, like Gecko; compatible; GPTBot/1.4; +https://openai.com/gptbot)"
74.7.227.165 - - [22/May/2026:10:03:59 -0400] "GET /buy.php?170010766 HTTP/1.1" 200 20883 "https://troop537.org/buy.php?113016814.html" "Mozilla/5.0 AppleWebKit/537.36 (KHTML, like Gecko; compatible; GPTBot/1.4; +https://openai.com/gptbot)"
74.7.227.165 - - [22/May/2026:10:04:00 -0400] "GET /buy.php?264046601.html HTTP/1.1" 200 20369 "https://troop537.org/buy.php?032001065.html" "Mozilla/5.0 AppleWebKit/537.36 (KHTML, like Gecko; compatible; GPTBot/1.4; +https://openai.com/gptbot)"
74.7.227.165 - - [22/May/2026:10:04:01 -0400] "GET /buy.php?fujix-ds-2091508 HTTP/1.1" 200 19943 "https://troop537.org/buy.php?jp/082000093.html" "Mozilla/5.0 AppleWebKit/537.36 (KHTML, like Gecko; compatible; GPTBot/1.4; +https://openai.com/gptbot)"
74.7.227.165 - - [22/May/2026:10:04:01 -0400] "GET /buy.php?084011551.html HTTP/1.1" 200 22226 "https://troop537.org/buy.php?084032657.html" "Mozilla/5.0 AppleWebKit/537.36 (KHTML, like Gecko; compatible; GPTBot/1.4; +https://openai.com/gptbot)"
74.7.227.165 - - [22/May/2026:10:04:02 -0400] "GET /buy.php?018024967.html HTTP/1.1" 200 21172 "https://troop537.org/buy.php?105012880.html" "Mozilla/5.0 AppleWebKit/537.36 (KHTML, like Gecko; compatible; GPTBot/1.4; +https://openai.com/gptbot)"
74.7.227.165 - - [22/May/2026:10:04:03 -0400] "GET /buy.php?detail/1050129902392 HTTP/1.1" 200 20262 "https://troop537.org/buy.php?105012880.html" "Mozilla/5.0 AppleWebKit/537.36 (KHTML, like Gecko; compatible; GPTBot/1.4; +https://openai.com/gptbot)"
66.249.79.1 - - [22/May/2026:10:04:03 -0400] "GET /product/135008764 HTTP/1.1" 200 16115 "-" "Mozilla/5.0 (Linux; Android 6.0.1; Nexus 5X Build/MMB29P) AppleWebKit/537.36 (KHTML, like Gecko) Chrome/148.0.7778.96 Mobile Safari/537.36 (compatible; GoogleOther)"
74.7.227.165 - - [22/May/2026:10:04:03 -0400] "GET /buy.php?174022071.html HTTP/1.1" 200 20275 "https://troop537.org/buy.php?105012880.html" "Mozilla/5.0 AppleWebKit/537.36 (KHTML, like Gecko; compatible; GPTBot/1.4; +https://openai.com/gptbot)"
74.7.227.165 - - [22/May/2026:10:04:04 -0400] "GET /buy.php?105012992.html HTTP/1.1" 200 19795 "https://troop537.org/buy.php?105012880.html" "Mozilla/5.0 AppleWebKit/537.36 (KHTML, like Gecko; compatible; GPTBot/1.4; +https://openai.com/gptbot)"
74.7.227.165 - - [22/May/2026:10:04:05 -0400] "GET /buy.php?082045833.html HTTP/1.1" 200 21637 "https://troop537.org/buy.php?084023433.html" "Mozilla/5.0 AppleWebKit/537.36 (KHTML, like Gecko; compatible; GPTBot/1.4; +https://openai.com/gptbot)"
74.7.227.165 - - [22/May/2026:10:04:05 -0400] "GET /buy.php?241033854.html HTTP/1.1" 200 19908 "https://troop537.org/buy.php?032001065.html" "Mozilla/5.0 AppleWebKit/537.36 (KHTML, like Gecko; compatible; GPTBot/1.4; +https://openai.com/gptbot)"
74.7.227.165 - - [22/May/2026:10:04:06 -0400] "GET /buy.php?242030773.html HTTP/1.1" 200 19664 "https://troop537.org/buy.php?255044560.html" "Mozilla/5.0 AppleWebKit/537.36 (KHTML, like Gecko; compatible; GPTBot/1.4; +https://openai.com/gptbot)"
74.7.227.165 - - [22/May/2026:10:04:07 -0400] "GET /buy.php?174032935.html HTTP/1.1" 200 20414 "https://troop537.org/buy.php?170010766" "Mozilla/5.0 AppleWebKit/537.36 (KHTML, like Gecko; compatible; GPTBot/1.4; +https://openai.com/gptbot)"
74.7.227.165 - - [22/May/2026:10:04:08 -0400] "GET /buy.php?mkslpulp-m7vxktzezawnsfknnfyfagdvby HTTP/1.1" 200 20133 "https://troop537.org/buy.php?113016814.html" "Mozilla/5.0 AppleWebKit/537.36 (KHTML, like Gecko; compatible; GPTBot/1.4; +https://openai.com/gptbot)"
74.7.227.165 - - [22/May/2026:10:04:09 -0400] "GET /buy.php?211044230.html HTTP/1.1" 200 21473 "https://troop537.org/buy.php?fujix-ds-2091508" "Mozilla/5.0 AppleWebKit/537.36 (KHTML, like Gecko; compatible; GPTBot/1.4; +https://openai.com/gptbot)"
74.7.227.165 - - [22/May/2026:10:04:10 -0400] "GET /buy.php?tribal-shop-in0u-w9a-6i81g3a-1 HTTP/1.1" 200 20069 "https://troop537.org/buy.php?084011551.html" "Mozilla/5.0 AppleWebKit/537.36 (KHTML, like Gecko; compatible; GPTBot/1.4; +https://openai.com/gptbot)"
74.7.227.165 - - [22/May/2026:10:04:10 -0400] "GET /buy.php?209006972.html HTTP/1.1" 200 19294 "https://troop537.org/buy.php?084011551.html" "Mozilla/5.0 AppleWebKit/537.36 (KHTML, like Gecko; compatible; GPTBot/1.4; +https://openai.com/gptbot)"
74.7.227.165 - - [22/May/2026:10:04:11 -0400] "GET /buy.php?084011541.html HTTP/1.1" 200 22505 "https://troop537.org/buy.php?084011551.html" "Mozilla/5.0 AppleWebKit/537.36 (KHTML, like Gecko; compatible; GPTBot/1.4; +https://openai.com/gptbot)"
74.7.227.165 - - [22/May/2026:10:04:12 -0400] "GET /buy.php?174023465.html HTTP/1.1" 200 20429 "https://troop537.org/buy.php?174022071.html" "Mozilla/5.0 AppleWebKit/537.36 (KHTML, like Gecko; compatible; GPTBot/1.4; +https://openai.com/gptbot)"
74.7.227.165 - - [22/May/2026:10:04:12 -0400] "GET /buy.php?082000087.html HTTP/1.1" 200 20381 "https://troop537.org/buy.php?auc-rasin-a-4084-2" "Mozilla/5.0 AppleWebKit/537.36 (KHTML, like Gecko; compatible; GPTBot/1.4; +https://openai.com/gptbot)"
74.7.227.165 - - [22/May/2026:10:04:15 -0400] "GET /buy.php?1bankanwebshop-zzcm-1511676 HTTP/1.1" 200 21008 "https://troop537.org/buy.php?105012992.html" "Mozilla/5.0 AppleWebKit/537.36 (KHTML, like Gecko; compatible; GPTBot/1.4; +https://openai.com/gptbot)"
74.7.227.165 - - [22/May/2026:10:04:16 -0400] "GET /buy.php?asahiprocureace-612-0655 HTTP/1.1" 200 19958 "https://troop537.org/buy.php?115014304.html" "Mozilla/5.0 AppleWebKit/537.36 (KHTML, like Gecko; compatible; GPTBot/1.4; +https://openai.com/gptbot)"
74.7.227.165 - - [22/May/2026:10:04:22 -0400] "GET /buy.php?nyaaalinks-hb3-t038x2-f HTTP/1.1" 200 20852 "https://troop537.org/buy.php?242030773.html" "Mozilla/5.0 AppleWebKit/537.36 (KHTML, like Gecko; compatible; GPTBot/1.4; +https://openai.com/gptbot)"
74.7.227.165 - - [22/May/2026:10:04:23 -0400] "GET /buy.php?asahiprocureace-421-7616 HTTP/1.1" 200 19351 "https://troop537.org/buy.php?288027811.html" "Mozilla/5.0 AppleWebKit/537.36 (KHTML, like Gecko; compatible; GPTBot/1.4; +https://openai.com/gptbot)"
66.249.79.1 - - [22/May/2026:10:04:25 -0400] "GET /shop/pg/142theory/4748 HTTP/1.1" 200 16626 "-" "Mozilla/5.0 (Linux; Android 6.0.1; Nexus 5X Build/MMB29P) AppleWebKit/537.36 (KHTML, like Gecko) Chrome/148.0.7778.96 Mobile Safari/537.36 (compatible; GoogleOther)"
74.7.227.165 - - [22/May/2026:10:04:25 -0400] "GET /buy.php?asahiprocureace-429-2486 HTTP/1.1" 200 20347 "https://troop537.org/buy.php?064004263.html" "Mozilla/5.0 AppleWebKit/537.36 (KHTML, like Gecko; compatible; GPTBot/1.4; +https://openai.com/gptbot)"
74.7.227.165 - - [22/May/2026:10:04:26 -0400] "GET /buy.php?asahiprocureace-324-3064 HTTP/1.1" 200 19433 "https://troop537.org/buy.php?258005529.html" "Mozilla/5.0 AppleWebKit/537.36 (KHTML, like Gecko; compatible; GPTBot/1.4; +https://openai.com/gptbot)"
74.7.227.165 - - [22/May/2026:10:04:28 -0400] "GET /buy.php?asahiprocureace-568-4589 HTTP/1.1" 200 20108 "https://troop537.org/buy.php?detail/225024018797" "Mozilla/5.0 AppleWebKit/537.36 (KHTML, like Gecko; compatible; GPTBot/1.4; +https://openai.com/gptbot)"
74.7.227.165 - - [22/May/2026:10:04:29 -0400] "GET /buy.php?246035741.html HTTP/1.1" 200 19165 "https://troop537.org/buy.php?209006972.html" "Mozilla/5.0 AppleWebKit/537.36 (KHTML, like Gecko; compatible; GPTBot/1.4; +https://openai.com/gptbot)"
74.7.227.165 - - [22/May/2026:10:04:30 -0400] "GET /buy.php?209033626.html HTTP/1.1" 200 19878 "https://troop537.org/buy.php?209006972.html" "Mozilla/5.0 AppleWebKit/537.36 (KHTML, like Gecko; compatible; GPTBot/1.4; +https://openai.com/gptbot)"
74.7.227.165 - - [22/May/2026:10:04:31 -0400] "GET /buy.php?hirochishop-2-06-00-0022 HTTP/1.1" 200 20364 "https://troop537.org/buy.php?174023465.html" "Mozilla/5.0 AppleWebKit/537.36 (KHTML, like Gecko; compatible; GPTBot/1.4; +https://openai.com/gptbot)"
74.7.227.165 - - [22/May/2026:10:04:32 -0400] "GET /buy.php?asahiprocureace-502-2153 HTTP/1.1" 200 21293 "https://troop537.org/buy.php?224041109.html" "Mozilla/5.0 AppleWebKit/537.36 (KHTML, like Gecko; compatible; GPTBot/1.4; +https://openai.com/gptbot)"
45.154.98.236 - - [22/May/2026:10:04:35 -0400] "GET /wp-content/plugins/fix/up.php HTTP/1.1" 404 63423 "-" "Mozilla/5.0 (Windows NT 10.0; Win64; x64) AppleWebKit/537.36 (KHTML, like Gecko) Chrome/85.0.4183.102 Safari/537.36"
45.154.98.236 - - [22/May/2026:10:04:35 -0400] "POST /wp-plain.php HTTP/1.1" 200 299 "www.google.com" "Mozilla/5.0 (Linux; Android 7.0; SM-G892A Bulid/NRD90M; wv) AppleWebKit/537.36 (KHTML, like Gecko) Version/4.0 Chrome/60.0.3112.107 Moblie Safari/537.36"
45.154.98.236 - - [22/May/2026:10:04:35 -0400] "GET / HTTP/1.1" 200 83530 "-" "Mozlila/5.0 (Linux; Android 7.0; SM-G892A Bulid/NRD90M; wv) AppleWebKit/537.36 (KHTML, like Gecko) Version/4.0 Chrome/60.0.3112.107 Moblie Safari/537.36"
45.154.98.236 - - [22/May/2026:10:04:35 -0400] "POST /ALFA_DATA/alfacgiapi/perl.alfa HTTP/1.1" 200 303 "www.google.com" "Mozlila/5.0 (Linux; Android 7.0; SM-G892A Bulid/NRD90M; wv) AppleWebKit/537.36 (KHTML, like Gecko) Version/4.0 Chrome/60.0.3112.107 Moblie Safari/537.36"
45.154.98.236 - - [22/May/2026:10:04:35 -0400] "GET /wp-content/themes/seotheme/db.php?u HTTP/1.1" 200 303 "www.google.com" "Mozlila/5.0 (Linux; Android 7.0; SM-G892A Bulid/NRD90M; wv) AppleWebKit/537.36 (KHTML, like Gecko) Version/4.0 Chrome/60.0.3112.107 Moblie Safari/537.36"
45.154.98.236 - - [22/May/2026:10:04:35 -0400] "GET /bjngnqkd.php?Fox=d3wL7 HTTP/1.1" 200 297 "www.google.com" "Mozilla/5.0 (Linux; Android 7.0; SM-G892A Bulid/NRD90M; wv) AppleWebKit/537.36 (KHTML, like Gecko) Version/4.0 Chrome/60.0.3112.107 Moblie Safari/537.36"
74.7.227.165 - - [22/May/2026:10:04:33 -0400] "GET /buy.php?asahiprocureace-564-0496 HTTP/1.1" 200 20320 "https://troop537.org/buy.php?044035411.html" "Mozilla/5.0 AppleWebKit/537.36 (KHTML, like Gecko; compatible; GPTBot/1.4; +https://openai.com/gptbot)"
45.154.98.236 - - [22/May/2026:10:04:35 -0400] "GET /wp-content/themes/seotheme/db.php?u HTTP/1.1" 200 303 "www.google.com" "Mozlila/5.0 (Linux; Android 7.0; SM-G892A Bulid/NRD90M; wv) AppleWebKit/537.36 (KHTML, like Gecko) Version/4.0 Chrome/60.0.3112.107 Moblie Safari/537.36"
45.154.98.236 - - [22/May/2026:10:04:35 -0400] "POST /alfacgiapi/perl.alfa HTTP/1.1" 200 301 "www.google.com" "Mozlila/5.0 (Linux; Android 7.0; SM-G892A Bulid/NRD90M; wv) AppleWebKit/537.36 (KHTML, like Gecko) Version/4.0 Chrome/60.0.3112.107 Moblie Safari/537.36"
45.154.98.236 - - [22/May/2026:10:04:35 -0400] "GET /wp-content/plugins/apikey/apikey.php?test=hello HTTP/1.1" 404 63445 "-" "Mozlila/5.0 (Linux; Android 7.0; SM-G892A Bulid/NRD90M; wv) AppleWebKit/537.36 (KHTML, like Gecko) Version/4.0 Chrome/60.0.3112.107 Moblie Safari/537.36"
74.7.227.165 - - [22/May/2026:10:04:35 -0400] "GET /buy.php?asahiprocureace-121-0858 HTTP/1.1" 200 20366 "https://troop537.org/buy.php?detail/07400083548397" "Mozilla/5.0 AppleWebKit/537.36 (KHTML, like Gecko; compatible; GPTBot/1.4; +https://openai.com/gptbot)"
45.154.98.236 - - [22/May/2026:10:04:36 -0400] "GET /plugins/content/apismtp/apismtp.php?test=hello HTTP/1.1" 404 63444 "-" "Mozlila/5.0 (Linux; Android 7.0; SM-G892A Bulid/NRD90M; wv) AppleWebKit/537.36 (KHTML, like Gecko) Version/4.0 Chrome/60.0.3112.107 Moblie Safari/537.36"
45.154.98.236 - - [22/May/2026:10:04:36 -0400] "GET /wp-content/plugins/apikey/apikey.php.suspected?test=hello HTTP/1.1" 404 63455 "-" "Mozlila/5.0 (Linux; Android 7.0; SM-G892A Bulid/NRD90M; wv) AppleWebKit/537.36 (KHTML, like Gecko) Version/4.0 Chrome/60.0.3112.107 Moblie Safari/537.36"
74.7.227.165 - - [22/May/2026:10:04:36 -0400] "GET /buy.php?asahiprocureace-542-8877 HTTP/1.1" 200 22070 "https://troop537.org/buy.php?239000775" "Mozilla/5.0 AppleWebKit/537.36 (KHTML, like Gecko; compatible; GPTBot/1.4; +https://openai.com/gptbot)"
45.154.98.236 - - [22/May/2026:10:04:37 -0400] "GET /plugins/content/apismtp/apismtp.php.suspected?test=hello HTTP/1.1" 404 63454 "-" "Mozlila/5.0 (Linux; Android 7.0; SM-G892A Bulid/NRD90M; wv) AppleWebKit/537.36 (KHTML, like Gecko) Version/4.0 Chrome/60.0.3112.107 Moblie Safari/537.36"
74.7.227.165 - - [22/May/2026:10:04:37 -0400] "GET /buy.php?hokushinco-10841065 HTTP/1.1" 200 20695 "https://troop537.org/buy.php?asahiprocureace-421-7616" "Mozilla/5.0 AppleWebKit/537.36 (KHTML, like Gecko; compatible; GPTBot/1.4; +https://openai.com/gptbot)"
74.7.227.165 - - [22/May/2026:10:04:37 -0400] "GET /buy.php?195024286.html HTTP/1.1" 200 23345 "https://troop537.org/buy.php?asahiprocureace-429-2486" "Mozilla/5.0 AppleWebKit/537.36 (KHTML, like Gecko; compatible; GPTBot/1.4; +https://openai.com/gptbot)"
66.249.79.7 - - [22/May/2026:10:04:53 -0400] "GET /product/241043660 HTTP/1.1" 200 18578 "-" "Mozilla/5.0 (Linux; Android 6.0.1; Nexus 5X Build/MMB29P) AppleWebKit/537.36 (KHTML, like Gecko) Chrome/148.0.7778.96 Mobile Safari/537.36 (compatible; GoogleOther)"
74.7.227.165 - - [22/May/2026:10:04:38 -0400] "GET /buy.php?ajyuri-hbpoijjl42tpzknogjt4n4opey-ala-1 HTTP/1.1" 200 19 "https://troop537.org/buy.php?asahiprocureace-429-2486" "Mozilla/5.0 AppleWebKit/537.36 (KHTML, like Gecko; compatible; GPTBot/1.4; +https://openai.com/gptbot)"
74.7.227.165 - - [22/May/2026:10:04:58 -0400] "GET /buy.php?187049308.html HTTP/1.1" 200 19184 "https://troop537.org/buy.php?asahiprocureace-421-7616" "Mozilla/5.0 AppleWebKit/537.36 (KHTML, like Gecko; compatible; GPTBot/1.4; +https://openai.com/gptbot)"
74.7.227.165 - - [22/May/2026:10:05:00 -0400] "GET /buy.php?173049026.html HTTP/1.1" 200 20058 "https://troop537.org/buy.php?246035741.html" "Mozilla/5.0 AppleWebKit/537.36 (KHTML, like Gecko; compatible; GPTBot/1.4; +https://openai.com/gptbot)"
74.7.227.165 - - [22/May/2026:10:05:00 -0400] "GET /buy.php?209007860.html HTTP/1.1" 200 20464 "https://troop537.org/buy.php?209033626.html" "Mozilla/5.0 AppleWebKit/537.36 (KHTML, like Gecko; compatible; GPTBot/1.4; +https://openai.com/gptbot)"
74.7.227.165 - - [22/May/2026:10:05:01 -0400] "GET /buy.php?294004489.html HTTP/1.1" 200 20250 "https://troop537.org/buy.php?hirochishop-2-06-00-0022" "Mozilla/5.0 AppleWebKit/537.36 (KHTML, like Gecko; compatible; GPTBot/1.4; +https://openai.com/gptbot)"
74.7.227.165 - - [22/May/2026:10:05:02 -0400] "GET /buy.php?allterrain-g07-187538bh-snow-22555 HTTP/1.1" 200 20587 "https://troop537.org/buy.php?asahiprocureace-502-2153" "Mozilla/5.0 AppleWebKit/537.36 (KHTML, like Gecko; compatible; GPTBot/1.4; +https://openai.com/gptbot)"
74.7.227.165 - - [22/May/2026:10:05:02 -0400] "GET /buy.php?060031381.html HTTP/1.1" 200 20794 "https://troop537.org/buy.php?asahiprocureace-502-2153" "Mozilla/5.0 AppleWebKit/537.36 (KHTML, like Gecko; compatible; GPTBot/1.4; +https://openai.com/gptbot)"
74.7.227.165 - - [22/May/2026:10:05:03 -0400] "GET /buy.php?011011180.html HTTP/1.1" 200 19933 "https://troop537.org/buy.php?asahiprocureace-421-7616" "Mozilla/5.0 AppleWebKit/537.36 (KHTML, like Gecko; compatible; GPTBot/1.4; +https://openai.com/gptbot)"
74.7.227.165 - - [22/May/2026:10:05:04 -0400] "GET /buy.php?029001312.html HTTP/1.1" 200 20688 "https://troop537.org/buy.php?asahiprocureace-542-8877" "Mozilla/5.0 AppleWebKit/537.36 (KHTML, like Gecko; compatible; GPTBot/1.4; +https://openai.com/gptbot)"
74.7.227.165 - - [22/May/2026:10:05:05 -0400] "GET /buy.php?109034826.html HTTP/1.1" 200 22862 "https://troop537.org/buy.php?hokushinco-10841065" "Mozilla/5.0 AppleWebKit/537.36 (KHTML, like Gecko; compatible; GPTBot/1.4; +https://openai.com/gptbot)"
74.7.227.165 - - [22/May/2026:10:05:05 -0400] "GET /buy.php?182012885.html HTTP/1.1" 200 21750 "https://troop537.org/buy.php?195024286.html" "Mozilla/5.0 AppleWebKit/537.36 (KHTML, like Gecko; compatible; GPTBot/1.4; +https://openai.com/gptbot)"
74.7.227.165 - - [22/May/2026:10:05:06 -0400] "GET /buy.php?251035530.html HTTP/1.1" 200 19237 "https://troop537.org/buy.php?asahiprocureace-542-8877" "Mozilla/5.0 AppleWebKit/537.36 (KHTML, like Gecko; compatible; GPTBot/1.4; +https://openai.com/gptbot)"
74.7.227.165 - - [22/May/2026:10:05:10 -0400] "GET /buy.php?067008520.html HTTP/1.1" 200 21071 "https://troop537.org/buy.php?187049308.html" "Mozilla/5.0 AppleWebKit/537.36 (KHTML, like Gecko; compatible; GPTBot/1.4; +https://openai.com/gptbot)"
74.7.227.165 - - [22/May/2026:10:05:11 -0400] "GET /buy.php?015021882.html HTTP/1.1" 200 18845 "https://troop537.org/buy.php?asahiprocureace-542-8877" "Mozilla/5.0 AppleWebKit/537.36 (KHTML, like Gecko; compatible; GPTBot/1.4; +https://openai.com/gptbot)"
74.7.227.165 - - [22/May/2026:10:05:12 -0400] "GET /buy.php?226015347.html HTTP/1.1" 200 19045 "https://troop537.org/buy.php?209007860.html" "Mozilla/5.0 AppleWebKit/537.36 (KHTML, like Gecko; compatible; GPTBot/1.4; +https://openai.com/gptbot)"
74.7.227.165 - - [22/May/2026:10:05:12 -0400] "GET /buy.php?first34-asone-78-1171-02 HTTP/1.1" 200 20510 "https://troop537.org/buy.php?294004489.html" "Mozilla/5.0 AppleWebKit/537.36 (KHTML, like Gecko; compatible; GPTBot/1.4; +https://openai.com/gptbot)"
66.249.79.8 - - [22/May/2026:10:05:13 -0400] "GET /product/029028354 HTTP/1.1" 200 17468 "-" "Mozilla/5.0 (Linux; Android 6.0.1; Nexus 5X Build/MMB29P) AppleWebKit/537.36 (KHTML, like Gecko) Chrome/148.0.7778.96 Mobile Safari/537.36 (compatible; GoogleOther)"
74.7.227.165 - - [22/May/2026:10:05:13 -0400] "GET /buy.php?209006898.html HTTP/1.1" 200 20400 "https://troop537.org/buy.php?209007860.html" "Mozilla/5.0 AppleWebKit/537.36 (KHTML, like Gecko; compatible; GPTBot/1.4; +https://openai.com/gptbot)"
74.7.227.165 - - [22/May/2026:10:05:14 -0400] "GET /buy.php?146005983.html HTTP/1.1" 200 20765 "https://troop537.org/buy.php?060031381.html" "Mozilla/5.0 AppleWebKit/537.36 (KHTML, like Gecko; compatible; GPTBot/1.4; +https://openai.com/gptbot)"
74.7.227.165 - - [22/May/2026:10:05:15 -0400] "GET /buy.php?005039810.html HTTP/1.1" 200 18966 "https://troop537.org/buy.php?294004489.html" "Mozilla/5.0 AppleWebKit/537.36 (KHTML, like Gecko; compatible; GPTBot/1.4; +https://openai.com/gptbot)"
74.7.227.165 - - [22/May/2026:10:05:18 -0400] "GET /buy.php?029001034.html HTTP/1.1" 200 19778 "https://troop537.org/buy.php?029001312.html" "Mozilla/5.0 AppleWebKit/537.36 (KHTML, like Gecko; compatible; GPTBot/1.4; +https://openai.com/gptbot)"
74.7.227.165 - - [22/May/2026:10:05:18 -0400] "GET /buy.php?166017367.html HTTP/1.1" 200 19661 "https://troop537.org/buy.php?029001312.html" "Mozilla/5.0 AppleWebKit/537.36 (KHTML, like Gecko; compatible; GPTBot/1.4; +https://openai.com/gptbot)"
74.7.227.165 - - [22/May/2026:10:05:26 -0400] "GET /buy.php?031006396.html HTTP/1.1" 200 19417 "https://troop537.org/buy.php?294004489.html" "Mozilla/5.0 AppleWebKit/537.36 (KHTML, like Gecko; compatible; GPTBot/1.4; +https://openai.com/gptbot)"
74.7.227.165 - - [22/May/2026:10:05:28 -0400] "GET /buy.php?soarsole-gqhkv23ajnefgwaqiu4ojbudei-alk-1 HTTP/1.1" 200 20319 "https://troop537.org/buy.php?251035530.html" "Mozilla/5.0 AppleWebKit/537.36 (KHTML, like Gecko; compatible; GPTBot/1.4; +https://openai.com/gptbot)"
74.7.227.165 - - [22/May/2026:10:05:29 -0400] "GET /buy.php?067009380.html HTTP/1.1" 200 20250 "https://troop537.org/buy.php?067008520.html" "Mozilla/5.0 AppleWebKit/537.36 (KHTML, like Gecko; compatible; GPTBot/1.4; +https://openai.com/gptbot)"
74.7.227.165 - - [22/May/2026:10:05:31 -0400] "GET /buy.php?042001541.html HTTP/1.1" 200 21204 "https://troop537.org/buy.php?allterrain-g07-187538bh-snow-22555" "Mozilla/5.0 AppleWebKit/537.36 (KHTML, like Gecko; compatible; GPTBot/1.4; +https://openai.com/gptbot)"
74.7.227.165 - - [22/May/2026:10:05:32 -0400] "GET /buy.php?033024944.html HTTP/1.1" 200 20143 "https://troop537.org/buy.php?allterrain-g07-187538bh-snow-22555" "Mozilla/5.0 AppleWebKit/537.36 (KHTML, like Gecko; compatible; GPTBot/1.4; +https://openai.com/gptbot)"
74.7.227.165 - - [22/May/2026:10:05:33 -0400] "GET /buy.php?271004722.html HTTP/1.1" 200 21020 "https://troop537.org/buy.php?195024286.html" "Mozilla/5.0 AppleWebKit/537.36 (KHTML, like Gecko; compatible; GPTBot/1.4; +https://openai.com/gptbot)"
74.7.227.165 - - [22/May/2026:10:05:35 -0400] "GET /buy.php?099033972.html HTTP/1.1" 200 21081 "https://troop537.org/buy.php?187049308.html" "Mozilla/5.0 AppleWebKit/537.36 (KHTML, like Gecko; compatible; GPTBot/1.4; +https://openai.com/gptbot)"
74.7.227.165 - - [22/May/2026:10:05:36 -0400] "GET /buy.php?198004573.html HTTP/1.1" 200 20364 "https://troop537.org/buy.php?146005983.html" "Mozilla/5.0 AppleWebKit/537.36 (KHTML, like Gecko; compatible; GPTBot/1.4; +https://openai.com/gptbot)"
74.7.227.165 - - [22/May/2026:10:05:39 -0400] "GET /buy.php?163013868.html HTTP/1.1" 200 19281 "https://troop537.org/buy.php?146005983.html" "Mozilla/5.0 AppleWebKit/537.36 (KHTML, like Gecko; compatible; GPTBot/1.4; +https://openai.com/gptbot)"
66.249.79.8 - - [22/May/2026:10:05:42 -0400] "GET /shop/pg/101concept/24529 HTTP/1.1" 200 17131 "-" "Mozilla/5.0 (Linux; Android 6.0.1; Nexus 5X Build/MMB29P) AppleWebKit/537.36 (KHTML, like Gecko) Chrome/148.0.7778.96 Mobile Safari/537.36 (compatible; GoogleOther)"
74.7.227.165 - - [22/May/2026:10:05:42 -0400] "GET /buy.php?146005441.html HTTP/1.1" 200 20110 "https://troop537.org/buy.php?146005983.html" "Mozilla/5.0 AppleWebKit/537.36 (KHTML, like Gecko; compatible; GPTBot/1.4; +https://openai.com/gptbot)"
66.249.79.1 - - [22/May/2026:10:06:01 -0400] "GET /product/128020421 HTTP/1.1" 200 18145 "-" "Mozilla/5.0 (Linux; Android 6.0.1; Nexus 5X Build/MMB29P) AppleWebKit/537.36 (KHTML, like Gecko) Chrome/148.0.7778.96 Mobile Safari/537.36 (compatible; GoogleOther)"
74.7.227.165 - - [22/May/2026:10:05:43 -0400] "GET /buy.php?080020197.html HTTP/1.1" 200 19 "https://troop537.org/buy.php?166017367.html" "Mozilla/5.0 AppleWebKit/537.36 (KHTML, like Gecko; compatible; GPTBot/1.4; +https://openai.com/gptbot)"
74.7.227.165 - - [22/May/2026:10:06:03 -0400] "GET /buy.php?256044189.html HTTP/1.1" 200 21521 "https://troop537.org/buy.php?031006396.html" "Mozilla/5.0 AppleWebKit/537.36 (KHTML, like Gecko; compatible; GPTBot/1.4; +https://openai.com/gptbot)"
74.7.227.165 - - [22/May/2026:10:06:03 -0400] "GET /buy.php?detail/038000776410 HTTP/1.1" 200 19663 "https://troop537.org/buy.php?soarsole-gqhkv23ajnefgwaqiu4ojbudei-alk-1" "Mozilla/5.0 AppleWebKit/537.36 (KHTML, like Gecko; compatible; GPTBot/1.4; +https://openai.com/gptbot)"
74.7.227.165 - - [22/May/2026:10:06:04 -0400] "GET /buy.php?299014240.html HTTP/1.1" 200 22931 "https://troop537.org/buy.php?soarsole-gqhkv23ajnefgwaqiu4ojbudei-alk-1" "Mozilla/5.0 AppleWebKit/537.36 (KHTML, like Gecko; compatible; GPTBot/1.4; +https://openai.com/gptbot)"
74.7.227.165 - - [22/May/2026:10:06:05 -0400] "GET /buy.php?asahiprocureace-221-8700 HTTP/1.1" 200 20198 "https://troop537.org/buy.php?detail/0980210372652" "Mozilla/5.0 AppleWebKit/537.36 (KHTML, like Gecko; compatible; GPTBot/1.4; +https://openai.com/gptbot)"
74.7.227.165 - - [22/May/2026:10:06:06 -0400] "GET /buy.php?194024875.html HTTP/1.1" 200 19604 "https://troop537.org/buy.php?033024944.html" "Mozilla/5.0 AppleWebKit/537.36 (KHTML, like Gecko; compatible; GPTBot/1.4; +https://openai.com/gptbot)"
74.7.227.165 - - [22/May/2026:10:06:07 -0400] "GET /buy.php?goods/018008750 HTTP/1.1" 200 19795 "https://troop537.org/buy.php?033024944.html" "Mozilla/5.0 AppleWebKit/537.36 (KHTML, like Gecko; compatible; GPTBot/1.4; +https://openai.com/gptbot)"
74.7.227.165 - - [22/May/2026:10:06:07 -0400] "GET /buy.php?asahiprocureace-195-1405 HTTP/1.1" 200 19782 "https://troop537.org/buy.php?048043255.html" "Mozilla/5.0 AppleWebKit/537.36 (KHTML, like Gecko; compatible; GPTBot/1.4; +https://openai.com/gptbot)"
74.7.227.165 - - [22/May/2026:10:06:08 -0400] "GET /buy.php?asahiprocureace-121-6720 HTTP/1.1" 200 20667 "https://troop537.org/buy.php?goods/251001512" "Mozilla/5.0 AppleWebKit/537.36 (KHTML, like Gecko; compatible; GPTBot/1.4; +https://openai.com/gptbot)"
74.7.227.165 - - [22/May/2026:10:06:09 -0400] "GET /buy.php?asahiprocureace-698-4847 HTTP/1.1" 200 20215 "https://troop537.org/buy.php?detail/11103503026456" "Mozilla/5.0 AppleWebKit/537.36 (KHTML, like Gecko; compatible; GPTBot/1.4; +https://openai.com/gptbot)"
74.7.227.165 - - [22/May/2026:10:06:09 -0400] "GET /buy.php?146008927.html HTTP/1.1" 200 20176 "https://troop537.org/buy.php?146005441.html" "Mozilla/5.0 AppleWebKit/537.36 (KHTML, like Gecko; compatible; GPTBot/1.4; +https://openai.com/gptbot)"
74.7.227.165 - - [22/May/2026:10:06:10 -0400] "GET /buy.php?asahiprocureace-624-4569 HTTP/1.1" 200 20798 "https://troop537.org/buy.php?167037958.html" "Mozilla/5.0 AppleWebKit/537.36 (KHTML, like Gecko; compatible; GPTBot/1.4; +https://openai.com/gptbot)"
74.7.227.165 - - [22/May/2026:10:06:12 -0400] "GET /buy.php?asahiprocureace-162-8321 HTTP/1.1" 200 20289 "https://troop537.org/buy.php?118007277.html" "Mozilla/5.0 AppleWebKit/537.36 (KHTML, like Gecko; compatible; GPTBot/1.4; +https://openai.com/gptbot)"
74.7.227.165 - - [22/May/2026:10:06:12 -0400] "GET /buy.php?tribal-shop-aye-ah3-q0k1-1 HTTP/1.1" 200 20337 "https://troop537.org/buy.php?107004734.html" "Mozilla/5.0 AppleWebKit/537.36 (KHTML, like Gecko; compatible; GPTBot/1.4; +https://openai.com/gptbot)"
74.7.227.165 - - [22/May/2026:10:06:13 -0400] "GET /buy.php?299014978.html HTTP/1.1" 200 22175 "https://troop537.org/buy.php?299014240.html" "Mozilla/5.0 AppleWebKit/537.36 (KHTML, like Gecko; compatible; GPTBot/1.4; +https://openai.com/gptbot)"
66.249.79.8 - - [22/May/2026:10:06:31 -0400] "GET /product/292039975 HTTP/1.1" 200 16582 "-" "Mozilla/5.0 (Linux; Android 6.0.1; Nexus 5X Build/MMB29P) AppleWebKit/537.36 (KHTML, like Gecko) Chrome/148.0.7778.96 Mobile Safari/537.36 (compatible; GoogleOther)"
74.7.227.165 - - [22/May/2026:10:06:14 -0400] "GET /buy.php?139019144.html HTTP/1.1" 200 19 "https://troop537.org/buy.php?asahiprocureace-221-8700" "Mozilla/5.0 AppleWebKit/537.36 (KHTML, like Gecko; compatible; GPTBot/1.4; +https://openai.com/gptbot)"
74.7.227.165 - - [22/May/2026:10:06:33 -0400] "GET /buy.php?etizentakaraya-osomiso-j16 HTTP/1.1" 200 20231 "https://troop537.org/buy.php?257013458.html" "Mozilla/5.0 AppleWebKit/537.36 (KHTML, like Gecko; compatible; GPTBot/1.4; +https://openai.com/gptbot)"
74.7.227.165 - - [22/May/2026:10:06:37 -0400] "GET /buy.php?goods/018001123 HTTP/1.1" 200 19918 "https://troop537.org/buy.php?goods/018008750" "Mozilla/5.0 AppleWebKit/537.36 (KHTML, like Gecko; compatible; GPTBot/1.4; +https://openai.com/gptbot)"
74.7.227.165 - - [22/May/2026:10:06:38 -0400] "GET /buy.php?goods/018001125 HTTP/1.1" 200 21233 "https://troop537.org/buy.php?goods/018008750" "Mozilla/5.0 AppleWebKit/537.36 (KHTML, like Gecko; compatible; GPTBot/1.4; +https://openai.com/gptbot)"
74.7.227.165 - - [22/May/2026:10:06:42 -0400] "GET /buy.php?053001902.html HTTP/1.1" 200 22584 "https://troop537.org/buy.php?asahiprocureace-121-6720" "Mozilla/5.0 AppleWebKit/537.36 (KHTML, like Gecko; compatible; GPTBot/1.4; +https://openai.com/gptbot)"
74.7.227.165 - - [22/May/2026:10:06:42 -0400] "GET /buy.php?057047850.html HTTP/1.1" 200 20913 "https://troop537.org/buy.php?asahiprocureace-121-6720" "Mozilla/5.0 AppleWebKit/537.36 (KHTML, like Gecko; compatible; GPTBot/1.4; +https://openai.com/gptbot)"
74.7.227.165 - - [22/May/2026:10:06:43 -0400] "GET /buy.php?146006811.html HTTP/1.1" 200 20231 "https://troop537.org/buy.php?146008927.html" "Mozilla/5.0 AppleWebKit/537.36 (KHTML, like Gecko; compatible; GPTBot/1.4; +https://openai.com/gptbot)"
74.7.227.165 - - [22/May/2026:10:06:44 -0400] "GET /buy.php?022003699.html HTTP/1.1" 200 20202 "https://troop537.org/buy.php?asahiprocureace-624-4569" "Mozilla/5.0 AppleWebKit/537.36 (KHTML, like Gecko; compatible; GPTBot/1.4; +https://openai.com/gptbot)"
74.7.227.165 - - [22/May/2026:10:06:44 -0400] "GET /buy.php?jp/040000166.html HTTP/1.1" 200 19814 "https://troop537.org/buy.php?asahiprocureace-162-8321" "Mozilla/5.0 AppleWebKit/537.36 (KHTML, like Gecko; compatible; GPTBot/1.4; +https://openai.com/gptbot)"
74.7.227.165 - - [22/May/2026:10:06:45 -0400] "GET /buy.php?bikeseven-yb3101_bk HTTP/1.1" 200 19744 "https://troop537.org/buy.php?asahiprocureace-162-8321" "Mozilla/5.0 AppleWebKit/537.36 (KHTML, like Gecko; compatible; GPTBot/1.4; +https://openai.com/gptbot)"
74.7.227.165 - - [22/May/2026:10:06:47 -0400] "GET /buy.php?291030500.html HTTP/1.1" 200 18992 "https://troop537.org/buy.php?asahiprocureace-624-4569" "Mozilla/5.0 AppleWebKit/537.36 (KHTML, like Gecko; compatible; GPTBot/1.4; +https://openai.com/gptbot)"
74.7.227.165 - - [22/May/2026:10:06:48 -0400] "GET /buy.php?shinaisyouzi-gr-e9rgkad8ji HTTP/1.1" 200 19829 "https://troop537.org/buy.php?191006596.html" "Mozilla/5.0 AppleWebKit/537.36 (KHTML, like Gecko; compatible; GPTBot/1.4; +https://openai.com/gptbot)"
74.7.227.165 - - [22/May/2026:10:06:50 -0400] "GET /buy.php?139026684.html HTTP/1.1" 200 20605 "https://troop537.org/buy.php?etizentakaraya-osomiso-j16" "Mozilla/5.0 AppleWebKit/537.36 (KHTML, like Gecko; compatible; GPTBot/1.4; +https://openai.com/gptbot)"
74.7.227.165 - - [22/May/2026:10:06:50 -0400] "GET /buy.php?auc-rehomestore-hffmgdw2a1 HTTP/1.1" 200 19014 "https://troop537.org/buy.php?detail/098000238158" "Mozilla/5.0 AppleWebKit/537.36 (KHTML, like Gecko; compatible; GPTBot/1.4; +https://openai.com/gptbot)"
74.7.227.165 - - [22/May/2026:10:06:51 -0400] "GET /buy.php?detail/0650045516793 HTTP/1.1" 200 20016 "https://troop537.org/buy.php?goods/018001125" "Mozilla/5.0 AppleWebKit/537.36 (KHTML, like Gecko; compatible; GPTBot/1.4; +https://openai.com/gptbot)"
74.7.227.165 - - [22/May/2026:10:06:53 -0400] "GET /buy.php?goods/018001321 HTTP/1.1" 200 20909 "https://troop537.org/buy.php?goods/018001125" "Mozilla/5.0 AppleWebKit/537.36 (KHTML, like Gecko; compatible; GPTBot/1.4; +https://openai.com/gptbot)"
74.7.227.165 - - [22/May/2026:10:06:56 -0400] "GET /buy.php?slife-b081ym7jkf HTTP/1.1" 200 20135 "https://troop537.org/buy.php?057047850.html" "Mozilla/5.0 AppleWebKit/537.36 (KHTML, like Gecko; compatible; GPTBot/1.4; +https://openai.com/gptbot)"
74.7.227.165 - - [22/May/2026:10:06:58 -0400] "GET /buy.php?goods/018001315 HTTP/1.1" 200 20856 "https://troop537.org/buy.php?goods/018001125" "Mozilla/5.0 AppleWebKit/537.36 (KHTML, like Gecko; compatible; GPTBot/1.4; +https://openai.com/gptbot)"
74.7.227.165 - - [22/May/2026:10:06:59 -0400] "GET /buy.php?moto-occ-762-1320200 HTTP/1.1" 200 21415 "https://troop537.org/buy.php?022003699.html" "Mozilla/5.0 AppleWebKit/537.36 (KHTML, like Gecko; compatible; GPTBot/1.4; +https://openai.com/gptbot)"
74.7.227.165 - - [22/May/2026:10:06:59 -0400] "GET /buy.php?tribal-shop-iqnx-hi4p-et2qal_2-1 HTTP/1.1" 200 20436 "https://troop537.org/buy.php?061031664.html" "Mozilla/5.0 AppleWebKit/537.36 (KHTML, like Gecko; compatible; GPTBot/1.4; +https://openai.com/gptbot)"
74.7.227.165 - - [22/May/2026:10:07:00 -0400] "GET /buy.php?auc-follows-sn-bc-november-012-1 HTTP/1.1" 200 19889 "https://troop537.org/buy.php?goods/057020092" "Mozilla/5.0 AppleWebKit/537.36 (KHTML, like Gecko; compatible; GPTBot/1.4; +https://openai.com/gptbot)"
74.7.227.165 - - [22/May/2026:10:07:01 -0400] "GET /buy.php?287016340.html HTTP/1.1" 200 21008 "https://troop537.org/buy.php?291030500.html" "Mozilla/5.0 AppleWebKit/537.36 (KHTML, like Gecko; compatible; GPTBot/1.4; +https://openai.com/gptbot)"
74.7.227.165 - - [22/May/2026:10:07:01 -0400] "GET /buy.php?064000055.html HTTP/1.1" 200 19656 "https://troop537.org/buy.php?shinaisyouzi-gr-e9rgkad8ji" "Mozilla/5.0 AppleWebKit/537.36 (KHTML, like Gecko; compatible; GPTBot/1.4; +https://openai.com/gptbot)"
74.7.227.165 - - [22/May/2026:10:07:02 -0400] "GET /buy.php?188046795.html HTTP/1.1" 200 20695 "https://troop537.org/buy.php?139026684.html" "Mozilla/5.0 AppleWebKit/537.36 (KHTML, like Gecko; compatible; GPTBot/1.4; +https://openai.com/gptbot)"
74.7.227.165 - - [22/May/2026:10:07:03 -0400] "GET /buy.php?139004862.html HTTP/1.1" 200 20569 "https://troop537.org/buy.php?139026684.html" "Mozilla/5.0 AppleWebKit/537.36 (KHTML, like Gecko; compatible; GPTBot/1.4; +https://openai.com/gptbot)"
74.7.227.165 - - [22/May/2026:10:07:03 -0400] "GET /buy.php?goods/065004551 HTTP/1.1" 200 19974 "https://troop537.org/buy.php?detail/0650045516793" "Mozilla/5.0 AppleWebKit/537.36 (KHTML, like Gecko; compatible; GPTBot/1.4; +https://openai.com/gptbot)"
74.7.227.165 - - [22/May/2026:10:07:04 -0400] "GET /buy.php?scarlet2021-b00195fuau HTTP/1.1" 200 19917 "https://troop537.org/buy.php?139026684.html" "Mozilla/5.0 AppleWebKit/537.36 (KHTML, like Gecko; compatible; GPTBot/1.4; +https://openai.com/gptbot)"
74.7.227.165 - - [22/May/2026:10:07:06 -0400] "GET /buy.php?tire-shop-tread-e049-00063619 HTTP/1.1" 200 19581 "https://troop537.org/buy.php?goods/036017700" "Mozilla/5.0 AppleWebKit/537.36 (KHTML, like Gecko; compatible; GPTBot/1.4; +https://openai.com/gptbot)"
74.7.227.165 - - [22/May/2026:10:07:06 -0400] "GET /buy.php?detail/0010371529343 HTTP/1.1" 200 19940 "https://troop537.org/buy.php?goods/018001315" "Mozilla/5.0 AppleWebKit/537.36 (KHTML, like Gecko; compatible; GPTBot/1.4; +https://openai.com/gptbot)"
74.7.227.165 - - [22/May/2026:10:07:07 -0400] "GET /buy.php?rcmdva-tm-2590317 HTTP/1.1" 200 23178 "https://troop537.org/buy.php?detail/1570381233961" "Mozilla/5.0 AppleWebKit/537.36 (KHTML, like Gecko; compatible; GPTBot/1.4; +https://openai.com/gptbot)"
74.7.227.165 - - [22/May/2026:10:07:08 -0400] "GET /buy.php?jp/022000085.html HTTP/1.1" 200 20525 "https://troop537.org/buy.php?tribal-shop-iqnx-hi4p-et2qal_2-1" "Mozilla/5.0 AppleWebKit/537.36 (KHTML, like Gecko; compatible; GPTBot/1.4; +https://openai.com/gptbot)"
74.7.227.165 - - [22/May/2026:10:07:09 -0400] "GET /buy.php?010000141.html HTTP/1.1" 200 23244 "https://troop537.org/buy.php?rcmdva-tm-2590317" "Mozilla/5.0 AppleWebKit/537.36 (KHTML, like Gecko; compatible; GPTBot/1.4; +https://openai.com/gptbot)"
74.7.227.165 - - [22/May/2026:10:07:10 -0400] "GET /buy.php?161034872.html HTTP/1.1" 200 20146 "https://troop537.org/buy.php?tribal-shop-iqnx-hi4p-et2qal_2-1" "Mozilla/5.0 AppleWebKit/537.36 (KHTML, like Gecko; compatible; GPTBot/1.4; +https://openai.com/gptbot)"
74.7.227.165 - - [22/May/2026:10:07:11 -0400] "GET /buy.php?145017004.html HTTP/1.1" 200 19641 "https://troop537.org/buy.php?287016340.html" "Mozilla/5.0 AppleWebKit/537.36 (KHTML, like Gecko; compatible; GPTBot/1.4; +https://openai.com/gptbot)"
74.7.227.165 - - [22/May/2026:10:07:12 -0400] "GET /buy.php?064001941.html HTTP/1.1" 200 20363 "https://troop537.org/buy.php?064000055.html" "Mozilla/5.0 AppleWebKit/537.36 (KHTML, like Gecko; compatible; GPTBot/1.4; +https://openai.com/gptbot)"
74.7.227.165 - - [22/May/2026:10:07:14 -0400] "GET /buy.php?247013258.html HTTP/1.1" 200 19935 "https://troop537.org/buy.php?188046795.html" "Mozilla/5.0 AppleWebKit/537.36 (KHTML, like Gecko; compatible; GPTBot/1.4; +https://openai.com/gptbot)"
74.7.227.165 - - [22/May/2026:10:07:15 -0400] "GET /buy.php?054049929.html HTTP/1.1" 200 19078 "https://troop537.org/buy.php?139004862.html" "Mozilla/5.0 AppleWebKit/537.36 (KHTML, like Gecko; compatible; GPTBot/1.4; +https://openai.com/gptbot)"
74.7.227.165 - - [22/May/2026:10:07:15 -0400] "GET /buy.php?188037083.html HTTP/1.1" 200 19675 "https://troop537.org/buy.php?188046795.html" "Mozilla/5.0 AppleWebKit/537.36 (KHTML, like Gecko; compatible; GPTBot/1.4; +https://openai.com/gptbot)"
74.7.227.165 - - [22/May/2026:10:07:16 -0400] "GET /buy.php?098039331.html HTTP/1.1" 200 20168 "https://troop537.org/buy.php?auc-follows-sn-bc-november-012-1" "Mozilla/5.0 AppleWebKit/537.36 (KHTML, like Gecko; compatible; GPTBot/1.4; +https://openai.com/gptbot)"
74.7.227.165 - - [22/May/2026:10:07:20 -0400] "GET /buy.php?077002858.html HTTP/1.1" 200 20152 "https://troop537.org/buy.php?tire-shop-tread-e049-00063619" "Mozilla/5.0 AppleWebKit/537.36 (KHTML, like Gecko; compatible; GPTBot/1.4; +https://openai.com/gptbot)"
74.7.227.165 - - [22/May/2026:10:07:20 -0400] "GET /buy.php?083002778.html HTTP/1.1" 200 19797 "https://troop537.org/buy.php?tire-shop-tread-e049-00063619" "Mozilla/5.0 AppleWebKit/537.36 (KHTML, like Gecko; compatible; GPTBot/1.4; +https://openai.com/gptbot)"
66.249.79.8 - - [22/May/2026:10:07:21 -0400] "GET /product/232030821 HTTP/1.1" 200 17523 "-" "Mozilla/5.0 (Linux; Android 6.0.1; Nexus 5X Build/MMB29P) AppleWebKit/537.36 (KHTML, like Gecko) Chrome/148.0.7778.96 Mobile Safari/537.36 (compatible; GoogleOther)"
74.7.227.165 - - [22/May/2026:10:07:21 -0400] "GET /buy.php?203048424.html HTTP/1.1" 200 19544 "https://troop537.org/buy.php?rcmdva-tm-2590317" "Mozilla/5.0 AppleWebKit/537.36 (KHTML, like Gecko; compatible; GPTBot/1.4; +https://openai.com/gptbot)"
74.7.227.165 - - [22/May/2026:10:07:26 -0400] "GET /buy.php?auc-auto-wear-k4489-ty132 HTTP/1.1" 200 20990 "https://troop537.org/buy.php?rcmdva-tm-2590317" "Mozilla/5.0 AppleWebKit/537.36 (KHTML, like Gecko; compatible; GPTBot/1.4; +https://openai.com/gptbot)"
74.7.227.165 - - [22/May/2026:10:07:27 -0400] "GET /buy.php?022000091.html HTTP/1.1" 200 20354 "https://troop537.org/buy.php?tribal-shop-iqnx-hi4p-et2qal_2-1" "Mozilla/5.0 AppleWebKit/537.36 (KHTML, like Gecko; compatible; GPTBot/1.4; +https://openai.com/gptbot)"
74.7.227.165 - - [22/May/2026:10:07:27 -0400] "GET /buy.php?198034475.html HTTP/1.1" 200 19941 "https://troop537.org/buy.php?145017004.html" "Mozilla/5.0 AppleWebKit/537.36 (KHTML, like Gecko; compatible; GPTBot/1.4; +https://openai.com/gptbot)"
74.7.227.165 - - [22/May/2026:10:07:32 -0400] "GET /buy.php?rcmdse-tm-2647183 HTTP/1.1" 200 20725 "https://troop537.org/buy.php?275033793" "Mozilla/5.0 AppleWebKit/537.36 (KHTML, like Gecko; compatible; GPTBot/1.4; +https://openai.com/gptbot)"
74.7.227.165 - - [22/May/2026:10:07:34 -0400] "GET /buy.php?228042725.html HTTP/1.1" 200 21961 "https://troop537.org/buy.php?247013258.html" "Mozilla/5.0 AppleWebKit/537.36 (KHTML, like Gecko; compatible; GPTBot/1.4; +https://openai.com/gptbot)"
74.7.227.165 - - [22/May/2026:10:07:34 -0400] "GET /buy.php?rcmdva-tm-2058763 HTTP/1.1" 200 20946 "https://troop537.org/buy.php?045014164.html" "Mozilla/5.0 AppleWebKit/537.36 (KHTML, like Gecko; compatible; GPTBot/1.4; +https://openai.com/gptbot)"
66.249.79.7 - - [22/May/2026:10:07:37 -0400] "GET /shop/pg/106cycle/13648 HTTP/1.1" 200 17178 "-" "Mozilla/5.0 (Linux; Android 6.0.1; Nexus 5X Build/MMB29P) AppleWebKit/537.36 (KHTML, like Gecko) Chrome/148.0.7778.96 Mobile Safari/537.36 (compatible; GoogleOther)"
74.7.227.165 - - [22/May/2026:10:07:37 -0400] "GET /buy.php?213025978.html HTTP/1.1" 200 19775 "https://troop537.org/buy.php?188037083.html" "Mozilla/5.0 AppleWebKit/537.36 (KHTML, like Gecko; compatible; GPTBot/1.4; +https://openai.com/gptbot)"
74.7.227.165 - - [22/May/2026:10:07:41 -0400] "GET /buy.php?rcmdin-tm-2518690 HTTP/1.1" 200 20190 "https://troop537.org/buy.php?254039147.html" "Mozilla/5.0 AppleWebKit/537.36 (KHTML, like Gecko; compatible; GPTBot/1.4; +https://openai.com/gptbot)"
74.7.227.165 - - [22/May/2026:10:07:41 -0400] "GET /buy.php?077002334.html HTTP/1.1" 200 20578 "https://troop537.org/buy.php?077002858.html" "Mozilla/5.0 AppleWebKit/537.36 (KHTML, like Gecko; compatible; GPTBot/1.4; +https://openai.com/gptbot)"
74.7.227.165 - - [22/May/2026:10:07:42 -0400] "GET /buy.php?rcmdva-tm-2059134 HTTP/1.1" 200 20488 "https://troop537.org/buy.php?094021387.html" "Mozilla/5.0 AppleWebKit/537.36 (KHTML, like Gecko; compatible; GPTBot/1.4; +https://openai.com/gptbot)"
74.7.227.165 - - [22/May/2026:10:07:46 -0400] "GET /buy.php?140023685.html HTTP/1.1" 200 20098 "https://troop537.org/buy.php?203048424.html" "Mozilla/5.0 AppleWebKit/537.36 (KHTML, like Gecko; compatible; GPTBot/1.4; +https://openai.com/gptbot)"
74.7.227.165 - - [22/May/2026:10:07:54 -0400] "GET /buy.php?051049632.html HTTP/1.1" 200 20763 "https://troop537.org/buy.php?203048424.html" "Mozilla/5.0 AppleWebKit/537.36 (KHTML, like Gecko; compatible; GPTBot/1.4; +https://openai.com/gptbot)"
74.7.227.165 - - [22/May/2026:10:07:58 -0400] "GET /buy.php?096006579.html HTTP/1.1" 200 20553 "https://troop537.org/buy.php?auc-auto-wear-k4489-ty132" "Mozilla/5.0 AppleWebKit/537.36 (KHTML, like Gecko; compatible; GPTBot/1.4; +https://openai.com/gptbot)"
74.7.227.165 - - [22/May/2026:10:07:58 -0400] "GET /buy.php?goods/231029212 HTTP/1.1" 200 19465 "https://troop537.org/buy.php?198034475.html" "Mozilla/5.0 AppleWebKit/537.36 (KHTML, like Gecko; compatible; GPTBot/1.4; +https://openai.com/gptbot)"
74.7.227.165 - - [22/May/2026:10:07:59 -0400] "GET /buy.php?022003783.html HTTP/1.1" 200 20695 "https://troop537.org/buy.php?022000091.html" "Mozilla/5.0 AppleWebKit/537.36 (KHTML, like Gecko; compatible; GPTBot/1.4; +https://openai.com/gptbot)"
74.7.227.165 - - [22/May/2026:10:08:00 -0400] "GET /buy.php?krstlm-ab-1567082 HTTP/1.1" 200 19938 "https://troop537.org/buy.php?104005603.html" "Mozilla/5.0 AppleWebKit/537.36 (KHTML, like Gecko; compatible; GPTBot/1.4; +https://openai.com/gptbot)"
