74.7.227.165 - - [22/May/2026:08:16:03 -0400] "GET /buy.php?090000919.html HTTP/1.1" 200 20328 "https://troop537.org/buy.php?090000737.html" "Mozilla/5.0 AppleWebKit/537.36 (KHTML, like Gecko; compatible; GPTBot/1.4; +https://openai.com/gptbot)"
74.7.227.165 - - [22/May/2026:08:16:03 -0400] "GET /buy.php?detail/29603882383241 HTTP/1.1" 200 20118 "https://troop537.org/buy.php?goods/087012800" "Mozilla/5.0 AppleWebKit/537.36 (KHTML, like Gecko; compatible; GPTBot/1.4; +https://openai.com/gptbot)"
74.7.227.165 - - [22/May/2026:08:16:04 -0400] "GET /buy.php?003000042.html HTTP/1.1" 200 20814 "https://troop537.org/buy.php?tuzukiya-s1669-8383" "Mozilla/5.0 AppleWebKit/537.36 (KHTML, like Gecko; compatible; GPTBot/1.4; +https://openai.com/gptbot)"
74.7.227.165 - - [22/May/2026:08:16:05 -0400] "GET /buy.php?091006414.html HTTP/1.1" 200 19930 "https://troop537.org/buy.php?091006666.html" "Mozilla/5.0 AppleWebKit/537.36 (KHTML, like Gecko; compatible; GPTBot/1.4; +https://openai.com/gptbot)"
66.249.79.8 - - [22/May/2026:08:16:13 -0400] "GET /shop/pg/203environment/18265 HTTP/1.1" 200 17227 "-" "Mozilla/5.0 (Linux; Android 6.0.1; Nexus 5X Build/MMB29P) AppleWebKit/537.36 (KHTML, like Gecko) Chrome/148.0.7778.96 Mobile Safari/537.36 (compatible; GoogleOther)"
74.7.227.165 - - [22/May/2026:08:16:06 -0400] "GET /buy.php?091006416.html HTTP/1.1" 200 19821 "https://troop537.org/buy.php?091006666.html" "Mozilla/5.0 AppleWebKit/537.36 (KHTML, like Gecko; compatible; GPTBot/1.4; +https://openai.com/gptbot)"
74.7.227.165 - - [22/May/2026:08:16:18 -0400] "GET /buy.php?007000016.html HTTP/1.1" 200 20237 "https://troop537.org/buy.php?asty-shop-w0-2bj81dkt9f-01ea" "Mozilla/5.0 AppleWebKit/537.36 (KHTML, like Gecko; compatible; GPTBot/1.4; +https://openai.com/gptbot)"
74.7.227.165 - - [22/May/2026:08:16:24 -0400] "GET /buy.php?200009099.html HTTP/1.1" 200 20346 "https://troop537.org/buy.php?200013031.html" "Mozilla/5.0 AppleWebKit/537.36 (KHTML, like Gecko; compatible; GPTBot/1.4; +https://openai.com/gptbot)"
74.7.227.165 - - [22/May/2026:08:16:27 -0400] "GET /buy.php?052000011.html HTTP/1.1" 200 21563 "https://troop537.org/buy.php?seikatu-souko-item-016498-1622" "Mozilla/5.0 AppleWebKit/537.36 (KHTML, like Gecko; compatible; GPTBot/1.4; +https://openai.com/gptbot)"
74.7.227.165 - - [22/May/2026:08:16:27 -0400] "GET /buy.php?001000072.html HTTP/1.1" 200 19901 "https://troop537.org/buy.php?001000168.html" "Mozilla/5.0 AppleWebKit/537.36 (KHTML, like Gecko; compatible; GPTBot/1.4; +https://openai.com/gptbot)"
74.7.227.165 - - [22/May/2026:08:16:35 -0400] "GET /buy.php?047000700.html HTTP/1.1" 200 20313 "https://troop537.org/buy.php?kobaco-003-sb089rl8l5n" "Mozilla/5.0 AppleWebKit/537.36 (KHTML, like Gecko; compatible; GPTBot/1.4; +https://openai.com/gptbot)"
74.7.227.165 - - [22/May/2026:08:16:36 -0400] "GET /buy.php?130000133.html HTTP/1.1" 200 20843 "https://troop537.org/buy.php?130001035.html" "Mozilla/5.0 AppleWebKit/537.36 (KHTML, like Gecko; compatible; GPTBot/1.4; +https://openai.com/gptbot)"
74.7.227.165 - - [22/May/2026:08:16:37 -0400] "GET /buy.php?090000779.html HTTP/1.1" 200 19972 "https://troop537.org/buy.php?090000919.html" "Mozilla/5.0 AppleWebKit/537.36 (KHTML, like Gecko; compatible; GPTBot/1.4; +https://openai.com/gptbot)"
74.7.227.165 - - [22/May/2026:08:16:37 -0400] "GET /buy.php?rcmdse-tm-2601234 HTTP/1.1" 200 20177 "https://troop537.org/buy.php?detail/29603882383241" "Mozilla/5.0 AppleWebKit/537.36 (KHTML, like Gecko; compatible; GPTBot/1.4; +https://openai.com/gptbot)"
74.7.227.165 - - [22/May/2026:08:16:38 -0400] "GET /buy.php?090000773.html HTTP/1.1" 200 20194 "https://troop537.org/buy.php?090000919.html" "Mozilla/5.0 AppleWebKit/537.36 (KHTML, like Gecko; compatible; GPTBot/1.4; +https://openai.com/gptbot)"
74.7.227.165 - - [22/May/2026:08:16:43 -0400] "GET /buy.php?014000049.html HTTP/1.1" 200 20096 "https://troop537.org/buy.php?110021997.html" "Mozilla/5.0 AppleWebKit/537.36 (KHTML, like Gecko; compatible; GPTBot/1.4; +https://openai.com/gptbot)"
74.7.227.165 - - [22/May/2026:08:16:43 -0400] "GET /buy.php?001000190.html HTTP/1.1" 200 20962 "https://troop537.org/buy.php?tsukasa-shop-u3ymjofkwh9ftsqzj5sa--b0bkywwwwq-1" "Mozilla/5.0 AppleWebKit/537.36 (KHTML, like Gecko; compatible; GPTBot/1.4; +https://openai.com/gptbot)"
66.249.79.8 - - [22/May/2026:08:16:45 -0400] "GET /shop/pg/16nerve/7612 HTTP/1.1" 200 16416 "-" "Mozilla/5.0 (Linux; Android 6.0.1; Nexus 5X Build/MMB29P) AppleWebKit/537.36 (KHTML, like Gecko) Chrome/148.0.7778.96 Mobile Safari/537.36 (compatible; GoogleOther)"
74.7.227.165 - - [22/May/2026:08:16:44 -0400] "GET /buy.php?200009809.html HTTP/1.1" 200 19875 "https://troop537.org/buy.php?193025608.html" "Mozilla/5.0 AppleWebKit/537.36 (KHTML, like Gecko; compatible; GPTBot/1.4; +https://openai.com/gptbot)"
74.7.227.165 - - [22/May/2026:08:16:49 -0400] "GET /buy.php?239047578.html HTTP/1.1" 200 21120 "https://troop537.org/buy.php?200009099.html" "Mozilla/5.0 AppleWebKit/537.36 (KHTML, like Gecko; compatible; GPTBot/1.4; +https://openai.com/gptbot)"
74.7.227.165 - - [22/May/2026:08:16:50 -0400] "GET /buy.php?134025627.html HTTP/1.1" 200 19681 "https://troop537.org/buy.php?052000011.html" "Mozilla/5.0 AppleWebKit/537.36 (KHTML, like Gecko; compatible; GPTBot/1.4; +https://openai.com/gptbot)"
74.7.227.165 - - [22/May/2026:08:16:50 -0400] "GET /buy.php?055023404.html HTTP/1.1" 200 23093 "https://troop537.org/buy.php?001000072.html" "Mozilla/5.0 AppleWebKit/537.36 (KHTML, like Gecko; compatible; GPTBot/1.4; +https://openai.com/gptbot)"
74.7.227.165 - - [22/May/2026:08:16:51 -0400] "GET /buy.php?001000090.html HTTP/1.1" 200 19921 "https://troop537.org/buy.php?001000072.html" "Mozilla/5.0 AppleWebKit/537.36 (KHTML, like Gecko; compatible; GPTBot/1.4; +https://openai.com/gptbot)"
74.7.227.165 - - [22/May/2026:08:16:53 -0400] "GET /buy.php?001000088.html HTTP/1.1" 200 19742 "https://troop537.org/buy.php?001000072.html" "Mozilla/5.0 AppleWebKit/537.36 (KHTML, like Gecko; compatible; GPTBot/1.4; +https://openai.com/gptbot)"
74.7.227.165 - - [22/May/2026:08:16:53 -0400] "GET /buy.php?102000017.html HTTP/1.1" 200 20016 "https://troop537.org/buy.php?047000700.html" "Mozilla/5.0 AppleWebKit/537.36 (KHTML, like Gecko; compatible; GPTBot/1.4; +https://openai.com/gptbot)"
74.7.227.165 - - [22/May/2026:08:16:57 -0400] "GET /buy.php?087000078.html HTTP/1.1" 200 20581 "https://troop537.org/buy.php?category/60_61_348/1/listing" "Mozilla/5.0 AppleWebKit/537.36 (KHTML, like Gecko; compatible; GPTBot/1.4; +https://openai.com/gptbot)"
74.7.227.165 - - [22/May/2026:08:16:58 -0400] "GET /buy.php?090000309.html HTTP/1.1" 200 19668 "https://troop537.org/buy.php?090000773.html" "Mozilla/5.0 AppleWebKit/537.36 (KHTML, like Gecko; compatible; GPTBot/1.4; +https://openai.com/gptbot)"
74.7.227.165 - - [22/May/2026:08:16:59 -0400] "GET /buy.php?283033402.html HTTP/1.1" 200 18839 "https://troop537.org/buy.php?014000049.html" "Mozilla/5.0 AppleWebKit/537.36 (KHTML, like Gecko; compatible; GPTBot/1.4; +https://openai.com/gptbot)"
74.7.227.165 - - [22/May/2026:08:16:59 -0400] "GET /buy.php?047029272.html HTTP/1.1" 200 19708 "https://troop537.org/buy.php?001000190.html" "Mozilla/5.0 AppleWebKit/537.36 (KHTML, like Gecko; compatible; GPTBot/1.4; +https://openai.com/gptbot)"
74.7.227.165 - - [22/May/2026:08:17:01 -0400] "GET /buy.php?200007767.html HTTP/1.1" 200 19839 "https://troop537.org/buy.php?200009809.html" "Mozilla/5.0 AppleWebKit/537.36 (KHTML, like Gecko; compatible; GPTBot/1.4; +https://openai.com/gptbot)"
74.7.227.165 - - [22/May/2026:08:17:01 -0400] "GET /buy.php?175007160.html HTTP/1.1" 200 21255 "https://troop537.org/buy.php?239047578.html" "Mozilla/5.0 AppleWebKit/537.36 (KHTML, like Gecko; compatible; GPTBot/1.4; +https://openai.com/gptbot)"
74.7.227.165 - - [22/May/2026:08:17:02 -0400] "GET /buy.php?122045897.html HTTP/1.1" 200 19349 "https://troop537.org/buy.php?134025627.html" "Mozilla/5.0 AppleWebKit/537.36 (KHTML, like Gecko; compatible; GPTBot/1.4; +https://openai.com/gptbot)"
74.7.227.165 - - [22/May/2026:08:17:03 -0400] "GET /buy.php?134022975.html HTTP/1.1" 200 19665 "https://troop537.org/buy.php?134025627.html" "Mozilla/5.0 AppleWebKit/537.36 (KHTML, like Gecko; compatible; GPTBot/1.4; +https://openai.com/gptbot)"
74.7.227.165 - - [22/May/2026:08:17:08 -0400] "GET /buy.php?tuzukiya-p252-3206 HTTP/1.1" 200 20506 "https://troop537.org/buy.php?001000090.html" "Mozilla/5.0 AppleWebKit/537.36 (KHTML, like Gecko; compatible; GPTBot/1.4; +https://openai.com/gptbot)"
74.7.227.165 - - [22/May/2026:08:17:08 -0400] "GET /buy.php?tuzukiya-p252-3826 HTTP/1.1" 200 19550 "https://troop537.org/buy.php?001000088.html" "Mozilla/5.0 AppleWebKit/537.36 (KHTML, like Gecko; compatible; GPTBot/1.4; +https://openai.com/gptbot)"
66.249.79.1 - - [22/May/2026:08:17:17 -0400] "GET /shop/pg/8store/41088 HTTP/1.1" 200 16988 "-" "Mozilla/5.0 (Linux; Android 6.0.1; Nexus 5X Build/MMB29P) AppleWebKit/537.36 (KHTML, like Gecko) Chrome/148.0.7778.96 Mobile Safari/537.36 (compatible; GoogleOther)"
66.249.79.8 - - [22/May/2026:08:17:26 -0400] "GET /product/016021813 HTTP/1.1" 200 16281 "-" "Mozilla/5.0 (Linux; Android 6.0.1; Nexus 5X Build/MMB29P) AppleWebKit/537.36 (KHTML, like Gecko) Chrome/148.0.7778.96 Mobile Safari/537.36 (compatible; GoogleOther)"
74.7.227.165 - - [22/May/2026:08:17:09 -0400] "GET /buy.php?jyusetsupro-167005457 HTTP/1.1" 200 19 "https://troop537.org/buy.php?102000017.html" "Mozilla/5.0 AppleWebKit/537.36 (KHTML, like Gecko; compatible; GPTBot/1.4; +https://openai.com/gptbot)"
74.7.227.165 - - [22/May/2026:08:17:29 -0400] "GET /buy.php?117002213 HTTP/1.1" 200 19825 "https://troop537.org/buy.php?087000078.html" "Mozilla/5.0 AppleWebKit/537.36 (KHTML, like Gecko; compatible; GPTBot/1.4; +https://openai.com/gptbot)"
74.7.227.165 - - [22/May/2026:08:17:31 -0400] "GET /buy.php?087001960.html HTTP/1.1" 200 20301 "https://troop537.org/buy.php?087000078.html" "Mozilla/5.0 AppleWebKit/537.36 (KHTML, like Gecko; compatible; GPTBot/1.4; +https://openai.com/gptbot)"
74.7.227.165 - - [22/May/2026:08:17:32 -0400] "GET /buy.php?051019330.html HTTP/1.1" 200 19897 "https://troop537.org/buy.php?239047578.html" "Mozilla/5.0 AppleWebKit/537.36 (KHTML, like Gecko; compatible; GPTBot/1.4; +https://openai.com/gptbot)"
74.7.227.165 - - [22/May/2026:08:17:33 -0400] "GET /buy.php?292007303.html HTTP/1.1" 200 20136 "https://troop537.org/buy.php?047029272.html" "Mozilla/5.0 AppleWebKit/537.36 (KHTML, like Gecko; compatible; GPTBot/1.4; +https://openai.com/gptbot)"
74.7.227.165 - - [22/May/2026:08:17:33 -0400] "GET /buy.php?jp/200008230.html HTTP/1.1" 200 21204 "https://troop537.org/buy.php?200007767.html" "Mozilla/5.0 AppleWebKit/537.36 (KHTML, like Gecko; compatible; GPTBot/1.4; +https://openai.com/gptbot)"
74.7.227.165 - - [22/May/2026:08:17:38 -0400] "GET /buy.php?055019880.html HTTP/1.1" 200 20772 "https://troop537.org/buy.php?055023404.html" "Mozilla/5.0 AppleWebKit/537.36 (KHTML, like Gecko; compatible; GPTBot/1.4; +https://openai.com/gptbot)"
74.7.227.165 - - [22/May/2026:08:17:39 -0400] "GET /buy.php?090000289.html HTTP/1.1" 200 20221 "https://troop537.org/buy.php?090000773.html" "Mozilla/5.0 AppleWebKit/537.36 (KHTML, like Gecko; compatible; GPTBot/1.4; +https://openai.com/gptbot)"
74.7.227.165 - - [22/May/2026:08:17:42 -0400] "GET /buy.php?090000303.html HTTP/1.1" 200 19409 "https://troop537.org/buy.php?090000773.html" "Mozilla/5.0 AppleWebKit/537.36 (KHTML, like Gecko; compatible; GPTBot/1.4; +https://openai.com/gptbot)"
74.7.227.165 - - [22/May/2026:08:17:45 -0400] "GET /buy.php?166019931.html HTTP/1.1" 200 19122 "https://troop537.org/buy.php?tuzukiya-p252-3206" "Mozilla/5.0 AppleWebKit/537.36 (KHTML, like Gecko; compatible; GPTBot/1.4; +https://openai.com/gptbot)"
74.7.227.165 - - [22/May/2026:08:17:46 -0400] "GET /buy.php?259014684.html HTTP/1.1" 200 20639 "https://troop537.org/buy.php?tuzukiya-p252-3826" "Mozilla/5.0 AppleWebKit/537.36 (KHTML, like Gecko; compatible; GPTBot/1.4; +https://openai.com/gptbot)"
74.7.227.165 - - [22/May/2026:08:17:47 -0400] "GET /buy.php?030000141.html HTTP/1.1" 200 21536 "https://troop537.org/buy.php?hirochishop-2-pds15bshr-tn" "Mozilla/5.0 AppleWebKit/537.36 (KHTML, like Gecko; compatible; GPTBot/1.4; +https://openai.com/gptbot)"
74.7.227.165 - - [22/May/2026:08:17:48 -0400] "GET /buy.php?080000857.html HTTP/1.1" 200 20498 "https://troop537.org/buy.php?goodwoods-4065130dcvh4dt8" "Mozilla/5.0 AppleWebKit/537.36 (KHTML, like Gecko; compatible; GPTBot/1.4; +https://openai.com/gptbot)"
74.7.227.165 - - [22/May/2026:08:17:49 -0400] "GET /buy.php?010000419.html HTTP/1.1" 200 22073 "https://troop537.org/buy.php?010000393.html" "Mozilla/5.0 AppleWebKit/537.36 (KHTML, like Gecko; compatible; GPTBot/1.4; +https://openai.com/gptbot)"
66.249.79.8 - - [22/May/2026:08:17:49 -0400] "GET /shop/pg/73daughter/43531 HTTP/1.1" 200 18262 "-" "Mozilla/5.0 (Linux; Android 6.0.1; Nexus 5X Build/MMB29P) AppleWebKit/537.36 (KHTML, like Gecko) Chrome/148.0.7778.96 Mobile Safari/537.36 (compatible; GoogleOther)"
74.7.227.165 - - [22/May/2026:08:17:50 -0400] "GET /buy.php?goods/051011408 HTTP/1.1" 200 20259 "https://troop537.org/buy.php?051019330.html" "Mozilla/5.0 AppleWebKit/537.36 (KHTML, like Gecko; compatible; GPTBot/1.4; +https://openai.com/gptbot)"
74.7.227.165 - - [22/May/2026:08:17:50 -0400] "GET /buy.php?051011424.html HTTP/1.1" 200 20182 "https://troop537.org/buy.php?051019330.html" "Mozilla/5.0 AppleWebKit/537.36 (KHTML, like Gecko; compatible; GPTBot/1.4; +https://openai.com/gptbot)"
74.7.227.165 - - [22/May/2026:08:17:51 -0400] "GET /buy.php?detail/128010415960 HTTP/1.1" 200 19482 "https://troop537.org/buy.php?jp/200008230.html" "Mozilla/5.0 AppleWebKit/537.36 (KHTML, like Gecko; compatible; GPTBot/1.4; +https://openai.com/gptbot)"
74.7.227.165 - - [22/May/2026:08:17:55 -0400] "GET /buy.php?010000315.html HTTP/1.1" 200 19836 "https://troop537.org/buy.php?haikanshop-yz-080800" "Mozilla/5.0 AppleWebKit/537.36 (KHTML, like Gecko; compatible; GPTBot/1.4; +https://openai.com/gptbot)"
74.7.227.165 - - [22/May/2026:08:17:55 -0400] "GET /buy.php?300008833.html HTTP/1.1" 200 19949 "https://troop537.org/buy.php?084003423.html" "Mozilla/5.0 AppleWebKit/537.36 (KHTML, like Gecko; compatible; GPTBot/1.4; +https://openai.com/gptbot)"
74.7.227.165 - - [22/May/2026:08:17:56 -0400] "GET /buy.php?073043314.html HTTP/1.1" 200 20067 "https://troop537.org/buy.php?090000303.html" "Mozilla/5.0 AppleWebKit/537.36 (KHTML, like Gecko; compatible; GPTBot/1.4; +https://openai.com/gptbot)"
74.7.227.165 - - [22/May/2026:08:17:57 -0400] "GET /buy.php?060000767.html HTTP/1.1" 200 21910 "https://troop537.org/buy.php?060000787.html" "Mozilla/5.0 AppleWebKit/537.36 (KHTML, like Gecko; compatible; GPTBot/1.4; +https://openai.com/gptbot)"
74.7.227.165 - - [22/May/2026:08:17:58 -0400] "GET /buy.php?099000992.html HTTP/1.1" 200 20475 "https://troop537.org/buy.php?tieel-8280" "Mozilla/5.0 AppleWebKit/537.36 (KHTML, like Gecko; compatible; GPTBot/1.4; +https://openai.com/gptbot)"
74.7.227.165 - - [22/May/2026:08:17:58 -0400] "GET /buy.php?036000037.html HTTP/1.1" 200 20102 "https://troop537.org/buy.php?category/371_4851/1/listing" "Mozilla/5.0 AppleWebKit/537.36 (KHTML, like Gecko; compatible; GPTBot/1.4; +https://openai.com/gptbot)"
74.7.227.165 - - [22/May/2026:08:17:59 -0400] "GET /buy.php?detail/1330274858398 HTTP/1.1" 200 19423 "https://troop537.org/buy.php?080000857.html" "Mozilla/5.0 AppleWebKit/537.36 (KHTML, like Gecko; compatible; GPTBot/1.4; +https://openai.com/gptbot)"
74.7.227.165 - - [22/May/2026:08:18:00 -0400] "GET /buy.php?jp/010000644.html HTTP/1.1" 200 20090 "https://troop537.org/buy.php?010000419.html" "Mozilla/5.0 AppleWebKit/537.36 (KHTML, like Gecko; compatible; GPTBot/1.4; +https://openai.com/gptbot)"
74.7.227.165 - - [22/May/2026:08:18:00 -0400] "GET /buy.php?goods/051012140 HTTP/1.1" 200 20382 "https://troop537.org/buy.php?goods/051011408" "Mozilla/5.0 AppleWebKit/537.36 (KHTML, like Gecko; compatible; GPTBot/1.4; +https://openai.com/gptbot)"
74.7.227.165 - - [22/May/2026:08:18:01 -0400] "GET /buy.php?010000633.html HTTP/1.1" 200 20378 "https://troop537.org/buy.php?010000419.html" "Mozilla/5.0 AppleWebKit/537.36 (KHTML, like Gecko; compatible; GPTBot/1.4; +https://openai.com/gptbot)"
74.7.227.165 - - [22/May/2026:08:18:02 -0400] "GET /buy.php?058000077.html HTTP/1.1" 200 20212 "https://troop537.org/buy.php?ecjungle-eb-3099100" "Mozilla/5.0 AppleWebKit/537.36 (KHTML, like Gecko; compatible; GPTBot/1.4; +https://openai.com/gptbot)"
74.7.227.165 - - [22/May/2026:08:18:02 -0400] "GET /buy.php?011000046.html HTTP/1.1" 200 20159 "https://troop537.org/buy.php?seikatu-souko-bike-0008-9939" "Mozilla/5.0 AppleWebKit/537.36 (KHTML, like Gecko; compatible; GPTBot/1.4; +https://openai.com/gptbot)"
74.7.227.165 - - [22/May/2026:08:18:10 -0400] "GET /buy.php?024047073.html HTTP/1.1" 200 20836 "https://troop537.org/buy.php?300008833.html" "Mozilla/5.0 AppleWebKit/537.36 (KHTML, like Gecko; compatible; GPTBot/1.4; +https://openai.com/gptbot)"
66.249.79.1 - - [22/May/2026:08:18:19 -0400] "GET /shop/pg/22statute/24800 HTTP/1.1" 200 16742 "-" "Mozilla/5.0 (Linux; Android 6.0.1; Nexus 5X Build/MMB29P) AppleWebKit/537.36 (KHTML, like Gecko) Chrome/148.0.7778.96 Mobile Safari/537.36 (compatible; GoogleOther)"
66.249.79.1 - - [22/May/2026:08:18:22 -0400] "GET /shop/pg/69only/30403 HTTP/1.1" 200 16816 "-" "Mozilla/5.0 (Linux; Android 6.0.1; Nexus 5X Build/MMB29P) AppleWebKit/537.36 (KHTML, like Gecko) Chrome/148.0.7778.96 Mobile Safari/537.36 (compatible; GoogleOther)"
74.7.227.165 - - [22/May/2026:08:18:11 -0400] "GET /buy.php?123003832.html HTTP/1.1" 200 20631 "https://troop537.org/buy.php?300008833.html" "Mozilla/5.0 AppleWebKit/537.36 (KHTML, like Gecko; compatible; GPTBot/1.4; +https://openai.com/gptbot)"
74.7.227.165 - - [22/May/2026:08:18:23 -0400] "GET /buy.php?001000172.html HTTP/1.1" 200 20426 "https://troop537.org/buy.php?category/641_1352/1/listing" "Mozilla/5.0 AppleWebKit/537.36 (KHTML, like Gecko; compatible; GPTBot/1.4; +https://openai.com/gptbot)"
74.7.227.165 - - [22/May/2026:08:18:25 -0400] "GET /buy.php?070000761.html HTTP/1.1" 200 20770 "https://troop537.org/buy.php?tuzukiya-a28-90272" "Mozilla/5.0 AppleWebKit/537.36 (KHTML, like Gecko; compatible; GPTBot/1.4; +https://openai.com/gptbot)"
74.7.227.165 - - [22/May/2026:08:18:26 -0400] "GET /buy.php?jp/036000028.html HTTP/1.1" 200 19783 "https://troop537.org/buy.php?036000037.html" "Mozilla/5.0 AppleWebKit/537.36 (KHTML, like Gecko; compatible; GPTBot/1.4; +https://openai.com/gptbot)"
74.7.227.165 - - [22/May/2026:08:18:26 -0400] "GET /buy.php?085024300.html HTTP/1.1" 200 19183 "https://troop537.org/buy.php?036000037.html" "Mozilla/5.0 AppleWebKit/537.36 (KHTML, like Gecko; compatible; GPTBot/1.4; +https://openai.com/gptbot)"
74.7.227.165 - - [22/May/2026:08:18:27 -0400] "GET /buy.php?jp/010000633.html HTTP/1.1" 200 20517 "https://troop537.org/buy.php?jp/010000644.html" "Mozilla/5.0 AppleWebKit/537.36 (KHTML, like Gecko; compatible; GPTBot/1.4; +https://openai.com/gptbot)"
74.7.227.165 - - [22/May/2026:08:18:32 -0400] "GET /buy.php?231030162.html HTTP/1.1" 200 21693 "https://troop537.org/buy.php?036000037.html" "Mozilla/5.0 AppleWebKit/537.36 (KHTML, like Gecko; compatible; GPTBot/1.4; +https://openai.com/gptbot)"
74.7.227.165 - - [22/May/2026:08:18:33 -0400] "GET /buy.php?tire1ban-offroad-km545bg6-36781 HTTP/1.1" 200 19898 "https://troop537.org/buy.php?jp/010000644.html" "Mozilla/5.0 AppleWebKit/537.36 (KHTML, like Gecko; compatible; GPTBot/1.4; +https://openai.com/gptbot)"
74.7.227.165 - - [22/May/2026:08:18:34 -0400] "GET /buy.php?047000030.html HTTP/1.1" 200 20064 "https://troop537.org/buy.php?047001122.html" "Mozilla/5.0 AppleWebKit/537.36 (KHTML, like Gecko; compatible; GPTBot/1.4; +https://openai.com/gptbot)"
74.7.227.165 - - [22/May/2026:08:18:35 -0400] "GET /buy.php?090000449.html HTTP/1.1" 200 20424 "https://troop537.org/buy.php?category/91_1657_7716/1/listing" "Mozilla/5.0 AppleWebKit/537.36 (KHTML, like Gecko; compatible; GPTBot/1.4; +https://openai.com/gptbot)"
74.7.227.165 - - [22/May/2026:08:18:38 -0400] "GET /buy.php?077000062.html HTTP/1.1" 200 19466 "https://troop537.org/buy.php?category/182_1560/1/listing" "Mozilla/5.0 AppleWebKit/537.36 (KHTML, like Gecko; compatible; GPTBot/1.4; +https://openai.com/gptbot)"
74.7.227.165 - - [22/May/2026:08:18:42 -0400] "GET /buy.php?123006050.html HTTP/1.1" 200 20812 "https://troop537.org/buy.php?123003832.html" "Mozilla/5.0 AppleWebKit/537.36 (KHTML, like Gecko; compatible; GPTBot/1.4; +https://openai.com/gptbot)"
74.7.227.165 - - [22/May/2026:08:18:46 -0400] "GET /buy.php?111021100.html HTTP/1.1" 200 21155 "https://troop537.org/buy.php?111020512.html" "Mozilla/5.0 AppleWebKit/537.36 (KHTML, like Gecko; compatible; GPTBot/1.4; +https://openai.com/gptbot)"
74.7.227.165 - - [22/May/2026:08:18:47 -0400] "GET /buy.php?070000515.html HTTP/1.1" 200 20931 "https://troop537.org/buy.php?070000761.html" "Mozilla/5.0 AppleWebKit/537.36 (KHTML, like Gecko; compatible; GPTBot/1.4; +https://openai.com/gptbot)"
74.7.227.165 - - [22/May/2026:08:18:47 -0400] "GET /buy.php?jp/036000021.html HTTP/1.1" 200 20171 "https://troop537.org/buy.php?jp/036000028.html" "Mozilla/5.0 AppleWebKit/537.36 (KHTML, like Gecko; compatible; GPTBot/1.4; +https://openai.com/gptbot)"
74.7.227.165 - - [22/May/2026:08:18:53 -0400] "GET /buy.php?jp/036000022.html HTTP/1.1" 200 19579 "https://troop537.org/buy.php?jp/036000028.html" "Mozilla/5.0 AppleWebKit/537.36 (KHTML, like Gecko; compatible; GPTBot/1.4; +https://openai.com/gptbot)"
66.249.79.1 - - [22/May/2026:08:18:54 -0400] "GET /product/156011687 HTTP/1.1" 200 16794 "-" "Mozilla/5.0 (Linux; Android 6.0.1; Nexus 5X Build/MMB29P) AppleWebKit/537.36 (KHTML, like Gecko) Chrome/148.0.7778.96 Mobile Safari/537.36 (compatible; GoogleOther)"
66.249.79.8 - - [22/May/2026:08:18:55 -0400] "GET /shop/pg/61publicity/22123 HTTP/1.1" 200 17992 "-" "Mozilla/5.0 (Linux; Android 6.0.1; Nexus 5X Build/MMB29P) AppleWebKit/537.36 (KHTML, like Gecko) Chrome/148.0.7778.96 Mobile Safari/537.36 (compatible; GoogleOther)"
74.7.227.165 - - [22/May/2026:08:18:54 -0400] "GET /buy.php?jp/010000968.html HTTP/1.1" 200 21578 "https://troop537.org/buy.php?jp/010000633.html" "Mozilla/5.0 AppleWebKit/537.36 (KHTML, like Gecko; compatible; GPTBot/1.4; +https://openai.com/gptbot)"
74.7.227.165 - - [22/May/2026:08:18:56 -0400] "GET /buy.php?231026584.html HTTP/1.1" 200 20602 "https://troop537.org/buy.php?231030162.html" "Mozilla/5.0 AppleWebKit/537.36 (KHTML, like Gecko; compatible; GPTBot/1.4; +https://openai.com/gptbot)"
74.7.227.165 - - [22/May/2026:08:18:56 -0400] "GET /buy.php?231026598.html HTTP/1.1" 200 21018 "https://troop537.org/buy.php?231030162.html" "Mozilla/5.0 AppleWebKit/537.36 (KHTML, like Gecko; compatible; GPTBot/1.4; +https://openai.com/gptbot)"
74.7.227.165 - - [22/May/2026:08:18:57 -0400] "GET /buy.php?parusu-comd-2297298 HTTP/1.1" 200 20288 "https://troop537.org/buy.php?047000030.html" "Mozilla/5.0 AppleWebKit/537.36 (KHTML, like Gecko; compatible; GPTBot/1.4; +https://openai.com/gptbot)"
74.7.227.165 - - [22/May/2026:08:18:58 -0400] "GET /buy.php?jp/090000693.html HTTP/1.1" 200 20455 "https://troop537.org/buy.php?090000449.html" "Mozilla/5.0 AppleWebKit/537.36 (KHTML, like Gecko; compatible; GPTBot/1.4; +https://openai.com/gptbot)"
74.7.227.165 - - [22/May/2026:08:18:58 -0400] "GET /buy.php?090000332 HTTP/1.1" 200 20612 "https://troop537.org/buy.php?parusu-comd-2297298" "Mozilla/5.0 AppleWebKit/537.36 (KHTML, like Gecko; compatible; GPTBot/1.4; +https://openai.com/gptbot)"
74.7.227.165 - - [22/May/2026:08:18:59 -0400] "GET /buy.php?132010521.html HTTP/1.1" 200 20588 "https://troop537.org/buy.php?085024300.html" "Mozilla/5.0 AppleWebKit/537.36 (KHTML, like Gecko; compatible; GPTBot/1.4; +https://openai.com/gptbot)"
74.7.227.165 - - [22/May/2026:08:18:59 -0400] "GET /buy.php?104003643.html HTTP/1.1" 200 19498 "https://troop537.org/buy.php?077000062.html" "Mozilla/5.0 AppleWebKit/537.36 (KHTML, like Gecko; compatible; GPTBot/1.4; +https://openai.com/gptbot)"
74.7.227.165 - - [22/May/2026:08:19:00 -0400] "GET /buy.php?detail/041006662057 HTTP/1.1" 200 20443 "https://troop537.org/buy.php?111021100.html" "Mozilla/5.0 AppleWebKit/537.36 (KHTML, like Gecko; compatible; GPTBot/1.4; +https://openai.com/gptbot)"
74.7.227.165 - - [22/May/2026:08:19:01 -0400] "GET /buy.php?038000083.html HTTP/1.1" 200 19286 "https://troop537.org/buy.php?iinex-ab00u208psc" "Mozilla/5.0 AppleWebKit/537.36 (KHTML, like Gecko; compatible; GPTBot/1.4; +https://openai.com/gptbot)"
74.7.227.165 - - [22/May/2026:08:19:01 -0400] "GET /buy.php?110000291.html HTTP/1.1" 200 20486 "https://troop537.org/buy.php?110000207.html" "Mozilla/5.0 AppleWebKit/537.36 (KHTML, like Gecko; compatible; GPTBot/1.4; +https://openai.com/gptbot)"
74.7.227.165 - - [22/May/2026:08:19:02 -0400] "GET /buy.php?jp/036000013.html HTTP/1.1" 200 20113 "https://troop537.org/buy.php?jp/036000022.html" "Mozilla/5.0 AppleWebKit/537.36 (KHTML, like Gecko; compatible; GPTBot/1.4; +https://openai.com/gptbot)"
74.7.227.165 - - [22/May/2026:08:19:03 -0400] "GET /buy.php?jp/036000014.html HTTP/1.1" 200 19636 "https://troop537.org/buy.php?jp/036000022.html" "Mozilla/5.0 AppleWebKit/537.36 (KHTML, like Gecko; compatible; GPTBot/1.4; +https://openai.com/gptbot)"
74.7.227.165 - - [22/May/2026:08:19:04 -0400] "GET /buy.php?jp/010000558.html HTTP/1.1" 200 19975 "https://troop537.org/buy.php?jp/010000968.html" "Mozilla/5.0 AppleWebKit/537.36 (KHTML, like Gecko; compatible; GPTBot/1.4; +https://openai.com/gptbot)"
74.7.227.165 - - [22/May/2026:08:19:04 -0400] "GET /buy.php?goods/008004734 HTTP/1.1" 200 21588 "https://troop537.org/buy.php?jp/036000022.html" "Mozilla/5.0 AppleWebKit/537.36 (KHTML, like Gecko; compatible; GPTBot/1.4; +https://openai.com/gptbot)"
74.7.227.165 - - [22/May/2026:08:19:05 -0400] "GET /buy.php?040000711.html HTTP/1.1" 200 20130 "https://troop537.org/buy.php?frontop-5u53yitop74qor7xdqdzyywewy-imp-1" "Mozilla/5.0 AppleWebKit/537.36 (KHTML, like Gecko; compatible; GPTBot/1.4; +https://openai.com/gptbot)"
74.7.227.165 - - [22/May/2026:08:19:06 -0400] "GET /buy.php?jp/090000712.html HTTP/1.1" 200 20698 "https://troop537.org/buy.php?jp/090000693.html" "Mozilla/5.0 AppleWebKit/537.36 (KHTML, like Gecko; compatible; GPTBot/1.4; +https://openai.com/gptbot)"
74.7.227.165 - - [22/May/2026:08:19:06 -0400] "GET /buy.php?272031859.html HTTP/1.1" 200 20857 "https://troop537.org/buy.php?090000332" "Mozilla/5.0 AppleWebKit/537.36 (KHTML, like Gecko; compatible; GPTBot/1.4; +https://openai.com/gptbot)"
74.7.227.165 - - [22/May/2026:08:19:07 -0400] "GET /buy.php?006000019.html HTTP/1.1" 200 20259 "https://troop537.org/buy.php?006000215.html" "Mozilla/5.0 AppleWebKit/537.36 (KHTML, like Gecko; compatible; GPTBot/1.4; +https://openai.com/gptbot)"
74.7.227.165 - - [22/May/2026:08:19:08 -0400] "GET /buy.php?detail/209020800242 HTTP/1.1" 200 22519 "https://troop537.org/buy.php?detail/041006662057" "Mozilla/5.0 AppleWebKit/537.36 (KHTML, like Gecko; compatible; GPTBot/1.4; +https://openai.com/gptbot)"
74.7.227.165 - - [22/May/2026:08:19:08 -0400] "GET /buy.php?209026624.html HTTP/1.1" 200 19068 "https://troop537.org/buy.php?038000083.html" "Mozilla/5.0 AppleWebKit/537.36 (KHTML, like Gecko; compatible; GPTBot/1.4; +https://openai.com/gptbot)"
74.7.227.165 - - [22/May/2026:08:19:09 -0400] "GET /buy.php?066042021.html HTTP/1.1" 200 19019 "https://troop537.org/buy.php?038000083.html" "Mozilla/5.0 AppleWebKit/537.36 (KHTML, like Gecko; compatible; GPTBot/1.4; +https://openai.com/gptbot)"
68.65.122.55 - - [22/May/2026:08:19:11 -0400] "POST /wp-cron.php?doing_wp_cron=1779452351.6578810214996337890625 HTTP/1.1" 403 1242 "-" "WordPress/6.9.4; https://troop537.org"
103.167.35.178 - - [22/May/2026:08:19:11 -0400] "POST /wp-login.php HTTP/1.1" 200 2166 "-" "Mozilla/5.0 (Windows NT 10.0; Win64; x64)"
103.167.35.178 - - [22/May/2026:08:19:11 -0400] "GET /wp-admin/ HTTP/1.1" 302 0 "-" "Mozilla/5.0 (Windows NT 10.0; Win64; x64)"
103.167.35.178 - - [22/May/2026:08:19:12 -0400] "GET /wp-login.php?redirect_to=https%3A%2F%2Ftroop537.org%2Fwp-admin%2F&reauth=1 HTTP/1.1" 200 2069 "-" "Mozilla/5.0 (Windows NT 10.0; Win64; x64)"
74.7.227.165 - - [22/May/2026:08:19:10 -0400] "GET /buy.php?110000801.html HTTP/1.1" 200 21012 "https://troop537.org/buy.php?110000291.html" "Mozilla/5.0 AppleWebKit/537.36 (KHTML, like Gecko; compatible; GPTBot/1.4; +https://openai.com/gptbot)"
66.249.79.2 - - [22/May/2026:08:19:13 -0400] "GET /product/159044946 HTTP/1.1" 200 17704 "-" "Mozilla/5.0 (Linux; Android 6.0.1; Nexus 5X Build/MMB29P) AppleWebKit/537.36 (KHTML, like Gecko) Chrome/148.0.7778.96 Mobile Safari/537.36 (compatible; GoogleOther)"
66.249.79.8 - - [22/May/2026:08:19:26 -0400] "GET /shop/pg/163re/2907 HTTP/1.1" 200 16878 "-" "Mozilla/5.0 (Linux; Android 6.0.1; Nexus 5X Build/MMB29P) AppleWebKit/537.36 (KHTML, like Gecko) Chrome/148.0.7778.96 Mobile Safari/537.36 (compatible; GoogleOther)"
74.7.227.165 - - [22/May/2026:08:19:12 -0400] "GET /buy.php?110000809.html HTTP/1.1" 200 19 "https://troop537.org/buy.php?110000291.html" "Mozilla/5.0 AppleWebKit/537.36 (KHTML, like Gecko; compatible; GPTBot/1.4; +https://openai.com/gptbot)"
74.7.227.165 - - [22/May/2026:08:19:32 -0400] "GET /buy.php?jp/010000861.html HTTP/1.1" 200 20201 "https://troop537.org/buy.php?jp/010000558.html" "Mozilla/5.0 AppleWebKit/537.36 (KHTML, like Gecko; compatible; GPTBot/1.4; +https://openai.com/gptbot)"
74.7.227.165 - - [22/May/2026:08:19:33 -0400] "GET /buy.php?jp/010000855.html HTTP/1.1" 200 20012 "https://troop537.org/buy.php?jp/010000558.html" "Mozilla/5.0 AppleWebKit/537.36 (KHTML, like Gecko; compatible; GPTBot/1.4; +https://openai.com/gptbot)"
74.7.227.165 - - [22/May/2026:08:19:34 -0400] "GET /buy.php?jp/010000824.html HTTP/1.1" 200 19 "https://troop537.org/buy.php?jp/010000558.html" "Mozilla/5.0 AppleWebKit/537.36 (KHTML, like Gecko; compatible; GPTBot/1.4; +https://openai.com/gptbot)"
74.7.227.165 - - [22/May/2026:08:19:53 -0400] "GET /buy.php?jp/090000421.html HTTP/1.1" 200 20405 "https://troop537.org/buy.php?jp/090000712.html" "Mozilla/5.0 AppleWebKit/537.36 (KHTML, like Gecko; compatible; GPTBot/1.4; +https://openai.com/gptbot)"
74.7.227.165 - - [22/May/2026:08:19:55 -0400] "GET /buy.php?detail/00800473484330 HTTP/1.1" 200 21449 "https://troop537.org/buy.php?goods/008004734" "Mozilla/5.0 AppleWebKit/537.36 (KHTML, like Gecko; compatible; GPTBot/1.4; +https://openai.com/gptbot)"
74.7.227.165 - - [22/May/2026:08:19:56 -0400] "GET /buy.php?100007377.html HTTP/1.1" 200 21105 "https://troop537.org/buy.php?199004122.html" "Mozilla/5.0 AppleWebKit/537.36 (KHTML, like Gecko; compatible; GPTBot/1.4; +https://openai.com/gptbot)"
74.7.227.165 - - [22/May/2026:08:19:56 -0400] "GET /buy.php?goods/080040349 HTTP/1.1" 200 19271 "https://troop537.org/buy.php?detail/209020800242" "Mozilla/5.0 AppleWebKit/537.36 (KHTML, like Gecko; compatible; GPTBot/1.4; +https://openai.com/gptbot)"
74.7.227.165 - - [22/May/2026:08:19:57 -0400] "GET /buy.php?013033418.html HTTP/1.1" 200 19872 "https://troop537.org/buy.php?209026624.html" "Mozilla/5.0 AppleWebKit/537.36 (KHTML, like Gecko; compatible; GPTBot/1.4; +https://openai.com/gptbot)"
74.7.227.165 - - [22/May/2026:08:19:58 -0400] "GET /buy.php?category/79_8375/1/listing HTTP/1.1" 200 20522 "https://troop537.org/buy.php?detail/209020800242" "Mozilla/5.0 AppleWebKit/537.36 (KHTML, like Gecko; compatible; GPTBot/1.4; +https://openai.com/gptbot)"
66.249.79.8 - - [22/May/2026:08:19:58 -0400] "GET /shop/pg/125truly/35067 HTTP/1.1" 200 17219 "-" "Mozilla/5.0 (Linux; Android 6.0.1; Nexus 5X Build/MMB29P) AppleWebKit/537.36 (KHTML, like Gecko) Chrome/148.0.7778.96 Mobile Safari/537.36 (compatible; GoogleOther)"
74.7.227.165 - - [22/May/2026:08:19:58 -0400] "GET /buy.php?300006533.html HTTP/1.1" 200 20208 "https://troop537.org/buy.php?226038623.html" "Mozilla/5.0 AppleWebKit/537.36 (KHTML, like Gecko; compatible; GPTBot/1.4; +https://openai.com/gptbot)"
74.7.227.165 - - [22/May/2026:08:19:59 -0400] "GET /buy.php?080000603.html HTTP/1.1" 200 20097 "https://troop537.org/buy.php?goodwoods-4065130dcvh4dt8" "Mozilla/5.0 AppleWebKit/537.36 (KHTML, like Gecko; compatible; GPTBot/1.4; +https://openai.com/gptbot)"
74.7.227.165 - - [22/May/2026:08:20:00 -0400] "GET /buy.php?detail/01000094010792 HTTP/1.1" 200 21334 "https://troop537.org/buy.php?jp/010000861.html" "Mozilla/5.0 AppleWebKit/537.36 (KHTML, like Gecko; compatible; GPTBot/1.4; +https://openai.com/gptbot)"
74.7.227.165 - - [22/May/2026:08:20:01 -0400] "GET /buy.php?029000082.html HTTP/1.1" 200 20179 "https://troop537.org/buy.php?category/60_1675/1/listing" "Mozilla/5.0 AppleWebKit/537.36 (KHTML, like Gecko; compatible; GPTBot/1.4; +https://openai.com/gptbot)"
74.7.227.165 - - [22/May/2026:08:20:01 -0400] "GET /buy.php?121000012.html HTTP/1.1" 200 20688 "https://troop537.org/buy.php?121014664.html" "Mozilla/5.0 AppleWebKit/537.36 (KHTML, like Gecko; compatible; GPTBot/1.4; +https://openai.com/gptbot)"
74.7.227.165 - - [22/May/2026:08:20:02 -0400] "GET /buy.php?jp/090000437.html HTTP/1.1" 200 20131 "https://troop537.org/buy.php?jp/090000421.html" "Mozilla/5.0 AppleWebKit/537.36 (KHTML, like Gecko; compatible; GPTBot/1.4; +https://openai.com/gptbot)"
74.7.227.165 - - [22/May/2026:08:20:04 -0400] "GET /buy.php?089000092.html HTTP/1.1" 200 19863 "https://troop537.org/buy.php?kaientai-tnob-2177031" "Mozilla/5.0 AppleWebKit/537.36 (KHTML, like Gecko; compatible; GPTBot/1.4; +https://openai.com/gptbot)"
74.7.227.165 - - [22/May/2026:08:20:05 -0400] "GET /buy.php?187019436.html HTTP/1.1" 200 19788 "https://troop537.org/buy.php?100007377.html" "Mozilla/5.0 AppleWebKit/537.36 (KHTML, like Gecko; compatible; GPTBot/1.4; +https://openai.com/gptbot)"
74.7.227.165 - - [22/May/2026:08:20:05 -0400] "GET /buy.php?detail/1600052482999 HTTP/1.1" 200 22279 "https://troop537.org/buy.php?goods/080040349" "Mozilla/5.0 AppleWebKit/537.36 (KHTML, like Gecko; compatible; GPTBot/1.4; +https://openai.com/gptbot)"
66.249.79.8 - - [22/May/2026:08:20:06 -0400] "GET /shop/pg/115round/49755 HTTP/1.1" 200 17573 "-" "Mozilla/5.0 (Linux; Android 6.0.1; Nexus 5X Build/MMB29P) AppleWebKit/537.36 (KHTML, like Gecko) Chrome/148.0.7778.96 Mobile Safari/537.36 (compatible; GoogleOther)"
74.7.227.165 - - [22/May/2026:08:20:06 -0400] "GET /buy.php?088000011.html HTTP/1.1" 200 23536 "https://troop537.org/buy.php?088000047.html" "Mozilla/5.0 AppleWebKit/537.36 (KHTML, like Gecko; compatible; GPTBot/1.4; +https://openai.com/gptbot)"
74.7.227.165 - - [22/May/2026:08:20:10 -0400] "GET /buy.php?075000050.html HTTP/1.1" 200 20834 "https://troop537.org/buy.php?ssk-1-asve-187232_06-" "Mozilla/5.0 AppleWebKit/537.36 (KHTML, like Gecko; compatible; GPTBot/1.4; +https://openai.com/gptbot)"
192.36.53.210 - - [22/May/2026:08:20:15 -0400] "GET /robots.txt HTTP/1.1" 200 129 "http://troop537.org/robots.txt" "Mozilla/5.0 (Windows NT 10.0; Win64; x64; rv:123.0) Gecko/20100101 Firefox/123"
68.65.122.55 - - [22/May/2026:08:20:16 -0400] "POST /wp-cron.php?doing_wp_cron=1779452416.4105970859527587890625 HTTP/1.1" 403 1242 "-" "WordPress/6.9.4; https://troop537.org"
93.158.98.56 - - [22/May/2026:08:20:16 -0400] "GET / HTTP/1.1" 200 18670 "http://troop537.org/" "Mozilla/5.0 (Windows NT 10.0; Win64; x64; rv:123.0) Gecko/20100101 Firefox/123"
74.7.227.165 - - [22/May/2026:08:20:13 -0400] "GET /buy.php?122001931.html HTTP/1.1" 200 20237 "https://troop537.org/buy.php?300006533.html" "Mozilla/5.0 AppleWebKit/537.36 (KHTML, like Gecko; compatible; GPTBot/1.4; +https://openai.com/gptbot)"
74.7.227.165 - - [22/May/2026:08:20:17 -0400] "GET /buy.php?206014837.html HTTP/1.1" 200 19943 "https://troop537.org/buy.php?080000603.html" "Mozilla/5.0 AppleWebKit/537.36 (KHTML, like Gecko; compatible; GPTBot/1.4; +https://openai.com/gptbot)"
74.7.227.165 - - [22/May/2026:08:20:18 -0400] "GET /buy.php?jp/010000493.html HTTP/1.1" 200 20009 "https://troop537.org/buy.php?detail/01000094010792" "Mozilla/5.0 AppleWebKit/537.36 (KHTML, like Gecko; compatible; GPTBot/1.4; +https://openai.com/gptbot)"
74.7.227.165 - - [22/May/2026:08:20:19 -0400] "GET /buy.php?jp/010000487.html HTTP/1.1" 200 19903 "https://troop537.org/buy.php?detail/01000094010792" "Mozilla/5.0 AppleWebKit/537.36 (KHTML, like Gecko; compatible; GPTBot/1.4; +https://openai.com/gptbot)"
66.249.79.1 - - [22/May/2026:08:20:30 -0400] "GET /shop/pg/256control/29602 HTTP/1.1" 200 16704 "-" "Mozilla/5.0 (Linux; Android 6.0.1; Nexus 5X Build/MMB29P) AppleWebKit/537.36 (KHTML, like Gecko) Chrome/148.0.7778.96 Mobile Safari/537.36 (compatible; GoogleOther)"
74.7.227.165 - - [22/May/2026:08:20:25 -0400] "GET /buy.php?hanahana-ribbon-l67ptz2sv3h4ide5axl6omiezu-alr-1 HTTP/1.1" 200 19 "https://troop537.org/buy.php?029000082.html" "Mozilla/5.0 AppleWebKit/537.36 (KHTML, like Gecko; compatible; GPTBot/1.4; +https://openai.com/gptbot)"
74.7.227.165 - - [22/May/2026:08:20:45 -0400] "GET /buy.php?goods/133008733 HTTP/1.1" 200 20653 "https://troop537.org/buy.php?jp/090000437.html" "Mozilla/5.0 AppleWebKit/537.36 (KHTML, like Gecko; compatible; GPTBot/1.4; +https://openai.com/gptbot)"
74.7.227.165 - - [22/May/2026:08:20:57 -0400] "GET /buy.php?089003986.html HTTP/1.1" 200 18601 "https://troop537.org/buy.php?121000012.html" "Mozilla/5.0 AppleWebKit/537.36 (KHTML, like Gecko; compatible; GPTBot/1.4; +https://openai.com/gptbot)"
74.7.227.165 - - [22/May/2026:08:20:57 -0400] "GET /buy.php?118015845.html HTTP/1.1" 200 20244 "https://troop537.org/buy.php?089000092.html" "Mozilla/5.0 AppleWebKit/537.36 (KHTML, like Gecko; compatible; GPTBot/1.4; +https://openai.com/gptbot)"
74.7.227.165 - - [22/May/2026:08:20:58 -0400] "GET /buy.php?068000063.html HTTP/1.1" 200 21839 "https://troop537.org/buy.php?068000087.html" "Mozilla/5.0 AppleWebKit/537.36 (KHTML, like Gecko; compatible; GPTBot/1.4; +https://openai.com/gptbot)"
74.7.227.165 - - [22/May/2026:08:20:59 -0400] "GET /buy.php?007000012.html HTTP/1.1" 200 20568 "https://troop537.org/buy.php?hirochishop-3tc-81965-00" "Mozilla/5.0 AppleWebKit/537.36 (KHTML, like Gecko; compatible; GPTBot/1.4; +https://openai.com/gptbot)"
74.7.227.165 - - [22/May/2026:08:20:59 -0400] "GET /buy.php?238040203.html HTTP/1.1" 200 19568 "https://troop537.org/buy.php?075000050.html" "Mozilla/5.0 AppleWebKit/537.36 (KHTML, like Gecko; compatible; GPTBot/1.4; +https://openai.com/gptbot)"
66.249.79.8 - - [22/May/2026:08:21:00 -0400] "GET /shop/pg/290terrain/1024 HTTP/1.1" 200 17035 "-" "Mozilla/5.0 (Linux; Android 6.0.1; Nexus 5X Build/MMB29P) AppleWebKit/537.36 (KHTML, like Gecko) Chrome/148.0.7778.96 Mobile Safari/537.36 (compatible; GoogleOther)"
74.7.227.165 - - [22/May/2026:08:21:00 -0400] "GET /buy.php?frontop-qjrm73ezjyazbleayweq4yotpe-imp-1 HTTP/1.1" 200 20022 "https://troop537.org/buy.php?122001931.html" "Mozilla/5.0 AppleWebKit/537.36 (KHTML, like Gecko; compatible; GPTBot/1.4; +https://openai.com/gptbot)"
74.7.227.165 - - [22/May/2026:08:21:01 -0400] "GET /buy.php?140029653.html HTTP/1.1" 200 20883 "https://troop537.org/buy.php?206014837.html" "Mozilla/5.0 AppleWebKit/537.36 (KHTML, like Gecko; compatible; GPTBot/1.4; +https://openai.com/gptbot)"
74.7.227.165 - - [22/May/2026:08:21:01 -0400] "GET /buy.php?detail/1770388205625 HTTP/1.1" 200 19434 "https://troop537.org/buy.php?jp/010000493.html" "Mozilla/5.0 AppleWebKit/537.36 (KHTML, like Gecko; compatible; GPTBot/1.4; +https://openai.com/gptbot)"
66.249.79.2 - - [22/May/2026:08:21:03 -0400] "GET /shop/pg/13gold/30717 HTTP/1.1" 200 17730 "-" "Mozilla/5.0 (Linux; Android 6.0.1; Nexus 5X Build/MMB29P) AppleWebKit/537.36 (KHTML, like Gecko) Chrome/148.0.7778.96 Mobile Safari/537.36 (compatible; GoogleOther)"
74.7.227.165 - - [22/May/2026:08:21:02 -0400] "GET /buy.php?goods/098002380 HTTP/1.1" 200 21611 "https://troop537.org/buy.php?jp/010000493.html" "Mozilla/5.0 AppleWebKit/537.36 (KHTML, like Gecko; compatible; GPTBot/1.4; +https://openai.com/gptbot)"
74.7.227.165 - - [22/May/2026:08:21:05 -0400] "GET /buy.php?012005519.html HTTP/1.1" 200 21219 "https://troop537.org/buy.php?206014837.html" "Mozilla/5.0 AppleWebKit/537.36 (KHTML, like Gecko; compatible; GPTBot/1.4; +https://openai.com/gptbot)"
74.7.227.165 - - [22/May/2026:08:21:05 -0400] "GET /buy.php?detail/1330071903526 HTTP/1.1" 200 20061 "https://troop537.org/buy.php?goods/133008733" "Mozilla/5.0 AppleWebKit/537.36 (KHTML, like Gecko; compatible; GPTBot/1.4; +https://openai.com/gptbot)"
74.7.227.165 - - [22/May/2026:08:21:06 -0400] "GET /buy.php?150017457.html HTTP/1.1" 200 19350 "https://troop537.org/buy.php?089003986.html" "Mozilla/5.0 AppleWebKit/537.36 (KHTML, like Gecko; compatible; GPTBot/1.4; +https://openai.com/gptbot)"
74.7.227.165 - - [22/May/2026:08:21:07 -0400] "GET /buy.php?118014489.html HTTP/1.1" 200 21671 "https://troop537.org/buy.php?118015845.html" "Mozilla/5.0 AppleWebKit/537.36 (KHTML, like Gecko; compatible; GPTBot/1.4; +https://openai.com/gptbot)"
74.7.227.165 - - [22/May/2026:08:21:07 -0400] "GET /buy.php?049000040.html HTTP/1.1" 200 20271 "https://troop537.org/buy.php?world-depo-mts-1852857" "Mozilla/5.0 AppleWebKit/537.36 (KHTML, like Gecko; compatible; GPTBot/1.4; +https://openai.com/gptbot)"
74.7.227.165 - - [22/May/2026:08:21:08 -0400] "GET /buy.php?148016461.html HTTP/1.1" 200 21082 "https://troop537.org/buy.php?007000012.html" "Mozilla/5.0 AppleWebKit/537.36 (KHTML, like Gecko; compatible; GPTBot/1.4; +https://openai.com/gptbot)"
74.7.227.165 - - [22/May/2026:08:21:09 -0400] "GET /buy.php?102000077.html HTTP/1.1" 200 20113 "https://troop537.org/buy.php?207040098.html" "Mozilla/5.0 AppleWebKit/537.36 (KHTML, like Gecko; compatible; GPTBot/1.4; +https://openai.com/gptbot)"
74.7.227.165 - - [22/May/2026:08:21:09 -0400] "GET /buy.php?139008246.html HTTP/1.1" 200 19456 "https://troop537.org/buy.php?frontop-qjrm73ezjyazbleayweq4yotpe-imp-1" "Mozilla/5.0 AppleWebKit/537.36 (KHTML, like Gecko; compatible; GPTBot/1.4; +https://openai.com/gptbot)"
74.7.227.165 - - [22/May/2026:08:21:10 -0400] "GET /buy.php?208022922 HTTP/1.1" 200 23044 "https://troop537.org/buy.php?140029653.html" "Mozilla/5.0 AppleWebKit/537.36 (KHTML, like Gecko; compatible; GPTBot/1.4; +https://openai.com/gptbot)"
74.7.227.165 - - [22/May/2026:08:21:11 -0400] "GET /buy.php?goods/052002940 HTTP/1.1" 200 20527 "https://troop537.org/buy.php?frontop-qjrm73ezjyazbleayweq4yotpe-imp-1" "Mozilla/5.0 AppleWebKit/537.36 (KHTML, like Gecko; compatible; GPTBot/1.4; +https://openai.com/gptbot)"
74.7.227.165 - - [22/May/2026:08:21:11 -0400] "GET /buy.php?seikatu-souko-usdm-0246-6842 HTTP/1.1" 200 19615 "https://troop537.org/buy.php?goods/098002380" "Mozilla/5.0 AppleWebKit/537.36 (KHTML, like Gecko; compatible; GPTBot/1.4; +https://openai.com/gptbot)"
74.7.227.165 - - [22/May/2026:08:21:12 -0400] "GET /buy.php?iinex-ab00w95h0wu HTTP/1.1" 200 20360 "https://troop537.org/buy.php?012005519.html" "Mozilla/5.0 AppleWebKit/537.36 (KHTML, like Gecko; compatible; GPTBot/1.4; +https://openai.com/gptbot)"
74.7.227.165 - - [22/May/2026:08:21:13 -0400] "GET /buy.php?detail/096004200922 HTTP/1.1" 200 20360 "https://troop537.org/buy.php?goods/098002380" "Mozilla/5.0 AppleWebKit/537.36 (KHTML, like Gecko; compatible; GPTBot/1.4; +https://openai.com/gptbot)"
74.7.227.165 - - [22/May/2026:08:21:13 -0400] "GET /buy.php?140022901.html HTTP/1.1" 200 21461 "https://troop537.org/buy.php?140029653.html" "Mozilla/5.0 AppleWebKit/537.36 (KHTML, like Gecko; compatible; GPTBot/1.4; +https://openai.com/gptbot)"
74.7.227.165 - - [22/May/2026:08:21:17 -0400] "GET /buy.php?118014499.html HTTP/1.1" 200 20611 "https://troop537.org/buy.php?118014489.html" "Mozilla/5.0 AppleWebKit/537.36 (KHTML, like Gecko; compatible; GPTBot/1.4; +https://openai.com/gptbot)"
74.7.227.165 - - [22/May/2026:08:21:18 -0400] "GET /buy.php?269029366.html HTTP/1.1" 200 19136 "https://troop537.org/buy.php?012005519.html" "Mozilla/5.0 AppleWebKit/537.36 (KHTML, like Gecko; compatible; GPTBot/1.4; +https://openai.com/gptbot)"
74.7.227.165 - - [22/May/2026:08:21:21 -0400] "GET /buy.php?205040970.html HTTP/1.1" 200 21913 "https://troop537.org/buy.php?118014489.html" "Mozilla/5.0 AppleWebKit/537.36 (KHTML, like Gecko; compatible; GPTBot/1.4; +https://openai.com/gptbot)"
74.7.227.165 - - [22/May/2026:08:21:29 -0400] "GET /buy.php?140022907.html HTTP/1.1" 200 20038 "https://troop537.org/buy.php?140029653.html" "Mozilla/5.0 AppleWebKit/537.36 (KHTML, like Gecko; compatible; GPTBot/1.4; +https://openai.com/gptbot)"
74.7.227.165 - - [22/May/2026:08:21:30 -0400] "GET /buy.php?280031390 HTTP/1.1" 200 21675 "https://troop537.org/buy.php?049000040.html" "Mozilla/5.0 AppleWebKit/537.36 (KHTML, like Gecko; compatible; GPTBot/1.4; +https://openai.com/gptbot)"
74.7.227.165 - - [22/May/2026:08:21:32 -0400] "GET /buy.php?jp/010000229.html HTTP/1.1" 200 20880 "https://troop537.org/buy.php?208022922" "Mozilla/5.0 AppleWebKit/537.36 (KHTML, like Gecko; compatible; GPTBot/1.4; +https://openai.com/gptbot)"
74.7.227.165 - - [22/May/2026:08:21:36 -0400] "GET /buy.php?006000023.html HTTP/1.1" 200 20248 "https://troop537.org/buy.php?gratiahome-7vj5-x98-pq5r4rk-1" "Mozilla/5.0 AppleWebKit/537.36 (KHTML, like Gecko; compatible; GPTBot/1.4; +https://openai.com/gptbot)"
74.7.227.165 - - [22/May/2026:08:21:40 -0400] "GET /buy.php?tuzukiya-m202-57382 HTTP/1.1" 200 21679 "https://troop537.org/buy.php?seikatu-souko-usdm-0246-6842" "Mozilla/5.0 AppleWebKit/537.36 (KHTML, like Gecko; compatible; GPTBot/1.4; +https://openai.com/gptbot)"
74.7.227.165 - - [22/May/2026:08:21:41 -0400] "GET /buy.php?207004068.html HTTP/1.1" 200 19888 "https://troop537.org/buy.php?iinex-ab00w95h0wu" "Mozilla/5.0 AppleWebKit/537.36 (KHTML, like Gecko; compatible; GPTBot/1.4; +https://openai.com/gptbot)"
74.7.227.165 - - [22/May/2026:08:21:42 -0400] "GET /buy.php?054000055.html HTTP/1.1" 200 21550 "https://troop537.org/buy.php?kanbanzairyou-kp38-760-50-2" "Mozilla/5.0 AppleWebKit/537.36 (KHTML, like Gecko; compatible; GPTBot/1.4; +https://openai.com/gptbot)"
74.7.227.165 - - [22/May/2026:08:21:44 -0400] "GET /buy.php?105011366.html HTTP/1.1" 200 20346 "https://troop537.org/buy.php?140022901.html" "Mozilla/5.0 AppleWebKit/537.36 (KHTML, like Gecko; compatible; GPTBot/1.4; +https://openai.com/gptbot)"
74.7.227.165 - - [22/May/2026:08:21:45 -0400] "GET /buy.php?006000031.html HTTP/1.1" 200 22002 "https://troop537.org/buy.php?8356875" "Mozilla/5.0 AppleWebKit/537.36 (KHTML, like Gecko; compatible; GPTBot/1.4; +https://openai.com/gptbot)"
74.7.227.165 - - [22/May/2026:08:21:46 -0400] "GET /buy.php?278039261.html HTTP/1.1" 200 19946 "https://troop537.org/buy.php?269029366.html" "Mozilla/5.0 AppleWebKit/537.36 (KHTML, like Gecko; compatible; GPTBot/1.4; +https://openai.com/gptbot)"
74.7.227.165 - - [22/May/2026:08:21:46 -0400] "GET /buy.php?087000082.html HTTP/1.1" 200 20362 "https://troop537.org/buy.php?category/60_61_348/1/listing" "Mozilla/5.0 AppleWebKit/537.36 (KHTML, like Gecko; compatible; GPTBot/1.4; +https://openai.com/gptbot)"
74.7.227.165 - - [22/May/2026:08:21:47 -0400] "GET /buy.php?233020724.html HTTP/1.1" 200 20283 "https://troop537.org/buy.php?140022907.html" "Mozilla/5.0 AppleWebKit/537.36 (KHTML, like Gecko; compatible; GPTBot/1.4; +https://openai.com/gptbot)"
74.7.227.165 - - [22/May/2026:08:21:48 -0400] "GET /buy.php?011030224.html HTTP/1.1" 200 19749 "https://troop537.org/buy.php?280031390" "Mozilla/5.0 AppleWebKit/537.36 (KHTML, like Gecko; compatible; GPTBot/1.4; +https://openai.com/gptbot)"
74.7.227.165 - - [22/May/2026:08:21:48 -0400] "GET /buy.php?jp/010000867.html HTTP/1.1" 200 20377 "https://troop537.org/buy.php?jp/010000229.html" "Mozilla/5.0 AppleWebKit/537.36 (KHTML, like Gecko; compatible; GPTBot/1.4; +https://openai.com/gptbot)"
74.7.227.165 - - [22/May/2026:08:21:50 -0400] "GET /buy.php?277042478.html HTTP/1.1" 200 20112 "https://troop537.org/buy.php?006000023.html" "Mozilla/5.0 AppleWebKit/537.36 (KHTML, like Gecko; compatible; GPTBot/1.4; +https://openai.com/gptbot)"
74.7.227.165 - - [22/May/2026:08:21:51 -0400] "GET /buy.php?k-s-factory-x80m-mr-1770-1145-22555-pwg HTTP/1.1" 200 20929 "https://troop537.org/buy.php?tuzukiya-m202-57382" "Mozilla/5.0 AppleWebKit/537.36 (KHTML, like Gecko; compatible; GPTBot/1.4; +https://openai.com/gptbot)"
66.249.79.8 - - [22/May/2026:08:21:54 -0400] "GET /product/194027003 HTTP/1.1" 200 18129 "-" "Mozilla/5.0 (Linux; Android 6.0.1; Nexus 5X Build/MMB29P) AppleWebKit/537.36 (KHTML, like Gecko) Chrome/148.0.7778.96 Mobile Safari/537.36 (compatible; GoogleOther)"
74.7.227.165 - - [22/May/2026:08:21:54 -0400] "GET /buy.php?044000091.html HTTP/1.1" 200 20291 "https://troop537.org/buy.php?orangetool-1760741" "Mozilla/5.0 AppleWebKit/537.36 (KHTML, like Gecko; compatible; GPTBot/1.4; +https://openai.com/gptbot)"
74.7.227.165 - - [22/May/2026:08:21:55 -0400] "GET /buy.php?jp/054000063.html HTTP/1.1" 200 20980 "https://troop537.org/buy.php?054000055.html" "Mozilla/5.0 AppleWebKit/537.36 (KHTML, like Gecko; compatible; GPTBot/1.4; +https://openai.com/gptbot)"
74.7.227.165 - - [22/May/2026:08:21:55 -0400] "GET /buy.php?105011534.html HTTP/1.1" 200 21248 "https://troop537.org/buy.php?105011366.html" "Mozilla/5.0 AppleWebKit/537.36 (KHTML, like Gecko; compatible; GPTBot/1.4; +https://openai.com/gptbot)"
74.7.227.165 - - [22/May/2026:08:21:56 -0400] "GET /buy.php?105011536.html HTTP/1.1" 200 21246 "https://troop537.org/buy.php?105011366.html" "Mozilla/5.0 AppleWebKit/537.36 (KHTML, like Gecko; compatible; GPTBot/1.4; +https://openai.com/gptbot)"
74.7.227.165 - - [22/May/2026:08:21:56 -0400] "GET /buy.php?liviterasu-ktd5-85-105ds1-p HTTP/1.1" 200 20529 "https://troop537.org/buy.php?278039261.html" "Mozilla/5.0 AppleWebKit/537.36 (KHTML, like Gecko; compatible; GPTBot/1.4; +https://openai.com/gptbot)"
74.7.227.165 - - [22/May/2026:08:21:57 -0400] "GET /buy.php?068040540 HTTP/1.1" 200 21221 "https://troop537.org/buy.php?087000082.html" "Mozilla/5.0 AppleWebKit/537.36 (KHTML, like Gecko; compatible; GPTBot/1.4; +https://openai.com/gptbot)"
