74.7.227.165 - - [22/May/2026:11:23:43 -0400] "GET /buy.php?detail/2550016531174 HTTP/1.1" 200 20516 "https://troop537.org/buy.php?goods/051007018" "Mozilla/5.0 AppleWebKit/537.36 (KHTML, like Gecko; compatible; GPTBot/1.4; +https://openai.com/gptbot)"
74.7.227.165 - - [22/May/2026:11:23:43 -0400] "GET /buy.php?goods/242003403 HTTP/1.1" 200 20101 "https://troop537.org/buy.php?goods/242009924" "Mozilla/5.0 AppleWebKit/537.36 (KHTML, like Gecko; compatible; GPTBot/1.4; +https://openai.com/gptbot)"
74.7.227.165 - - [22/May/2026:11:23:44 -0400] "GET /buy.php?r-protools-5256434 HTTP/1.1" 200 20056 "https://troop537.org/buy.php?smartphone-art-p10001406097" "Mozilla/5.0 AppleWebKit/537.36 (KHTML, like Gecko; compatible; GPTBot/1.4; +https://openai.com/gptbot)"
74.7.227.165 - - [22/May/2026:11:23:45 -0400] "GET /buy.php?105012422.html HTTP/1.1" 200 19852 "https://troop537.org/buy.php?105012416.html" "Mozilla/5.0 AppleWebKit/537.36 (KHTML, like Gecko; compatible; GPTBot/1.4; +https://openai.com/gptbot)"
74.7.227.165 - - [22/May/2026:11:23:45 -0400] "GET /buy.php?detail/15900003170779 HTTP/1.1" 200 20054 "https://troop537.org/buy.php?goods/159003909" "Mozilla/5.0 AppleWebKit/537.36 (KHTML, like Gecko; compatible; GPTBot/1.4; +https://openai.com/gptbot)"
74.7.227.165 - - [22/May/2026:11:23:46 -0400] "GET /buy.php?detail/07000044269032 HTTP/1.1" 200 19957 "https://troop537.org/buy.php?jp/070000442.html" "Mozilla/5.0 AppleWebKit/537.36 (KHTML, like Gecko; compatible; GPTBot/1.4; +https://openai.com/gptbot)"
74.7.227.165 - - [22/May/2026:11:23:46 -0400] "GET /buy.php?detail/01000088019546 HTTP/1.1" 200 20304 "https://troop537.org/buy.php?jp/010001027.html" "Mozilla/5.0 AppleWebKit/537.36 (KHTML, like Gecko; compatible; GPTBot/1.4; +https://openai.com/gptbot)"
74.7.227.165 - - [22/May/2026:11:23:47 -0400] "GET /buy.php?jp/070000263.html HTTP/1.1" 200 20085 "https://troop537.org/buy.php?jp/070000434.html" "Mozilla/5.0 AppleWebKit/537.36 (KHTML, like Gecko; compatible; GPTBot/1.4; +https://openai.com/gptbot)"
74.7.227.165 - - [22/May/2026:11:23:48 -0400] "GET /buy.php?detail/07000035332436 HTTP/1.1" 200 20392 "https://troop537.org/buy.php?jp/070000468.html" "Mozilla/5.0 AppleWebKit/537.36 (KHTML, like Gecko; compatible; GPTBot/1.4; +https://openai.com/gptbot)"
74.7.227.165 - - [22/May/2026:11:23:48 -0400] "GET /buy.php?detail/07400012701280 HTTP/1.1" 200 20510 "https://troop537.org/buy.php?074000203.html" "Mozilla/5.0 AppleWebKit/537.36 (KHTML, like Gecko; compatible; GPTBot/1.4; +https://openai.com/gptbot)"
74.7.227.165 - - [22/May/2026:11:23:49 -0400] "GET /buy.php?detail/11400051294005 HTTP/1.1" 200 21601 "https://troop537.org/buy.php?goods/114002420" "Mozilla/5.0 AppleWebKit/537.36 (KHTML, like Gecko; compatible; GPTBot/1.4; +https://openai.com/gptbot)"
74.7.227.165 - - [22/May/2026:11:23:50 -0400] "GET /buy.php?jp/255000082.html HTTP/1.1" 200 20325 "https://troop537.org/buy.php?detail/2550016531174" "Mozilla/5.0 AppleWebKit/537.36 (KHTML, like Gecko; compatible; GPTBot/1.4; +https://openai.com/gptbot)"
74.7.227.165 - - [22/May/2026:11:23:50 -0400] "GET /buy.php?detail/24200020202065 HTTP/1.1" 200 20733 "https://troop537.org/buy.php?goods/242003403" "Mozilla/5.0 AppleWebKit/537.36 (KHTML, like Gecko; compatible; GPTBot/1.4; +https://openai.com/gptbot)"
74.7.227.165 - - [22/May/2026:11:23:51 -0400] "GET /buy.php?115048796.html HTTP/1.1" 200 19108 "https://troop537.org/buy.php?r-protools-5256434" "Mozilla/5.0 AppleWebKit/537.36 (KHTML, like Gecko; compatible; GPTBot/1.4; +https://openai.com/gptbot)"
74.7.227.165 - - [22/May/2026:11:23:52 -0400] "GET /buy.php?096011441.html HTTP/1.1" 200 22557 "https://troop537.org/buy.php?r-protools-5256434" "Mozilla/5.0 AppleWebKit/537.36 (KHTML, like Gecko; compatible; GPTBot/1.4; +https://openai.com/gptbot)"
74.7.227.165 - - [22/May/2026:11:23:52 -0400] "GET /buy.php?detail/06000050287253 HTTP/1.1" 200 20789 "https://troop537.org/buy.php?jp/060000159.html" "Mozilla/5.0 AppleWebKit/537.36 (KHTML, like Gecko; compatible; GPTBot/1.4; +https://openai.com/gptbot)"
74.7.227.165 - - [22/May/2026:11:23:53 -0400] "GET /buy.php?detail/26400392000920 HTTP/1.1" 200 20559 "https://troop537.org/buy.php?161031434.html" "Mozilla/5.0 AppleWebKit/537.36 (KHTML, like Gecko; compatible; GPTBot/1.4; +https://openai.com/gptbot)"
74.7.227.165 - - [22/May/2026:11:23:54 -0400] "GET /buy.php?jp/010000995.html HTTP/1.1" 200 20160 "https://troop537.org/buy.php?detail/01000088019546" "Mozilla/5.0 AppleWebKit/537.36 (KHTML, like Gecko; compatible; GPTBot/1.4; +https://openai.com/gptbot)"
74.7.227.165 - - [22/May/2026:11:23:55 -0400] "GET /buy.php?jp/070000393.html HTTP/1.1" 200 19827 "https://troop537.org/buy.php?jp/070000263.html" "Mozilla/5.0 AppleWebKit/537.36 (KHTML, like Gecko; compatible; GPTBot/1.4; +https://openai.com/gptbot)"
68.65.122.55 - - [22/May/2026:11:23:56 -0400] "POST /wp-cron.php?doing_wp_cron=1779463436.4404680728912353515625 HTTP/1.1" 403 1242 "-" "WordPress/6.9.4; https://troop537.org"
188.215.235.109 - - [22/May/2026:11:23:56 -0400] "GET / HTTP/1.1" 200 18670 "-" "Mozilla/5.0 (Windows NT 10.0; Win64; x64) AppleWebKit/537.36 (KHTML, like Gecko) Chrome/84.0.4147.89 Safari/537.36"
74.7.227.165 - - [22/May/2026:11:23:55 -0400] "GET /buy.php?jp/070000973.html HTTP/1.1" 200 20326 "https://troop537.org/buy.php?detail/07000035332436" "Mozilla/5.0 AppleWebKit/537.36 (KHTML, like Gecko; compatible; GPTBot/1.4; +https://openai.com/gptbot)"
74.7.227.165 - - [22/May/2026:11:23:57 -0400] "GET /buy.php?jp/070000965.html HTTP/1.1" 200 20182 "https://troop537.org/buy.php?detail/07000035332436" "Mozilla/5.0 AppleWebKit/537.36 (KHTML, like Gecko; compatible; GPTBot/1.4; +https://openai.com/gptbot)"
74.7.227.165 - - [22/May/2026:11:23:58 -0400] "GET /buy.php?jp/074000748.html HTTP/1.1" 200 22479 "https://troop537.org/buy.php?detail/07400012701280" "Mozilla/5.0 AppleWebKit/537.36 (KHTML, like Gecko; compatible; GPTBot/1.4; +https://openai.com/gptbot)"
74.7.227.165 - - [22/May/2026:11:24:00 -0400] "GET /buy.php?goods/120029300 HTTP/1.1" 200 20756 "https://troop537.org/buy.php?detail/07000035332436" "Mozilla/5.0 AppleWebKit/537.36 (KHTML, like Gecko; compatible; GPTBot/1.4; +https://openai.com/gptbot)"
74.7.227.165 - - [22/May/2026:11:24:01 -0400] "GET /buy.php?goods/024002017 HTTP/1.1" 200 19933 "https://troop537.org/buy.php?detail/11400051294005" "Mozilla/5.0 AppleWebKit/537.36 (KHTML, like Gecko; compatible; GPTBot/1.4; +https://openai.com/gptbot)"
74.7.227.165 - - [22/May/2026:11:24:03 -0400] "GET /buy.php?goods/142018122 HTTP/1.1" 200 19945 "https://troop537.org/buy.php?detail/07400012701280" "Mozilla/5.0 AppleWebKit/537.36 (KHTML, like Gecko; compatible; GPTBot/1.4; +https://openai.com/gptbot)"
74.7.227.165 - - [22/May/2026:11:24:03 -0400] "GET /buy.php?detail/150002496022 HTTP/1.1" 200 19 "https://troop537.org/buy.php?detail/11400051294005" "Mozilla/5.0 AppleWebKit/537.36 (KHTML, like Gecko; compatible; GPTBot/1.4; +https://openai.com/gptbot)"
74.7.227.165 - - [22/May/2026:11:24:23 -0400] "GET /buy.php?jp/060000992.html HTTP/1.1" 200 20732 "https://troop537.org/buy.php?detail/06000050287253" "Mozilla/5.0 AppleWebKit/537.36 (KHTML, like Gecko; compatible; GPTBot/1.4; +https://openai.com/gptbot)"
74.7.227.165 - - [22/May/2026:11:24:24 -0400] "GET /buy.php?detail/100026092057 HTTP/1.1" 200 20182 "https://troop537.org/buy.php?detail/26400392000920" "Mozilla/5.0 AppleWebKit/537.36 (KHTML, like Gecko; compatible; GPTBot/1.4; +https://openai.com/gptbot)"
74.7.227.165 - - [22/May/2026:11:24:25 -0400] "GET /buy.php?goods/246022667 HTTP/1.1" 200 19616 "https://troop537.org/buy.php?jp/010000995.html" "Mozilla/5.0 AppleWebKit/537.36 (KHTML, like Gecko; compatible; GPTBot/1.4; +https://openai.com/gptbot)"
74.7.227.165 - - [22/May/2026:11:24:27 -0400] "GET /buy.php?jp/070000517.html HTTP/1.1" 200 20705 "https://troop537.org/buy.php?jp/070000393.html" "Mozilla/5.0 AppleWebKit/537.36 (KHTML, like Gecko; compatible; GPTBot/1.4; +https://openai.com/gptbot)"
74.7.227.165 - - [22/May/2026:11:24:30 -0400] "GET /buy.php?jp/070000499.html HTTP/1.1" 200 19732 "https://troop537.org/buy.php?jp/070000393.html" "Mozilla/5.0 AppleWebKit/537.36 (KHTML, like Gecko; compatible; GPTBot/1.4; +https://openai.com/gptbot)"
94.102.49.128 - - [22/May/2026:11:24:31 -0400] "GET / HTTP/1.1" 200 18670 "http://troop537.org" "Mozilla/5.0 (Windows NT 6.1; WOW64) AppleWebKit/537.36 (KHTML, like Gecko) Chrome/45.0.2454.85 Safari/537.36"
74.7.227.165 - - [22/May/2026:11:24:31 -0400] "GET /buy.php?jp/070000559.html HTTP/1.1" 200 20663 "https://troop537.org/buy.php?jp/070000965.html" "Mozilla/5.0 AppleWebKit/537.36 (KHTML, like Gecko; compatible; GPTBot/1.4; +https://openai.com/gptbot)"
18.218.2.15 - - [22/May/2026:11:24:31 -0400] "GET / HTTP/1.1" 200 18664 "-" "Mozilla/5.0 (Windows NT 10.0; Win64; x64) AppleWebKit/537.36 (KHTML, like Gecko) Chrome/114.0.0.0 Safari/537.36 Edg/114.0.1823.51"
18.226.87.196 - - [22/May/2026:11:24:31 -0400] "GET / HTTP/1.1" 200 18664 "-" "Mozilla/5.0 (Windows NT 10.0; Win64; x64) AppleWebKit/537.36 (KHTML, like Gecko) Chrome/114.0.0.0 Safari/537.36 Edg/114.0.1823.51"
107.178.194.134 - - [22/May/2026:11:24:31 -0400] "HEAD / HTTP/1.1" 200 0 "http://troop537.org" "Mozilla/5.0 (Macintosh; Intel Mac OS X 10_15_7) AppleWebKit/537.36 (KHTML, like Gecko) Chrome/112.0.0.0 Safari/537.36 AppEngine-Google; (+http://code.google.com/appengine; appid: s~virustotalcloud)"
34.174.192.151 - - [22/May/2026:11:24:32 -0400] "GET / HTTP/1.1" 200 16379 "-" "Mozilla/5.0 (Windows NT 10.0; Win64; x64) AppleWebKit/537.36 (KHTML, like Gecko) Chrome/124.0.0.0 Safari/537.36 Edg/124.0.0.0"
66.249.79.1 - - [22/May/2026:11:24:32 -0400] "GET /robots.txt HTTP/1.1" 200 108 "-" "Mozilla/5.0 (compatible; Googlebot/2.1; +http://www.google.com/bot.html)"
34.174.192.151 - - [22/May/2026:11:24:32 -0400] "GET /wp-includes/blocks/navigation/style.min.css?ver=6.9.4 HTTP/1.1" 200 2085 "https://troop537.org/" "Mozilla/5.0 (Windows NT 10.0; Win64; x64) AppleWebKit/537.36 (KHTML, like Gecko) Chrome/124.0.0.0 Safari/537.36 Edg/124.0.0.0"
34.174.192.151 - - [22/May/2026:11:24:32 -0400] "GET /wp-includes/css/dashicons.min.css?ver=6.9.4 HTTP/1.1" 200 35101 "https://troop537.org/" "Mozilla/5.0 (Windows NT 10.0; Win64; x64) AppleWebKit/537.36 (KHTML, like Gecko) Chrome/124.0.0.0 Safari/537.36 Edg/124.0.0.0"
34.174.192.151 - - [22/May/2026:11:24:32 -0400] "GET /wp-content/themes/travel-manager/style.css?ver=4.0 HTTP/1.1" 200 1459 "https://troop537.org/" "Mozilla/5.0 (Windows NT 10.0; Win64; x64) AppleWebKit/537.36 (KHTML, like Gecko) Chrome/124.0.0.0 Safari/537.36 Edg/124.0.0.0"
34.174.192.151 - - [22/May/2026:11:24:32 -0400] "GET /wp-includes/js/jquery/jquery.min.js?ver=3.7.1 HTTP/1.1" 200 29744 "https://troop537.org/" "Mozilla/5.0 (Windows NT 10.0; Win64; x64) AppleWebKit/537.36 (KHTML, like Gecko) Chrome/124.0.0.0 Safari/537.36 Edg/124.0.0.0"
34.174.192.151 - - [22/May/2026:11:24:32 -0400] "GET /wp-includes/js/jquery/jquery-migrate.min.js?ver=3.4.1 HTTP/1.1" 200 4678 "https://troop537.org/" "Mozilla/5.0 (Windows NT 10.0; Win64; x64) AppleWebKit/537.36 (KHTML, like Gecko) Chrome/124.0.0.0 Safari/537.36 Edg/124.0.0.0"
107.178.194.134 - - [22/May/2026:11:24:32 -0400] "GET / HTTP/1.1" 200 17104 "http://troop537.org" "Mozilla/5.0 (Macintosh; Intel Mac OS X 10_15_7) AppleWebKit/537.36 (KHTML, like Gecko) Chrome/112.0.0.0 Safari/537.36 AppEngine-Google; (+http://code.google.com/appengine; appid: s~virustotalcloud)"
34.174.192.151 - - [22/May/2026:11:24:32 -0400] "GET /wp-content/themes/travel-manager/assets/js/custom-script.js?ver=1 HTTP/1.1" 200 155 "https://troop537.org/" "Mozilla/5.0 (Windows NT 10.0; Win64; x64) AppleWebKit/537.36 (KHTML, like Gecko) Chrome/124.0.0.0 Safari/537.36 Edg/124.0.0.0"
34.174.192.151 - - [22/May/2026:11:24:32 -0400] "GET /wp-content/themes/travel-manager/assets/css/scroll-to-top.css?ver=4.0 HTTP/1.1" 200 411 "https://troop537.org/" "Mozilla/5.0 (Windows NT 10.0; Win64; x64) AppleWebKit/537.36 (KHTML, like Gecko) Chrome/124.0.0.0 Safari/537.36 Edg/124.0.0.0"
34.174.192.151 - - [22/May/2026:11:24:32 -0400] "GET /wp-content/uploads/2023/11/bsa_troop537.png HTTP/1.1" 200 116474 "https://troop537.org/" "Mozilla/5.0 (Windows NT 10.0; Win64; x64) AppleWebKit/537.36 (KHTML, like Gecko) Chrome/124.0.0.0 Safari/537.36 Edg/124.0.0.0"
34.174.192.151 - - [22/May/2026:11:24:32 -0400] "GET /wp-content/themes/travel-manager/assets/js/scroll-to-top.js?ver=4.0 HTTP/1.1" 200 383 "https://troop537.org/" "Mozilla/5.0 (Windows NT 10.0; Win64; x64) AppleWebKit/537.36 (KHTML, like Gecko) Chrome/124.0.0.0 Safari/537.36 Edg/124.0.0.0"
34.174.192.151 - - [22/May/2026:11:24:32 -0400] "GET /wp-content/uploads/2026/05/ScoutBanner2-1024x720.png HTTP/1.1" 200 1237329 "https://troop537.org/" "Mozilla/5.0 (Windows NT 10.0; Win64; x64) AppleWebKit/537.36 (KHTML, like Gecko) Chrome/124.0.0.0 Safari/537.36 Edg/124.0.0.0"
34.174.192.151 - - [22/May/2026:11:24:32 -0400] "GET /wp-includes/js/dist/script-modules/interactivity/index.min.js?ver=66c613f68580994bb00a HTTP/1.1" 200 14617 "https://troop537.org/" "Mozilla/5.0 (Windows NT 10.0; Win64; x64) AppleWebKit/537.36 (KHTML, like Gecko) Chrome/124.0.0.0 Safari/537.36 Edg/124.0.0.0"
34.174.192.151 - - [22/May/2026:11:24:32 -0400] "GET /wp-includes/js/dist/script-modules/block-library/navigation/view.min.js?ver=b0f909c3ec791c383210 HTTP/1.1" 200 1057 "https://troop537.org/" "Mozilla/5.0 (Windows NT 10.0; Win64; x64) AppleWebKit/537.36 (KHTML, like Gecko) Chrome/124.0.0.0 Safari/537.36 Edg/124.0.0.0"
34.174.192.151 - - [22/May/2026:11:24:32 -0400] "GET /wp-content/themes/travel-manager/assets/fonts/dm-sans/DMSans-Regular.woff2 HTTP/1.1" 200 18096 "https://troop537.org/" "Mozilla/5.0 (Windows NT 10.0; Win64; x64) AppleWebKit/537.36 (KHTML, like Gecko) Chrome/124.0.0.0 Safari/537.36 Edg/124.0.0.0"
34.174.192.151 - - [22/May/2026:11:24:32 -0400] "GET /wp-content/themes/travel-manager/assets/fonts/dm-sans/DMSans-Bold.woff2 HTTP/1.1" 200 18212 "https://troop537.org/" "Mozilla/5.0 (Windows NT 10.0; Win64; x64) AppleWebKit/537.36 (KHTML, like Gecko) Chrome/124.0.0.0 Safari/537.36 Edg/124.0.0.0"
34.174.192.151 - - [22/May/2026:11:24:32 -0400] "GET /wp-includes/js/wp-emoji-release.min.js?ver=6.9.4 HTTP/1.1" 200 4949 "https://troop537.org/" "Mozilla/5.0 (Windows NT 10.0; Win64; x64) AppleWebKit/537.36 (KHTML, like Gecko) Chrome/124.0.0.0 Safari/537.36 Edg/124.0.0.0"
66.249.79.8 - - [22/May/2026:11:24:32 -0400] "GET / HTTP/1.1" 200 17148 "-" "GoogleOther"
34.174.192.151 - - [22/May/2026:11:24:33 -0400] "GET /wp-content/uploads/2023/11/bsa_logo.svg_-150x150.png HTTP/1.1" 200 16855 "https://troop537.org/" "Mozilla/5.0 (Windows NT 10.0; Win64; x64) AppleWebKit/537.36 (KHTML, like Gecko) Chrome/124.0.0.0 Safari/537.36 Edg/124.0.0.0"
14.225.208.202 - - [22/May/2026:11:24:33 -0400] "HEAD / HTTP/1.1" 200 0 "http://troop537.org" "Go-http-client/1.1"
74.7.227.165 - - [22/May/2026:11:24:31 -0400] "GET /buy.php?jp/070000584.html HTTP/1.1" 200 20115 "https://troop537.org/buy.php?jp/070000965.html" "Mozilla/5.0 AppleWebKit/537.36 (KHTML, like Gecko; compatible; GPTBot/1.4; +https://openai.com/gptbot)"
74.7.227.165 - - [22/May/2026:11:24:34 -0400] "GET /buy.php?jp/070000567.html HTTP/1.1" 200 20041 "https://troop537.org/buy.php?jp/070000965.html" "Mozilla/5.0 AppleWebKit/537.36 (KHTML, like Gecko; compatible; GPTBot/1.4; +https://openai.com/gptbot)"
80.82.70.40 - - [22/May/2026:11:24:35 -0400] "GET / HTTP/1.1" 200 16379 "-" "Mozilla/5.0 (Windows NT 6.1; WOW64) AppleWebKit/537.36 (KHTML, like Gecko) Chrome/45.0.2454.85 Safari/537.36"
80.82.70.40 - - [22/May/2026:11:24:35 -0400] "GET /wp-includes/js/dist/script-modules/interactivity/index.min.js?ver=66c613f68580994bb00a HTTP/1.1" 200 14617 "https://troop537.org/" "Mozilla/5.0 (Windows NT 6.1; WOW64) AppleWebKit/537.36 (KHTML, like Gecko) Chrome/45.0.2454.85 Safari/537.36"
74.7.227.165 - - [22/May/2026:11:24:35 -0400] "GET /buy.php?detail/04103242703056 HTTP/1.1" 200 20948 "https://troop537.org/buy.php?goods/024002017" "Mozilla/5.0 AppleWebKit/537.36 (KHTML, like Gecko; compatible; GPTBot/1.4; +https://openai.com/gptbot)"
80.82.70.40 - - [22/May/2026:11:24:35 -0400] "GET /wp-includes/blocks/navigation/style.min.css?ver=6.9.4 HTTP/1.1" 200 2085 "https://troop537.org/" "Mozilla/5.0 (Windows NT 6.1; WOW64) AppleWebKit/537.36 (KHTML, like Gecko) Chrome/45.0.2454.85 Safari/537.36"
80.82.70.40 - - [22/May/2026:11:24:35 -0400] "GET /wp-includes/css/dashicons.min.css?ver=6.9.4 HTTP/1.1" 200 35101 "https://troop537.org/" "Mozilla/5.0 (Windows NT 6.1; WOW64) AppleWebKit/537.36 (KHTML, like Gecko) Chrome/45.0.2454.85 Safari/537.36"
80.82.70.40 - - [22/May/2026:11:24:36 -0400] "GET /wp-content/themes/travel-manager/assets/css/scroll-to-top.css?ver=4.0 HTTP/1.1" 200 411 "https://troop537.org/" "Mozilla/5.0 (Windows NT 6.1; WOW64) AppleWebKit/537.36 (KHTML, like Gecko) Chrome/45.0.2454.85 Safari/537.36"
80.82.70.40 - - [22/May/2026:11:24:36 -0400] "GET /wp-includes/js/jquery/jquery.min.js?ver=3.7.1 HTTP/1.1" 200 29744 "https://troop537.org/" "Mozilla/5.0 (Windows NT 6.1; WOW64) AppleWebKit/537.36 (KHTML, like Gecko) Chrome/45.0.2454.85 Safari/537.36"
80.82.70.40 - - [22/May/2026:11:24:36 -0400] "GET /wp-content/themes/travel-manager/style.css?ver=4.0 HTTP/1.1" 200 1459 "https://troop537.org/" "Mozilla/5.0 (Windows NT 6.1; WOW64) AppleWebKit/537.36 (KHTML, like Gecko) Chrome/45.0.2454.85 Safari/537.36"
80.82.70.40 - - [22/May/2026:11:24:36 -0400] "GET /wp-content/themes/travel-manager/assets/js/custom-script.js?ver=1 HTTP/1.1" 200 155 "https://troop537.org/" "Mozilla/5.0 (Windows NT 6.1; WOW64) AppleWebKit/537.36 (KHTML, like Gecko) Chrome/45.0.2454.85 Safari/537.36"
80.82.70.40 - - [22/May/2026:11:24:36 -0400] "GET /wp-includes/js/jquery/jquery-migrate.min.js?ver=3.4.1 HTTP/1.1" 200 4678 "https://troop537.org/" "Mozilla/5.0 (Windows NT 6.1; WOW64) AppleWebKit/537.36 (KHTML, like Gecko) Chrome/45.0.2454.85 Safari/537.36"
74.7.227.165 - - [22/May/2026:11:24:35 -0400] "GET /buy.php?goods/163014616 HTTP/1.1" 200 19807 "https://troop537.org/buy.php?jp/070000973.html" "Mozilla/5.0 AppleWebKit/537.36 (KHTML, like Gecko; compatible; GPTBot/1.4; +https://openai.com/gptbot)"
80.82.70.40 - - [22/May/2026:11:24:36 -0400] "GET /wp-includes/js/dist/script-modules/block-library/navigation/view.min.js?ver=b0f909c3ec791c383210 HTTP/1.1" 200 1057 "https://troop537.org/" "Mozilla/5.0 (Windows NT 6.1; WOW64) AppleWebKit/537.36 (KHTML, like Gecko) Chrome/45.0.2454.85 Safari/537.36"
80.82.70.40 - - [22/May/2026:11:24:36 -0400] "GET /wp-content/themes/travel-manager/assets/js/scroll-to-top.js?ver=4.0 HTTP/1.1" 200 383 "https://troop537.org/" "Mozilla/5.0 (Windows NT 6.1; WOW64) AppleWebKit/537.36 (KHTML, like Gecko) Chrome/45.0.2454.85 Safari/537.36"
80.82.70.40 - - [22/May/2026:11:24:36 -0400] "GET /wp-content/themes/travel-manager/assets/fonts/dm-sans/DMSans-Bold.woff2 HTTP/1.1" 200 18212 "https://troop537.org/" "Mozilla/5.0 (Windows NT 6.1; WOW64) AppleWebKit/537.36 (KHTML, like Gecko) Chrome/45.0.2454.85 Safari/537.36"
80.82.70.40 - - [22/May/2026:11:24:36 -0400] "GET /wp-content/uploads/2023/11/bsa_troop537.png HTTP/1.1" 200 116474 "https://troop537.org/" "Mozilla/5.0 (Windows NT 6.1; WOW64) AppleWebKit/537.36 (KHTML, like Gecko) Chrome/45.0.2454.85 Safari/537.36"
80.82.70.40 - - [22/May/2026:11:24:36 -0400] "GET /wp-content/uploads/2026/05/ScoutBanner2-1024x720.png HTTP/1.1" 200 1237329 "https://troop537.org/" "Mozilla/5.0 (Windows NT 6.1; WOW64) AppleWebKit/537.36 (KHTML, like Gecko) Chrome/45.0.2454.85 Safari/537.36"
80.82.70.40 - - [22/May/2026:11:24:37 -0400] "GET /wp-includes/js/wp-emoji-release.min.js?ver=6.9.4 HTTP/1.1" 200 4949 "https://troop537.org/" "Mozilla/5.0 (Windows NT 6.1; WOW64) AppleWebKit/537.36 (KHTML, like Gecko) Chrome/45.0.2454.85 Safari/537.36"
74.7.227.165 - - [22/May/2026:11:24:36 -0400] "GET /buy.php?jp/255000558.html HTTP/1.1" 200 20619 "https://troop537.org/buy.php?jp/255000082.html" "Mozilla/5.0 AppleWebKit/537.36 (KHTML, like Gecko; compatible; GPTBot/1.4; +https://openai.com/gptbot)"
74.7.227.165 - - [22/May/2026:11:24:39 -0400] "GET /buy.php?a-denki-81917 HTTP/1.1" 200 20269 "https://troop537.org/buy.php?detail/26400392000920" "Mozilla/5.0 AppleWebKit/537.36 (KHTML, like Gecko; compatible; GPTBot/1.4; +https://openai.com/gptbot)"
74.7.227.165 - - [22/May/2026:11:24:40 -0400] "GET /buy.php?detail/1860422325551 HTTP/1.1" 200 20023 "https://troop537.org/buy.php?detail/01000088019546" "Mozilla/5.0 AppleWebKit/537.36 (KHTML, like Gecko; compatible; GPTBot/1.4; +https://openai.com/gptbot)"
74.7.227.165 - - [22/May/2026:11:24:40 -0400] "GET /buy.php?goods/220021842 HTTP/1.1" 200 19849 "https://troop537.org/buy.php?goods/246022667" "Mozilla/5.0 AppleWebKit/537.36 (KHTML, like Gecko; compatible; GPTBot/1.4; +https://openai.com/gptbot)"
74.7.227.165 - - [22/May/2026:11:24:41 -0400] "GET /buy.php?goods/273042332 HTTP/1.1" 200 19260 "https://troop537.org/buy.php?goods/246022667" "Mozilla/5.0 AppleWebKit/537.36 (KHTML, like Gecko; compatible; GPTBot/1.4; +https://openai.com/gptbot)"
74.7.227.165 - - [22/May/2026:11:24:42 -0400] "GET /buy.php?jp/070000453.html HTTP/1.1" 200 19745 "https://troop537.org/buy.php?jp/070000499.html" "Mozilla/5.0 AppleWebKit/537.36 (KHTML, like Gecko; compatible; GPTBot/1.4; +https://openai.com/gptbot)"
74.7.227.165 - - [22/May/2026:11:24:42 -0400] "GET /buy.php?goods/080039202 HTTP/1.1" 200 20592 "https://troop537.org/buy.php?jp/070000559.html" "Mozilla/5.0 AppleWebKit/537.36 (KHTML, like Gecko; compatible; GPTBot/1.4; +https://openai.com/gptbot)"
74.7.227.165 - - [22/May/2026:11:24:43 -0400] "GET /buy.php?jp/070000814.html HTTP/1.1" 200 20270 "https://troop537.org/buy.php?jp/070000584.html" "Mozilla/5.0 AppleWebKit/537.36 (KHTML, like Gecko; compatible; GPTBot/1.4; +https://openai.com/gptbot)"
107.178.194.133 - - [22/May/2026:11:24:43 -0400] "HEAD / HTTP/1.1" 200 0 "http://troop537.org" "Mozilla/5.0 (Linux; Android 13; Pixel 4a (5G) Build/TQ2A.230505.002; wv) AppleWebKit/537.36 (KHTML, like Gecko) Version/4.0 Chrome/112.0.5615.136 Mobile Safari/537.36 GoogleApp/14.16.27.29.arm64 AppEngine-Google; (+http://code.google.com/appengine; appid: s~virustotalcloud)"
74.7.227.165 - - [22/May/2026:11:24:43 -0400] "GET /buy.php?detail/01000092054058 HTTP/1.1" 200 20058 "https://troop537.org/buy.php?jp/010000995.html" "Mozilla/5.0 AppleWebKit/537.36 (KHTML, like Gecko; compatible; GPTBot/1.4; +https://openai.com/gptbot)"
107.178.194.135 - - [22/May/2026:11:24:44 -0400] "GET / HTTP/1.1" 200 16961 "http://troop537.org" "Mozilla/5.0 (Linux; Android 13; Pixel 4a (5G) Build/TQ2A.230505.002; wv) AppleWebKit/537.36 (KHTML, like Gecko) Version/4.0 Chrome/112.0.5615.136 Mobile Safari/537.36 GoogleApp/14.16.27.29.arm64 AppEngine-Google; (+http://code.google.com/appengine; appid: s~virustotalcloud)"
74.7.227.165 - - [22/May/2026:11:24:44 -0400] "GET /buy.php?detail/044022744262 HTTP/1.1" 200 20122 "https://troop537.org/buy.php?detail/04103242703056" "Mozilla/5.0 AppleWebKit/537.36 (KHTML, like Gecko; compatible; GPTBot/1.4; +https://openai.com/gptbot)"
66.249.79.1 - - [22/May/2026:11:24:55 -0400] "GET /product/085025402 HTTP/1.1" 200 17157 "-" "Mozilla/5.0 (Linux; Android 6.0.1; Nexus 5X Build/MMB29P) AppleWebKit/537.36 (KHTML, like Gecko) Chrome/148.0.7778.96 Mobile Safari/537.36 (compatible; GoogleOther)"
74.7.227.165 - - [22/May/2026:11:24:45 -0400] "GET /buy.php?detail/07000051150891 HTTP/1.1" 200 20517 "https://troop537.org/buy.php?jp/070000393.html" "Mozilla/5.0 AppleWebKit/537.36 (KHTML, like Gecko; compatible; GPTBot/1.4; +https://openai.com/gptbot)"
74.7.227.165 - - [22/May/2026:11:24:57 -0400] "GET /buy.php?ajimura4861-hb06xnnryjz HTTP/1.1" 200 20867 "https://troop537.org/buy.php?jp/255000558.html" "Mozilla/5.0 AppleWebKit/537.36 (KHTML, like Gecko; compatible; GPTBot/1.4; +https://openai.com/gptbot)"
74.7.227.165 - - [22/May/2026:11:24:57 -0400] "GET /buy.php?278031419.html HTTP/1.1" 200 20799 "https://troop537.org/buy.php?a-denki-81917" "Mozilla/5.0 AppleWebKit/537.36 (KHTML, like Gecko; compatible; GPTBot/1.4; +https://openai.com/gptbot)"
74.7.227.165 - - [22/May/2026:11:24:58 -0400] "GET /buy.php?059048098.html HTTP/1.1" 200 19431 "https://troop537.org/buy.php?a-denki-81917" "Mozilla/5.0 AppleWebKit/537.36 (KHTML, like Gecko; compatible; GPTBot/1.4; +https://openai.com/gptbot)"
74.7.227.165 - - [22/May/2026:11:24:58 -0400] "GET /buy.php?detail/00100018045988 HTTP/1.1" 200 20214 "https://troop537.org/buy.php?jp/001000242.html" "Mozilla/5.0 AppleWebKit/537.36 (KHTML, like Gecko; compatible; GPTBot/1.4; +https://openai.com/gptbot)"
74.7.227.165 - - [22/May/2026:11:24:59 -0400] "GET /buy.php?setubiprookoku-993-765989 HTTP/1.1" 200 19 "https://troop537.org/buy.php?goods/273042332" "Mozilla/5.0 AppleWebKit/537.36 (KHTML, like Gecko; compatible; GPTBot/1.4; +https://openai.com/gptbot)"
74.7.227.165 - - [22/May/2026:11:25:19 -0400] "GET /buy.php?detail/184011702506 HTTP/1.1" 200 20027 "https://troop537.org/buy.php?jp/070000453.html" "Mozilla/5.0 AppleWebKit/537.36 (KHTML, like Gecko; compatible; GPTBot/1.4; +https://openai.com/gptbot)"
74.7.227.165 - - [22/May/2026:11:25:20 -0400] "GET /buy.php?goods/080019220 HTTP/1.1" 200 20357 "https://troop537.org/buy.php?goods/080039202" "Mozilla/5.0 AppleWebKit/537.36 (KHTML, like Gecko; compatible; GPTBot/1.4; +https://openai.com/gptbot)"
74.7.227.165 - - [22/May/2026:11:25:20 -0400] "GET /buy.php?jp/013030313.html HTTP/1.1" 200 20693 "https://troop537.org/buy.php?jp/070000814.html" "Mozilla/5.0 AppleWebKit/537.36 (KHTML, like Gecko; compatible; GPTBot/1.4; +https://openai.com/gptbot)"
74.7.227.165 - - [22/May/2026:11:25:21 -0400] "GET /buy.php?goods/265049873 HTTP/1.1" 200 19121 "https://troop537.org/buy.php?goods/273042332" "Mozilla/5.0 AppleWebKit/537.36 (KHTML, like Gecko; compatible; GPTBot/1.4; +https://openai.com/gptbot)"
74.7.227.165 - - [22/May/2026:11:25:22 -0400] "GET /buy.php?detail/22204201691016 HTTP/1.1" 200 19360 "https://troop537.org/buy.php?jp/010000251.html" "Mozilla/5.0 AppleWebKit/537.36 (KHTML, like Gecko; compatible; GPTBot/1.4; +https://openai.com/gptbot)"
74.7.227.165 - - [22/May/2026:11:25:34 -0400] "GET /buy.php?jp/124029602.html HTTP/1.1" 200 19155 "https://troop537.org/buy.php?detail/07000051150891" "Mozilla/5.0 AppleWebKit/537.36 (KHTML, like Gecko; compatible; GPTBot/1.4; +https://openai.com/gptbot)"
74.7.227.165 - - [22/May/2026:11:25:36 -0400] "GET /buy.php?detail/16000037739317 HTTP/1.1" 200 20360 "https://troop537.org/buy.php?detail/160006624705" "Mozilla/5.0 AppleWebKit/537.36 (KHTML, like Gecko; compatible; GPTBot/1.4; +https://openai.com/gptbot)"
74.7.227.165 - - [22/May/2026:11:25:38 -0400] "GET /buy.php?detail/12402960256446 HTTP/1.1" 200 19112 "https://troop537.org/buy.php?jp/124029602.html" "Mozilla/5.0 AppleWebKit/537.36 (KHTML, like Gecko; compatible; GPTBot/1.4; +https://openai.com/gptbot)"
74.7.227.165 - - [22/May/2026:11:25:39 -0400] "GET /buy.php?265005722.html HTTP/1.1" 200 19764 "https://troop537.org/buy.php?278031419.html" "Mozilla/5.0 AppleWebKit/537.36 (KHTML, like Gecko; compatible; GPTBot/1.4; +https://openai.com/gptbot)"
74.7.227.165 - - [22/May/2026:11:25:39 -0400] "GET /buy.php?115035344.html HTTP/1.1" 200 19220 "https://troop537.org/buy.php?059048098.html" "Mozilla/5.0 AppleWebKit/537.36 (KHTML, like Gecko; compatible; GPTBot/1.4; +https://openai.com/gptbot)"
74.7.227.165 - - [22/May/2026:11:25:40 -0400] "GET /buy.php?hanbokhome-bcn43zvfcm5l3j4v2qvymepdxe-alh-1 HTTP/1.1" 200 22689 "https://troop537.org/buy.php?059048098.html" "Mozilla/5.0 AppleWebKit/537.36 (KHTML, like Gecko; compatible; GPTBot/1.4; +https://openai.com/gptbot)"
74.7.227.165 - - [22/May/2026:11:25:41 -0400] "GET /buy.php?detail/07000054751514 HTTP/1.1" 200 21059 "https://troop537.org/buy.php?jp/070000538.html" "Mozilla/5.0 AppleWebKit/537.36 (KHTML, like Gecko; compatible; GPTBot/1.4; +https://openai.com/gptbot)"
74.7.227.165 - - [22/May/2026:11:25:41 -0400] "GET /buy.php?detail/08000046277448 HTTP/1.1" 200 19591 "https://troop537.org/buy.php?bidoorpal-08-10115" "Mozilla/5.0 AppleWebKit/537.36 (KHTML, like Gecko; compatible; GPTBot/1.4; +https://openai.com/gptbot)"
74.7.227.165 - - [22/May/2026:11:25:42 -0400] "GET /buy.php?detail/10000328433048 HTTP/1.1" 200 20659 "https://troop537.org/buy.php?goods/134044060" "Mozilla/5.0 AppleWebKit/537.36 (KHTML, like Gecko; compatible; GPTBot/1.4; +https://openai.com/gptbot)"
74.7.227.165 - - [22/May/2026:11:25:43 -0400] "GET /buy.php?detail/07000039905165 HTTP/1.1" 200 19809 "https://troop537.org/buy.php?jp/070000138.html" "Mozilla/5.0 AppleWebKit/537.36 (KHTML, like Gecko; compatible; GPTBot/1.4; +https://openai.com/gptbot)"
74.7.227.165 - - [22/May/2026:11:25:43 -0400] "GET /buy.php?detail/02700003743388 HTTP/1.1" 200 20310 "https://troop537.org/buy.php?ideca-ed814789" "Mozilla/5.0 AppleWebKit/537.36 (KHTML, like Gecko; compatible; GPTBot/1.4; +https://openai.com/gptbot)"
74.7.227.165 - - [22/May/2026:11:25:44 -0400] "GET /buy.php?goods/058002075 HTTP/1.1" 200 20343 "https://troop537.org/buy.php?detail/22204201691016" "Mozilla/5.0 AppleWebKit/537.36 (KHTML, like Gecko; compatible; GPTBot/1.4; +https://openai.com/gptbot)"
74.7.227.165 - - [22/May/2026:11:25:45 -0400] "GET /buy.php?detail/0110038167554 HTTP/1.1" 200 19465 "https://troop537.org/buy.php?jp/124029602.html" "Mozilla/5.0 AppleWebKit/537.36 (KHTML, like Gecko; compatible; GPTBot/1.4; +https://openai.com/gptbot)"
74.7.227.165 - - [22/May/2026:11:25:45 -0400] "GET /buy.php?jp/160001608.html HTTP/1.1" 200 19874 "https://troop537.org/buy.php?detail/16000037739317" "Mozilla/5.0 AppleWebKit/537.36 (KHTML, like Gecko; compatible; GPTBot/1.4; +https://openai.com/gptbot)"
74.7.227.165 - - [22/May/2026:11:25:46 -0400] "GET /buy.php?goods/225042026 HTTP/1.1" 200 19917 "https://troop537.org/buy.php?detail/12402960256446" "Mozilla/5.0 AppleWebKit/537.36 (KHTML, like Gecko; compatible; GPTBot/1.4; +https://openai.com/gptbot)"
74.7.227.165 - - [22/May/2026:11:25:48 -0400] "GET /buy.php?goods/040031393 HTTP/1.1" 200 21062 "https://troop537.org/buy.php?detail/22204201691016" "Mozilla/5.0 AppleWebKit/537.36 (KHTML, like Gecko; compatible; GPTBot/1.4; +https://openai.com/gptbot)"
74.7.227.165 - - [22/May/2026:11:25:48 -0400] "GET /buy.php?detail/2150040871101 HTTP/1.1" 200 20346 "https://troop537.org/buy.php?detail/22204201691016" "Mozilla/5.0 AppleWebKit/537.36 (KHTML, like Gecko; compatible; GPTBot/1.4; +https://openai.com/gptbot)"
74.7.227.165 - - [22/May/2026:11:25:49 -0400] "GET /buy.php?jp/070000329.html HTTP/1.1" 200 20415 "https://troop537.org/buy.php?detail/07000054751514" "Mozilla/5.0 AppleWebKit/537.36 (KHTML, like Gecko; compatible; GPTBot/1.4; +https://openai.com/gptbot)"
74.7.227.165 - - [22/May/2026:11:25:53 -0400] "GET /buy.php?jp/080000541.html HTTP/1.1" 200 21135 "https://troop537.org/buy.php?detail/08000046277448" "Mozilla/5.0 AppleWebKit/537.36 (KHTML, like Gecko; compatible; GPTBot/1.4; +https://openai.com/gptbot)"
74.7.227.165 - - [22/May/2026:11:25:57 -0400] "GET /buy.php?jp/080000534.html HTTP/1.1" 200 19527 "https://troop537.org/buy.php?detail/08000046277448" "Mozilla/5.0 AppleWebKit/537.36 (KHTML, like Gecko; compatible; GPTBot/1.4; +https://openai.com/gptbot)"
74.7.227.165 - - [22/May/2026:11:25:58 -0400] "GET /buy.php?jp/080000527.html HTTP/1.1" 200 19549 "https://troop537.org/buy.php?detail/08000046277448" "Mozilla/5.0 AppleWebKit/537.36 (KHTML, like Gecko; compatible; GPTBot/1.4; +https://openai.com/gptbot)"
74.7.227.165 - - [22/May/2026:11:25:59 -0400] "GET /buy.php?detail/2170133059749 HTTP/1.1" 200 20876 "https://troop537.org/buy.php?detail/02700003743388" "Mozilla/5.0 AppleWebKit/537.36 (KHTML, like Gecko; compatible; GPTBot/1.4; +https://openai.com/gptbot)"
74.7.227.165 - - [22/May/2026:11:25:59 -0400] "GET /buy.php?iefan-nimura-6by-1233 HTTP/1.1" 200 20224 "https://troop537.org/buy.php?jp/124029602.html" "Mozilla/5.0 AppleWebKit/537.36 (KHTML, like Gecko; compatible; GPTBot/1.4; +https://openai.com/gptbot)"
74.7.227.165 - - [22/May/2026:11:26:00 -0400] "GET /buy.php?detail/06600003254245 HTTP/1.1" 200 20622 "https://troop537.org/buy.php?066000097.html" "Mozilla/5.0 AppleWebKit/537.36 (KHTML, like Gecko; compatible; GPTBot/1.4; +https://openai.com/gptbot)"
74.7.227.165 - - [22/May/2026:11:26:01 -0400] "GET /buy.php?detail/04703405888830 HTTP/1.1" 200 20056 "https://troop537.org/buy.php?detail/2490075140306" "Mozilla/5.0 AppleWebKit/537.36 (KHTML, like Gecko; compatible; GPTBot/1.4; +https://openai.com/gptbot)"
74.7.227.165 - - [22/May/2026:11:26:01 -0400] "GET /buy.php?shopdeclinic-65-8146-89 HTTP/1.1" 200 21767 "https://troop537.org/buy.php?goods/225042026" "Mozilla/5.0 AppleWebKit/537.36 (KHTML, like Gecko; compatible; GPTBot/1.4; +https://openai.com/gptbot)"
66.249.79.1 - - [22/May/2026:11:26:03 -0400] "GET /buy.php?shop/pg/1005024010/ HTTP/1.1" 200 22136 "-" "Mozilla/5.0 (Linux; Android 6.0.1; Nexus 5X Build/MMB29P) AppleWebKit/537.36 (KHTML, like Gecko) Chrome/148.0.7778.96 Mobile Safari/537.36 (compatible; GoogleOther)"
74.7.227.165 - - [22/May/2026:11:26:02 -0400] "GET /buy.php?misono-support-b16-238-2 HTTP/1.1" 200 20355 "https://troop537.org/buy.php?goods/040031393" "Mozilla/5.0 AppleWebKit/537.36 (KHTML, like Gecko; compatible; GPTBot/1.4; +https://openai.com/gptbot)"
74.7.227.165 - - [22/May/2026:11:26:08 -0400] "GET /buy.php?detail/2630291557258 HTTP/1.1" 200 21198 "https://troop537.org/buy.php?detail/2150040871101" "Mozilla/5.0 AppleWebKit/537.36 (KHTML, like Gecko; compatible; GPTBot/1.4; +https://openai.com/gptbot)"
74.7.227.165 - - [22/May/2026:11:26:11 -0400] "GET /buy.php?jp/070000558.html HTTP/1.1" 200 20221 "https://troop537.org/buy.php?jp/070000329.html" "Mozilla/5.0 AppleWebKit/537.36 (KHTML, like Gecko; compatible; GPTBot/1.4; +https://openai.com/gptbot)"
74.7.227.165 - - [22/May/2026:11:26:11 -0400] "GET /buy.php?detail/0400317368222 HTTP/1.1" 200 21403 "https://troop537.org/buy.php?goods/040031393" "Mozilla/5.0 AppleWebKit/537.36 (KHTML, like Gecko; compatible; GPTBot/1.4; +https://openai.com/gptbot)"
74.7.227.165 - - [22/May/2026:11:26:12 -0400] "GET /buy.php?detail/02200005417310 HTTP/1.1" 200 21227 "https://troop537.org/buy.php?jp/022000097.html" "Mozilla/5.0 AppleWebKit/537.36 (KHTML, like Gecko; compatible; GPTBot/1.4; +https://openai.com/gptbot)"
74.7.227.165 - - [22/May/2026:11:26:14 -0400] "GET /buy.php?detail/21000276950000 HTTP/1.1" 200 21142 "https://troop537.org/buy.php?goods/163039939" "Mozilla/5.0 AppleWebKit/537.36 (KHTML, like Gecko; compatible; GPTBot/1.4; +https://openai.com/gptbot)"
74.7.227.165 - - [22/May/2026:11:26:14 -0400] "GET /buy.php?detail/06900025889069 HTTP/1.1" 200 20214 "https://troop537.org/buy.php?goods/069001201" "Mozilla/5.0 AppleWebKit/537.36 (KHTML, like Gecko; compatible; GPTBot/1.4; +https://openai.com/gptbot)"
66.249.79.2 - - [22/May/2026:11:26:16 -0400] "GET /shop/pg/107discourage/11411 HTTP/1.1" 200 17398 "-" "Mozilla/5.0 (Linux; Android 6.0.1; Nexus 5X Build/MMB29P) AppleWebKit/537.36 (KHTML, like Gecko) Chrome/148.0.7778.96 Mobile Safari/537.36 (compatible; GoogleOther)"
74.7.227.165 - - [22/May/2026:11:26:15 -0400] "GET /buy.php?detail/13300690201111 HTTP/1.1" 200 20047 "https://troop537.org/buy.php?detail/1330071903526" "Mozilla/5.0 AppleWebKit/537.36 (KHTML, like Gecko; compatible; GPTBot/1.4; +https://openai.com/gptbot)"
74.7.227.165 - - [22/May/2026:11:26:18 -0400] "GET /buy.php?goods/033020908 HTTP/1.1" 200 20230 "https://troop537.org/buy.php?detail/06600003254245" "Mozilla/5.0 AppleWebKit/537.36 (KHTML, like Gecko; compatible; GPTBot/1.4; +https://openai.com/gptbot)"
74.7.227.165 - - [22/May/2026:11:26:18 -0400] "GET /buy.php?detail/1340120464303 HTTP/1.1" 200 21892 "https://troop537.org/buy.php?detail/06600003254245" "Mozilla/5.0 AppleWebKit/537.36 (KHTML, like Gecko; compatible; GPTBot/1.4; +https://openai.com/gptbot)"
74.7.227.165 - - [22/May/2026:11:26:19 -0400] "GET /buy.php?usdm-usdm-011887-332 HTTP/1.1" 200 24585 "https://troop537.org/buy.php?shopdeclinic-65-8146-89" "Mozilla/5.0 AppleWebKit/537.36 (KHTML, like Gecko; compatible; GPTBot/1.4; +https://openai.com/gptbot)"
68.65.122.55 - - [22/May/2026:11:26:21 -0400] "POST /wp-cron.php?doing_wp_cron=1779463581.4469969272613525390625 HTTP/1.1" 403 1242 "-" "WordPress/6.9.4; https://troop537.org"
89.248.172.33 - - [22/May/2026:11:26:21 -0400] "GET / HTTP/1.1" 200 16381 "-" "Mozilla/5.0 (Windows NT 10.0; Win64; x64) AppleWebKit/537.36 (KHTML, like Gecko) Chrome/104.0.0.0 Safari/537.36"
89.248.172.33 - - [22/May/2026:11:26:21 -0400] "GET /wp-includes/blocks/navigation/style.min.css?ver=6.9.4 HTTP/1.1" 200 2085 "https://troop537.org/" "Mozilla/5.0 (Windows NT 10.0; Win64; x64) AppleWebKit/537.36 (KHTML, like Gecko) Chrome/104.0.0.0 Safari/537.36"
89.248.172.33 - - [22/May/2026:11:26:21 -0400] "GET /wp-content/uploads/2026/05/ScoutBanner2-1024x720.png HTTP/1.1" 200 1237329 "https://troop537.org/" "Mozilla/5.0 (Windows NT 10.0; Win64; x64) AppleWebKit/537.36 (KHTML, like Gecko) Chrome/104.0.0.0 Safari/537.36"
89.248.172.33 - - [22/May/2026:11:26:22 -0400] "GET /wp-includes/css/dashicons.min.css?ver=6.9.4 HTTP/1.1" 200 35101 "https://troop537.org/" "Mozilla/5.0 (Windows NT 10.0; Win64; x64) AppleWebKit/537.36 (KHTML, like Gecko) Chrome/104.0.0.0 Safari/537.36"
89.248.172.33 - - [22/May/2026:11:26:22 -0400] "GET /wp-content/themes/travel-manager/assets/css/scroll-to-top.css?ver=4.0 HTTP/1.1" 200 411 "https://troop537.org/" "Mozilla/5.0 (Windows NT 10.0; Win64; x64) AppleWebKit/537.36 (KHTML, like Gecko) Chrome/104.0.0.0 Safari/537.36"
89.248.172.33 - - [22/May/2026:11:26:22 -0400] "GET /wp-includes/js/jquery/jquery.min.js?ver=3.7.1 HTTP/1.1" 200 29744 "https://troop537.org/" "Mozilla/5.0 (Windows NT 10.0; Win64; x64) AppleWebKit/537.36 (KHTML, like Gecko) Chrome/104.0.0.0 Safari/537.36"
89.248.172.33 - - [22/May/2026:11:26:22 -0400] "GET /wp-content/themes/travel-manager/style.css?ver=4.0 HTTP/1.1" 200 1459 "https://troop537.org/" "Mozilla/5.0 (Windows NT 10.0; Win64; x64) AppleWebKit/537.36 (KHTML, like Gecko) Chrome/104.0.0.0 Safari/537.36"
89.248.172.33 - - [22/May/2026:11:26:22 -0400] "GET /wp-includes/js/jquery/jquery-migrate.min.js?ver=3.4.1 HTTP/1.1" 200 4678 "https://troop537.org/" "Mozilla/5.0 (Windows NT 10.0; Win64; x64) AppleWebKit/537.36 (KHTML, like Gecko) Chrome/104.0.0.0 Safari/537.36"
89.248.172.33 - - [22/May/2026:11:26:22 -0400] "GET /wp-content/themes/travel-manager/assets/js/custom-script.js?ver=1 HTTP/1.1" 200 155 "https://troop537.org/" "Mozilla/5.0 (Windows NT 10.0; Win64; x64) AppleWebKit/537.36 (KHTML, like Gecko) Chrome/104.0.0.0 Safari/537.36"
89.248.172.33 - - [22/May/2026:11:26:22 -0400] "GET /wp-content/uploads/2023/11/bsa_troop537.png HTTP/1.1" 200 116474 "https://troop537.org/" "Mozilla/5.0 (Windows NT 10.0; Win64; x64) AppleWebKit/537.36 (KHTML, like Gecko) Chrome/104.0.0.0 Safari/537.36"
89.248.172.33 - - [22/May/2026:11:26:22 -0400] "GET /wp-content/themes/travel-manager/assets/js/scroll-to-top.js?ver=4.0 HTTP/1.1" 200 383 "https://troop537.org/" "Mozilla/5.0 (Windows NT 10.0; Win64; x64) AppleWebKit/537.36 (KHTML, like Gecko) Chrome/104.0.0.0 Safari/537.36"
89.248.172.33 - - [22/May/2026:11:26:22 -0400] "GET /wp-includes/js/dist/script-modules/interactivity/index.min.js?ver=66c613f68580994bb00a HTTP/1.1" 200 14617 "https://troop537.org/" "Mozilla/5.0 (Windows NT 10.0; Win64; x64) AppleWebKit/537.36 (KHTML, like Gecko) Chrome/104.0.0.0 Safari/537.36"
89.248.172.33 - - [22/May/2026:11:26:22 -0400] "GET /wp-content/themes/travel-manager/assets/fonts/dm-sans/DMSans-Regular.woff2 HTTP/1.1" 200 18096 "https://troop537.org/" "Mozilla/5.0 (Windows NT 10.0; Win64; x64) AppleWebKit/537.36 (KHTML, like Gecko) Chrome/104.0.0.0 Safari/537.36"
89.248.172.33 - - [22/May/2026:11:26:22 -0400] "GET /wp-content/themes/travel-manager/assets/fonts/dm-sans/DMSans-Bold.woff2 HTTP/1.1" 200 18212 "https://troop537.org/" "Mozilla/5.0 (Windows NT 10.0; Win64; x64) AppleWebKit/537.36 (KHTML, like Gecko) Chrome/104.0.0.0 Safari/537.36"
89.248.172.33 - - [22/May/2026:11:26:23 -0400] "GET /wp-includes/js/dist/script-modules/block-library/navigation/view.min.js?ver=b0f909c3ec791c383210 HTTP/1.1" 200 1057 "https://troop537.org/" "Mozilla/5.0 (Windows NT 10.0; Win64; x64) AppleWebKit/537.36 (KHTML, like Gecko) Chrome/104.0.0.0 Safari/537.36"
89.248.172.33 - - [22/May/2026:11:26:24 -0400] "GET /wp-includes/js/wp-emoji-release.min.js?ver=6.9.4 HTTP/1.1" 200 4949 "https://troop537.org/" "Mozilla/5.0 (Windows NT 10.0; Win64; x64) AppleWebKit/537.36 (KHTML, like Gecko) Chrome/104.0.0.0 Safari/537.36"
74.7.227.165 - - [22/May/2026:11:26:20 -0400] "GET /buy.php?detail/02000052277448 HTTP/1.1" 200 19797 "https://troop537.org/buy.php?jp/020000497.html" "Mozilla/5.0 AppleWebKit/537.36 (KHTML, like Gecko; compatible; GPTBot/1.4; +https://openai.com/gptbot)"
74.7.227.165 - - [22/May/2026:11:26:24 -0400] "GET /buy.php?goods/263002360 HTTP/1.1" 200 22348 "https://troop537.org/buy.php?detail/2630291557258" "Mozilla/5.0 AppleWebKit/537.36 (KHTML, like Gecko; compatible; GPTBot/1.4; +https://openai.com/gptbot)"
74.7.227.165 - - [22/May/2026:11:26:25 -0400] "GET /buy.php?detail/00603928275903 HTTP/1.1" 200 19763 "https://troop537.org/buy.php?jp/070000558.html" "Mozilla/5.0 AppleWebKit/537.36 (KHTML, like Gecko; compatible; GPTBot/1.4; +https://openai.com/gptbot)"
74.7.227.165 - - [22/May/2026:11:26:26 -0400] "GET /buy.php?detail/00100014097912 HTTP/1.1" 200 20667 "https://troop537.org/buy.php?jp/001001608.html" "Mozilla/5.0 AppleWebKit/537.36 (KHTML, like Gecko; compatible; GPTBot/1.4; +https://openai.com/gptbot)"
74.7.227.165 - - [22/May/2026:11:26:26 -0400] "GET /buy.php?detail/2450341676257 HTTP/1.1" 200 19679 "https://troop537.org/buy.php?detail/02200005417310" "Mozilla/5.0 AppleWebKit/537.36 (KHTML, like Gecko; compatible; GPTBot/1.4; +https://openai.com/gptbot)"
74.7.227.165 - - [22/May/2026:11:26:27 -0400] "GET /buy.php?jp/022000054.html HTTP/1.1" 200 21094 "https://troop537.org/buy.php?detail/02200005417310" "Mozilla/5.0 AppleWebKit/537.36 (KHTML, like Gecko; compatible; GPTBot/1.4; +https://openai.com/gptbot)"
74.7.227.165 - - [22/May/2026:11:26:28 -0400] "GET /buy.php?detail/069000631957 HTTP/1.1" 200 19950 "https://troop537.org/buy.php?detail/06900025889069" "Mozilla/5.0 AppleWebKit/537.36 (KHTML, like Gecko; compatible; GPTBot/1.4; +https://openai.com/gptbot)"
204.12.208.18 - - [22/May/2026:11:26:14 -0400] "GET /wp-includes/adf9fafe/index.php HTTP/1.1" 200 0 "https://troop537.org/wp-includes/adf9fafe/index.php" "Mozilla/4.0 (compatible; MSIE 7.0; Windows NT 5.1; SV1; .NET CLR 1.1.4322)"
74.7.227.165 - - [22/May/2026:11:26:29 -0400] "GET /buy.php?goods/133007731 HTTP/1.1" 200 20528 "https://troop537.org/buy.php?detail/13300690201111" "Mozilla/5.0 AppleWebKit/537.36 (KHTML, like Gecko; compatible; GPTBot/1.4; +https://openai.com/gptbot)"
204.12.208.18 - - [22/May/2026:11:26:34 -0400] "GET /wp-includes/adf9fafe/index.php HTTP/1.1" 200 26 "https://troop537.org/wp-includes/adf9fafe/index.php" "Mozilla/5.0 (Macintosh; Intel Mac OS X 10_6_8) AppleWebKit/535.1 (KHTML, like Gecko) Chrome/13.0.782.220 Safari/535.1"
74.7.227.165 - - [22/May/2026:11:26:34 -0400] "GET /buy.php?detail/0590282239916 HTTP/1.1" 200 19931 "https://troop537.org/buy.php?goods/033020908" "Mozilla/5.0 AppleWebKit/537.36 (KHTML, like Gecko; compatible; GPTBot/1.4; +https://openai.com/gptbot)"
74.7.227.165 - - [22/May/2026:11:26:36 -0400] "GET /buy.php?goods/033019500 HTTP/1.1" 200 20228 "https://troop537.org/buy.php?goods/033020908" "Mozilla/5.0 AppleWebKit/537.36 (KHTML, like Gecko; compatible; GPTBot/1.4; +https://openai.com/gptbot)"
74.7.227.165 - - [22/May/2026:11:26:37 -0400] "GET /buy.php?298037661.html HTTP/1.1" 200 19861 "https://troop537.org/buy.php?usdm-usdm-011887-332" "Mozilla/5.0 AppleWebKit/537.36 (KHTML, like Gecko; compatible; GPTBot/1.4; +https://openai.com/gptbot)"
74.7.227.165 - - [22/May/2026:11:26:38 -0400] "GET /buy.php?detail/28900545434497 HTTP/1.1" 200 20453 "https://troop537.org/buy.php?detail/02000052277448" "Mozilla/5.0 AppleWebKit/537.36 (KHTML, like Gecko; compatible; GPTBot/1.4; +https://openai.com/gptbot)"
74.7.227.165 - - [22/May/2026:11:26:39 -0400] "GET /buy.php?176038485.html HTTP/1.1" 200 19142 "https://troop537.org/buy.php?usdm-usdm-011887-332" "Mozilla/5.0 AppleWebKit/537.36 (KHTML, like Gecko; compatible; GPTBot/1.4; +https://openai.com/gptbot)"
94.102.49.210 - - [22/May/2026:11:26:39 -0400] "GET /wp-content/uploads/2023/11/bsa_logo.svg_-150x150.png HTTP/1.1" 200 16855 "https://troop537.org/" "Mozilla/5.0 (Windows NT 10.0; Win64; x64) AppleWebKit/537.36 (KHTML, like Gecko) Chrome/104.0.0.0 Safari/537.36"
74.7.227.165 - - [22/May/2026:11:26:39 -0400] "GET /buy.php?goods/264020900 HTTP/1.1" 200 21443 "https://troop537.org/buy.php?detail/00603928275903" "Mozilla/5.0 AppleWebKit/537.36 (KHTML, like Gecko; compatible; GPTBot/1.4; +https://openai.com/gptbot)"
74.7.227.165 - - [22/May/2026:11:26:40 -0400] "GET /buy.php?jp/001000192.html HTTP/1.1" 200 20326 "https://troop537.org/buy.php?detail/00100014097912" "Mozilla/5.0 AppleWebKit/537.36 (KHTML, like Gecko; compatible; GPTBot/1.4; +https://openai.com/gptbot)"
94.102.63.23 - - [22/May/2026:11:26:41 -0400] "GET /wp-content/uploads/2023/11/bsa_logo.svg_.png HTTP/1.1" 200 78030 "https://troop537.org/" "Mozilla/5.0 (Windows NT 10.0; Win64; x64) AppleWebKit/537.36 (KHTML, like Gecko) Chrome/104.0.0.0 Safari/537.36"
74.7.227.165 - - [22/May/2026:11:26:41 -0400] "GET /buy.php?detail/210001249339 HTTP/1.1" 200 21688 "https://troop537.org/buy.php?detail/21000276950000" "Mozilla/5.0 AppleWebKit/537.36 (KHTML, like Gecko; compatible; GPTBot/1.4; +https://openai.com/gptbot)"
74.7.227.165 - - [22/May/2026:11:26:41 -0400] "GET /buy.php?detail/0220000649132 HTTP/1.1" 200 21332 "https://troop537.org/buy.php?jp/022000054.html" "Mozilla/5.0 AppleWebKit/537.36 (KHTML, like Gecko; compatible; GPTBot/1.4; +https://openai.com/gptbot)"
74.7.227.165 - - [22/May/2026:11:26:42 -0400] "GET /buy.php?266020129.html HTTP/1.1" 200 20325 "https://troop537.org/buy.php?usdm-usdm-011887-332" "Mozilla/5.0 AppleWebKit/537.36 (KHTML, like Gecko; compatible; GPTBot/1.4; +https://openai.com/gptbot)"
74.7.227.165 - - [22/May/2026:11:26:43 -0400] "GET /buy.php?detail/18202365865227 HTTP/1.1" 200 20161 "https://troop537.org/buy.php?goods/133007731" "Mozilla/5.0 AppleWebKit/537.36 (KHTML, like Gecko; compatible; GPTBot/1.4; +https://openai.com/gptbot)"
74.7.227.165 - - [22/May/2026:11:26:43 -0400] "GET /buy.php?goods/133007701 HTTP/1.1" 200 20768 "https://troop537.org/buy.php?goods/133007731" "Mozilla/5.0 AppleWebKit/537.36 (KHTML, like Gecko; compatible; GPTBot/1.4; +https://openai.com/gptbot)"
74.7.227.165 - - [22/May/2026:11:26:44 -0400] "GET /buy.php?vie-up-ds-2537775 HTTP/1.1" 200 20034 "https://troop537.org/buy.php?detail/2450341676257" "Mozilla/5.0 AppleWebKit/537.36 (KHTML, like Gecko; compatible; GPTBot/1.4; +https://openai.com/gptbot)"
74.7.227.165 - - [22/May/2026:11:26:45 -0400] "GET /buy.php?048026351.html HTTP/1.1" 200 20001 "https://troop537.org/buy.php?298037661.html" "Mozilla/5.0 AppleWebKit/537.36 (KHTML, like Gecko; compatible; GPTBot/1.4; +https://openai.com/gptbot)"
74.7.227.165 - - [22/May/2026:11:26:47 -0400] "GET /buy.php?shopdeclinic-62-9155-18 HTTP/1.1" 200 20205 "https://troop537.org/buy.php?298037661.html" "Mozilla/5.0 AppleWebKit/537.36 (KHTML, like Gecko; compatible; GPTBot/1.4; +https://openai.com/gptbot)"
74.7.227.165 - - [22/May/2026:11:26:48 -0400] "GET /buy.php?goods/145029638 HTTP/1.1" 200 19209 "https://troop537.org/buy.php?detail/02000052277448" "Mozilla/5.0 AppleWebKit/537.36 (KHTML, like Gecko; compatible; GPTBot/1.4; +https://openai.com/gptbot)"
20.23.204.52 - - [22/May/2026:11:26:53 -0400] "GET / HTTP/1.1" 200 18664 "-" "Mozilla/5.0 (Windows NT 10.0; Win64; x64) AppleWebKit/537.36 (KHTML, like Gecko) Chrome/131.0.0.0 Safari/537.36"
74.7.227.165 - - [22/May/2026:11:26:49 -0400] "GET /buy.php?goods/295029129 HTTP/1.1" 200 19 "https://troop537.org/buy.php?goods/264020900" "Mozilla/5.0 AppleWebKit/537.36 (KHTML, like Gecko; compatible; GPTBot/1.4; +https://openai.com/gptbot)"
74.7.227.165 - - [22/May/2026:11:27:08 -0400] "GET /buy.php?jp/117009700.html HTTP/1.1" 200 22111 "https://troop537.org/buy.php?detail/02200005417310" "Mozilla/5.0 AppleWebKit/537.36 (KHTML, like Gecko; compatible; GPTBot/1.4; +https://openai.com/gptbot)"
74.7.227.165 - - [22/May/2026:11:27:09 -0400] "GET /buy.php?baby-sies-fa-k-0047 HTTP/1.1" 200 19657 "https://troop537.org/buy.php?detail/210001249339" "Mozilla/5.0 AppleWebKit/537.36 (KHTML, like Gecko; compatible; GPTBot/1.4; +https://openai.com/gptbot)"
74.7.227.165 - - [22/May/2026:11:27:10 -0400] "GET /buy.php?detail/210001816869 HTTP/1.1" 200 20523 "https://troop537.org/buy.php?detail/210001249339" "Mozilla/5.0 AppleWebKit/537.36 (KHTML, like Gecko; compatible; GPTBot/1.4; +https://openai.com/gptbot)"
74.7.227.165 - - [22/May/2026:11:27:10 -0400] "GET /buy.php?buriruby-lxcoizvmrxyxfeludoq5onxncq-alb-1 HTTP/1.1" 200 20677 "https://troop537.org/buy.php?266020129.html" "Mozilla/5.0 AppleWebKit/537.36 (KHTML, like Gecko; compatible; GPTBot/1.4; +https://openai.com/gptbot)"
74.7.227.165 - - [22/May/2026:11:27:11 -0400] "GET /buy.php?running-a-apur-d-2397 HTTP/1.1" 200 19655 "https://troop537.org/buy.php?detail/18202365865227" "Mozilla/5.0 AppleWebKit/537.36 (KHTML, like Gecko; compatible; GPTBot/1.4; +https://openai.com/gptbot)"
74.7.227.165 - - [22/May/2026:11:27:19 -0400] "GET /buy.php?detail/1330081547995 HTTP/1.1" 200 20391 "https://troop537.org/buy.php?goods/133007701" "Mozilla/5.0 AppleWebKit/537.36 (KHTML, like Gecko; compatible; GPTBot/1.4; +https://openai.com/gptbot)"
74.7.227.165 - - [22/May/2026:11:27:19 -0400] "GET /buy.php?010015046 HTTP/1.1" 200 21455 "https://troop537.org/buy.php?266020129.html" "Mozilla/5.0 AppleWebKit/537.36 (KHTML, like Gecko; compatible; GPTBot/1.4; +https://openai.com/gptbot)"
