74.7.227.165 - - [22/May/2026:09:51:05 -0400] "GET /buy.php?056008021.html HTTP/1.1" 200 19600 "https://troop537.org/buy.php?056010073.html" "Mozilla/5.0 AppleWebKit/537.36 (KHTML, like Gecko; compatible; GPTBot/1.4; +https://openai.com/gptbot)"
74.7.227.165 - - [22/May/2026:09:51:06 -0400] "GET /buy.php?vivakenzai-tps78w-805-2010 HTTP/1.1" 200 20673 "https://troop537.org/buy.php?155010806.html" "Mozilla/5.0 AppleWebKit/537.36 (KHTML, like Gecko; compatible; GPTBot/1.4; +https://openai.com/gptbot)"
74.7.227.165 - - [22/May/2026:09:51:07 -0400] "GET /buy.php?209030792.html HTTP/1.1" 200 21511 "https://troop537.org/buy.php?155010806.html" "Mozilla/5.0 AppleWebKit/537.36 (KHTML, like Gecko; compatible; GPTBot/1.4; +https://openai.com/gptbot)"
74.7.227.165 - - [22/May/2026:09:51:07 -0400] "GET /buy.php?detail/206000746816 HTTP/1.1" 200 20072 "https://troop537.org/buy.php?detail/0390107752474" "Mozilla/5.0 AppleWebKit/537.36 (KHTML, like Gecko; compatible; GPTBot/1.4; +https://openai.com/gptbot)"
74.7.227.165 - - [22/May/2026:09:51:08 -0400] "GET /buy.php?goods/019003353 HTTP/1.1" 200 19489 "https://troop537.org/buy.php?123001360.html" "Mozilla/5.0 AppleWebKit/537.36 (KHTML, like Gecko; compatible; GPTBot/1.4; +https://openai.com/gptbot)"
74.7.227.165 - - [22/May/2026:09:51:09 -0400] "GET /buy.php?096032393.html HTTP/1.1" 200 20496 "https://troop537.org/buy.php?123001360.html" "Mozilla/5.0 AppleWebKit/537.36 (KHTML, like Gecko; compatible; GPTBot/1.4; +https://openai.com/gptbot)"
74.7.227.165 - - [22/May/2026:09:51:09 -0400] "GET /buy.php?118024573.html HTTP/1.1" 200 20770 "https://troop537.org/buy.php?029020529" "Mozilla/5.0 AppleWebKit/537.36 (KHTML, like Gecko; compatible; GPTBot/1.4; +https://openai.com/gptbot)"
74.7.227.165 - - [22/May/2026:09:51:10 -0400] "GET /buy.php?172022501.html HTTP/1.1" 200 19004 "https://troop537.org/buy.php?123001360.html" "Mozilla/5.0 AppleWebKit/537.36 (KHTML, like Gecko; compatible; GPTBot/1.4; +https://openai.com/gptbot)"
74.7.227.165 - - [22/May/2026:09:51:11 -0400] "GET /buy.php?hamaken-8688210 HTTP/1.1" 200 19885 "https://troop537.org/buy.php?detail/2180378338957" "Mozilla/5.0 AppleWebKit/537.36 (KHTML, like Gecko; compatible; GPTBot/1.4; +https://openai.com/gptbot)"
74.7.227.165 - - [22/May/2026:09:51:11 -0400] "GET /buy.php?goods/252024001 HTTP/1.1" 200 20951 "https://troop537.org/buy.php?jyusetsupro-926005930" "Mozilla/5.0 AppleWebKit/537.36 (KHTML, like Gecko; compatible; GPTBot/1.4; +https://openai.com/gptbot)"
74.7.227.165 - - [22/May/2026:09:51:12 -0400] "GET /buy.php?026006335.html HTTP/1.1" 200 20424 "https://troop537.org/buy.php?jyusetsupro-926005930" "Mozilla/5.0 AppleWebKit/537.36 (KHTML, like Gecko; compatible; GPTBot/1.4; +https://openai.com/gptbot)"
74.7.227.165 - - [22/May/2026:09:51:12 -0400] "GET /buy.php?002043807.html HTTP/1.1" 200 21319 "https://troop537.org/buy.php?jyusetsupro-926005930" "Mozilla/5.0 AppleWebKit/537.36 (KHTML, like Gecko; compatible; GPTBot/1.4; +https://openai.com/gptbot)"
74.7.227.165 - - [22/May/2026:09:51:15 -0400] "GET /buy.php?029008728.html HTTP/1.1" 200 21011 "https://troop537.org/buy.php?029020529" "Mozilla/5.0 AppleWebKit/537.36 (KHTML, like Gecko; compatible; GPTBot/1.4; +https://openai.com/gptbot)"
74.7.227.165 - - [22/May/2026:09:51:16 -0400] "GET /buy.php?209030510.html HTTP/1.1" 200 20863 "https://troop537.org/buy.php?209030792.html" "Mozilla/5.0 AppleWebKit/537.36 (KHTML, like Gecko; compatible; GPTBot/1.4; +https://openai.com/gptbot)"
74.7.227.165 - - [22/May/2026:09:51:17 -0400] "GET /buy.php?goods/028027878 HTTP/1.1" 200 22040 "https://troop537.org/buy.php?detail/206000746816" "Mozilla/5.0 AppleWebKit/537.36 (KHTML, like Gecko; compatible; GPTBot/1.4; +https://openai.com/gptbot)"
74.7.227.165 - - [22/May/2026:09:51:17 -0400] "GET /buy.php?detail/206000478663 HTTP/1.1" 200 19447 "https://troop537.org/buy.php?detail/206000746816" "Mozilla/5.0 AppleWebKit/537.36 (KHTML, like Gecko; compatible; GPTBot/1.4; +https://openai.com/gptbot)"
74.7.227.165 - - [22/May/2026:09:51:18 -0400] "GET /buy.php?093044964.html HTTP/1.1" 200 20154 "https://troop537.org/buy.php?013020704.html" "Mozilla/5.0 AppleWebKit/537.36 (KHTML, like Gecko; compatible; GPTBot/1.4; +https://openai.com/gptbot)"
74.7.227.165 - - [22/May/2026:09:51:19 -0400] "GET /buy.php?209030492.html HTTP/1.1" 200 20720 "https://troop537.org/buy.php?209030792.html" "Mozilla/5.0 AppleWebKit/537.36 (KHTML, like Gecko; compatible; GPTBot/1.4; +https://openai.com/gptbot)"
74.7.227.165 - - [22/May/2026:09:51:21 -0400] "GET /buy.php?029008710.html HTTP/1.1" 200 21875 "https://troop537.org/buy.php?029020529" "Mozilla/5.0 AppleWebKit/537.36 (KHTML, like Gecko; compatible; GPTBot/1.4; +https://openai.com/gptbot)"
74.7.227.165 - - [22/May/2026:09:51:21 -0400] "GET /buy.php?241004992.html HTTP/1.1" 200 19362 "https://troop537.org/buy.php?hamaken-8688210" "Mozilla/5.0 AppleWebKit/537.36 (KHTML, like Gecko; compatible; GPTBot/1.4; +https://openai.com/gptbot)"
74.7.227.165 - - [22/May/2026:09:51:22 -0400] "GET /buy.php?056006773.html HTTP/1.1" 200 20397 "https://troop537.org/buy.php?056008021.html" "Mozilla/5.0 AppleWebKit/537.36 (KHTML, like Gecko; compatible; GPTBot/1.4; +https://openai.com/gptbot)"
74.7.227.165 - - [22/May/2026:09:51:23 -0400] "GET /buy.php?026005465.html HTTP/1.1" 200 20362 "https://troop537.org/buy.php?026006335.html" "Mozilla/5.0 AppleWebKit/537.36 (KHTML, like Gecko; compatible; GPTBot/1.4; +https://openai.com/gptbot)"
74.7.227.165 - - [22/May/2026:09:51:23 -0400] "GET /buy.php?goods/254013896 HTTP/1.1" 200 20784 "https://troop537.org/buy.php?254013989.html" "Mozilla/5.0 AppleWebKit/537.36 (KHTML, like Gecko; compatible; GPTBot/1.4; +https://openai.com/gptbot)"
74.7.227.165 - - [22/May/2026:09:51:25 -0400] "GET /buy.php?029009454.html HTTP/1.1" 200 21206 "https://troop537.org/buy.php?029008728.html" "Mozilla/5.0 AppleWebKit/537.36 (KHTML, like Gecko; compatible; GPTBot/1.4; +https://openai.com/gptbot)"
74.7.227.165 - - [22/May/2026:09:51:26 -0400] "GET /buy.php?060000181.html HTTP/1.1" 200 20950 "https://troop537.org/buy.php?asahiprocureace-315-4542" "Mozilla/5.0 AppleWebKit/537.36 (KHTML, like Gecko; compatible; GPTBot/1.4; +https://openai.com/gptbot)"
74.7.227.165 - - [22/May/2026:09:51:27 -0400] "GET /buy.php?skymarketplus-b07fnkwctb HTTP/1.1" 200 21753 "https://troop537.org/buy.php?025005114.html" "Mozilla/5.0 AppleWebKit/537.36 (KHTML, like Gecko; compatible; GPTBot/1.4; +https://openai.com/gptbot)"
74.7.227.165 - - [22/May/2026:09:51:27 -0400] "GET /buy.php?asahiprocureace-609-6588 HTTP/1.1" 200 20632 "https://troop537.org/buy.php?goods/194008909" "Mozilla/5.0 AppleWebKit/537.36 (KHTML, like Gecko; compatible; GPTBot/1.4; +https://openai.com/gptbot)"
74.7.227.165 - - [22/May/2026:09:51:28 -0400] "GET /buy.php?093005923 HTTP/1.1" 200 20516 "https://troop537.org/buy.php?093044964.html" "Mozilla/5.0 AppleWebKit/537.36 (KHTML, like Gecko; compatible; GPTBot/1.4; +https://openai.com/gptbot)"
74.7.227.165 - - [22/May/2026:09:51:36 -0400] "GET /buy.php?189007462.html HTTP/1.1" 200 19485 "https://troop537.org/buy.php?209030492.html" "Mozilla/5.0 AppleWebKit/537.36 (KHTML, like Gecko; compatible; GPTBot/1.4; +https://openai.com/gptbot)"
74.7.227.165 - - [22/May/2026:09:51:36 -0400] "GET /buy.php?goods/029008801 HTTP/1.1" 200 20678 "https://troop537.org/buy.php?029008710.html" "Mozilla/5.0 AppleWebKit/537.36 (KHTML, like Gecko; compatible; GPTBot/1.4; +https://openai.com/gptbot)"
74.7.227.165 - - [22/May/2026:09:51:37 -0400] "GET /buy.php?092029575.html HTTP/1.1" 200 20453 "https://troop537.org/buy.php?209030492.html" "Mozilla/5.0 AppleWebKit/537.36 (KHTML, like Gecko; compatible; GPTBot/1.4; +https://openai.com/gptbot)"
66.249.79.1 - - [22/May/2026:09:51:41 -0400] "GET /product/238045711 HTTP/1.1" 200 17554 "-" "Mozilla/5.0 (Linux; Android 6.0.1; Nexus 5X Build/MMB29P) AppleWebKit/537.36 (KHTML, like Gecko) Chrome/148.0.7778.96 Mobile Safari/537.36 (compatible; GoogleOther)"
74.7.227.165 - - [22/May/2026:09:51:38 -0400] "GET /buy.php?108018309.html HTTP/1.1" 200 22883 "https://troop537.org/buy.php?056006773.html" "Mozilla/5.0 AppleWebKit/537.36 (KHTML, like Gecko; compatible; GPTBot/1.4; +https://openai.com/gptbot)"
74.7.227.165 - - [22/May/2026:09:51:43 -0400] "GET /buy.php?242003013.html HTTP/1.1" 200 20360 "https://troop537.org/buy.php?209030492.html" "Mozilla/5.0 AppleWebKit/537.36 (KHTML, like Gecko; compatible; GPTBot/1.4; +https://openai.com/gptbot)"
66.249.79.8 - - [22/May/2026:09:51:57 -0400] "GET /buy.php?160308900 HTTP/1.1" 200 20083 "-" "Mozilla/5.0 (Linux; Android 6.0.1; Nexus 5X Build/MMB29P) AppleWebKit/537.36 (KHTML, like Gecko) Chrome/148.0.7778.96 Mobile Safari/537.36 (compatible; GoogleOther)"
74.7.227.165 - - [22/May/2026:09:51:45 -0400] "GET /buy.php?056006899.html HTTP/1.1" 200 19 "https://troop537.org/buy.php?056006773.html" "Mozilla/5.0 AppleWebKit/537.36 (KHTML, like Gecko; compatible; GPTBot/1.4; +https://openai.com/gptbot)"
74.7.227.165 - - [22/May/2026:09:52:05 -0400] "GET /buy.php?029006624.html HTTP/1.1" 200 20405 "https://troop537.org/buy.php?029009454.html" "Mozilla/5.0 AppleWebKit/537.36 (KHTML, like Gecko; compatible; GPTBot/1.4; +https://openai.com/gptbot)"
74.7.227.165 - - [22/May/2026:09:52:05 -0400] "GET /buy.php?250024451.html HTTP/1.1" 200 20335 "https://troop537.org/buy.php?060000181.html" "Mozilla/5.0 AppleWebKit/537.36 (KHTML, like Gecko; compatible; GPTBot/1.4; +https://openai.com/gptbot)"
74.7.227.165 - - [22/May/2026:09:52:06 -0400] "GET /buy.php?007037448.html HTTP/1.1" 200 20610 "https://troop537.org/buy.php?skymarketplus-b07fnkwctb" "Mozilla/5.0 AppleWebKit/537.36 (KHTML, like Gecko; compatible; GPTBot/1.4; +https://openai.com/gptbot)"
74.7.227.165 - - [22/May/2026:09:52:07 -0400] "GET /buy.php?297015674.html HTTP/1.1" 200 23057 "https://troop537.org/buy.php?asahiprocureace-609-6588" "Mozilla/5.0 AppleWebKit/537.36 (KHTML, like Gecko; compatible; GPTBot/1.4; +https://openai.com/gptbot)"
74.7.227.165 - - [22/May/2026:09:52:07 -0400] "GET /buy.php?093008704.html HTTP/1.1" 200 19984 "https://troop537.org/buy.php?093005923" "Mozilla/5.0 AppleWebKit/537.36 (KHTML, like Gecko; compatible; GPTBot/1.4; +https://openai.com/gptbot)"
74.7.227.165 - - [22/May/2026:09:52:08 -0400] "GET /buy.php?091017870.html HTTP/1.1" 200 19814 "https://troop537.org/buy.php?093044964.html" "Mozilla/5.0 AppleWebKit/537.36 (KHTML, like Gecko; compatible; GPTBot/1.4; +https://openai.com/gptbot)"
74.7.227.165 - - [22/May/2026:09:52:09 -0400] "GET /buy.php?110043319.html HTTP/1.1" 200 20116 "https://troop537.org/buy.php?241004992.html" "Mozilla/5.0 AppleWebKit/537.36 (KHTML, like Gecko; compatible; GPTBot/1.4; +https://openai.com/gptbot)"
74.7.227.165 - - [22/May/2026:09:52:09 -0400] "GET /buy.php?092002593.html HTTP/1.1" 200 20246 "https://troop537.org/buy.php?092029575.html" "Mozilla/5.0 AppleWebKit/537.36 (KHTML, like Gecko; compatible; GPTBot/1.4; +https://openai.com/gptbot)"
74.7.227.165 - - [22/May/2026:09:52:10 -0400] "GET /buy.php?auc-mat-theclass-mb_r171_premium HTTP/1.1" 200 19657 "https://troop537.org/buy.php?108018309.html" "Mozilla/5.0 AppleWebKit/537.36 (KHTML, like Gecko; compatible; GPTBot/1.4; +https://openai.com/gptbot)"
74.7.227.165 - - [22/May/2026:09:52:10 -0400] "GET /buy.php?242001727.html HTTP/1.1" 200 19913 "https://troop537.org/buy.php?242003013.html" "Mozilla/5.0 AppleWebKit/537.36 (KHTML, like Gecko; compatible; GPTBot/1.4; +https://openai.com/gptbot)"
74.7.227.165 - - [22/May/2026:09:52:11 -0400] "GET /buy.php?155049410.html HTTP/1.1" 200 21008 "https://troop537.org/buy.php?108018309.html" "Mozilla/5.0 AppleWebKit/537.36 (KHTML, like Gecko; compatible; GPTBot/1.4; +https://openai.com/gptbot)"
74.7.227.165 - - [22/May/2026:09:52:13 -0400] "GET /buy.php?029008948.html HTTP/1.1" 200 20489 "https://troop537.org/buy.php?029006624.html" "Mozilla/5.0 AppleWebKit/537.36 (KHTML, like Gecko; compatible; GPTBot/1.4; +https://openai.com/gptbot)"
74.7.227.165 - - [22/May/2026:09:52:17 -0400] "GET /buy.php?244031587.html HTTP/1.1" 200 19288 "https://troop537.org/buy.php?250024451.html" "Mozilla/5.0 AppleWebKit/537.36 (KHTML, like Gecko; compatible; GPTBot/1.4; +https://openai.com/gptbot)"
74.7.227.165 - - [22/May/2026:09:52:18 -0400] "GET /buy.php?partsjapan-csz-fronx2410-5 HTTP/1.1" 200 19644 "https://troop537.org/buy.php?250024451.html" "Mozilla/5.0 AppleWebKit/537.36 (KHTML, like Gecko; compatible; GPTBot/1.4; +https://openai.com/gptbot)"
66.249.79.7 - - [22/May/2026:09:52:23 -0400] "GET /product/300037641 HTTP/1.1" 200 16818 "-" "Mozilla/5.0 (Linux; Android 6.0.1; Nexus 5X Build/MMB29P) AppleWebKit/537.36 (KHTML, like Gecko) Chrome/148.0.7778.96 Mobile Safari/537.36 (compatible; GoogleOther)"
74.7.227.165 - - [22/May/2026:09:52:21 -0400] "GET /buy.php?127002662.html HTTP/1.1" 200 20433 "https://troop537.org/buy.php?007037448.html" "Mozilla/5.0 AppleWebKit/537.36 (KHTML, like Gecko; compatible; GPTBot/1.4; +https://openai.com/gptbot)"
74.7.227.165 - - [22/May/2026:09:52:25 -0400] "GET /buy.php?029008944.html HTTP/1.1" 200 20519 "https://troop537.org/buy.php?029006624.html" "Mozilla/5.0 AppleWebKit/537.36 (KHTML, like Gecko; compatible; GPTBot/1.4; +https://openai.com/gptbot)"
66.249.79.7 - - [22/May/2026:09:52:31 -0400] "GET /product/173018582 HTTP/1.1" 200 17080 "-" "Mozilla/5.0 (Linux; Android 6.0.1; Nexus 5X Build/MMB29P) AppleWebKit/537.36 (KHTML, like Gecko) Chrome/148.0.7778.96 Mobile Safari/537.36 (compatible; GoogleOther)"
74.7.227.165 - - [22/May/2026:09:52:29 -0400] "GET /buy.php?092002569.html HTTP/1.1" 200 19926 "https://troop537.org/buy.php?092029575.html" "Mozilla/5.0 AppleWebKit/537.36 (KHTML, like Gecko; compatible; GPTBot/1.4; +https://openai.com/gptbot)"
74.7.227.165 - - [22/May/2026:09:52:31 -0400] "GET /buy.php?style-depot-4002251711922-1 HTTP/1.1" 200 19904 "https://troop537.org/buy.php?029006624.html" "Mozilla/5.0 AppleWebKit/537.36 (KHTML, like Gecko; compatible; GPTBot/1.4; +https://openai.com/gptbot)"
74.7.227.165 - - [22/May/2026:09:52:32 -0400] "GET /buy.php?asahiprocureace-195-1788 HTTP/1.1" 200 19905 "https://troop537.org/buy.php?iinex-hb0093ggrek" "Mozilla/5.0 AppleWebKit/537.36 (KHTML, like Gecko; compatible; GPTBot/1.4; +https://openai.com/gptbot)"
74.7.227.165 - - [22/May/2026:09:52:32 -0400] "GET /buy.php?asahiprocureace-858-4034 HTTP/1.1" 200 19395 "https://troop537.org/buy.php?goods/116017126" "Mozilla/5.0 AppleWebKit/537.36 (KHTML, like Gecko; compatible; GPTBot/1.4; +https://openai.com/gptbot)"
74.7.227.165 - - [22/May/2026:09:52:37 -0400] "GET /buy.php?027003650.html HTTP/1.1" 200 21066 "https://troop537.org/buy.php?242001727.html" "Mozilla/5.0 AppleWebKit/537.36 (KHTML, like Gecko; compatible; GPTBot/1.4; +https://openai.com/gptbot)"
74.7.227.165 - - [22/May/2026:09:52:38 -0400] "GET /buy.php?asahiprocureace-231-4351 HTTP/1.1" 200 19783 "https://troop537.org/buy.php?258049387.html" "Mozilla/5.0 AppleWebKit/537.36 (KHTML, like Gecko; compatible; GPTBot/1.4; +https://openai.com/gptbot)"
74.7.227.165 - - [22/May/2026:09:52:39 -0400] "GET /buy.php?029006216.html HTTP/1.1" 200 20569 "https://troop537.org/buy.php?029008948.html" "Mozilla/5.0 AppleWebKit/537.36 (KHTML, like Gecko; compatible; GPTBot/1.4; +https://openai.com/gptbot)"
74.7.227.165 - - [22/May/2026:09:52:40 -0400] "GET /buy.php?detail/2440311347691 HTTP/1.1" 200 19607 "https://troop537.org/buy.php?244031587.html" "Mozilla/5.0 AppleWebKit/537.36 (KHTML, like Gecko; compatible; GPTBot/1.4; +https://openai.com/gptbot)"
74.7.227.165 - - [22/May/2026:09:52:41 -0400] "GET /buy.php?066015135.html HTTP/1.1" 200 19517 "https://troop537.org/buy.php?partsjapan-csz-fronx2410-5" "Mozilla/5.0 AppleWebKit/537.36 (KHTML, like Gecko; compatible; GPTBot/1.4; +https://openai.com/gptbot)"
74.7.227.165 - - [22/May/2026:09:52:42 -0400] "GET /buy.php?177039824.html HTTP/1.1" 200 18971 "https://troop537.org/buy.php?127002662.html" "Mozilla/5.0 AppleWebKit/537.36 (KHTML, like Gecko; compatible; GPTBot/1.4; +https://openai.com/gptbot)"
74.7.227.165 - - [22/May/2026:09:52:42 -0400] "GET /buy.php?258004371.html HTTP/1.1" 200 20177 "https://troop537.org/buy.php?029008944.html" "Mozilla/5.0 AppleWebKit/537.36 (KHTML, like Gecko; compatible; GPTBot/1.4; +https://openai.com/gptbot)"
74.7.227.165 - - [22/May/2026:09:52:45 -0400] "GET /buy.php?092010073.html HTTP/1.1" 200 20214 "https://troop537.org/buy.php?092002569.html" "Mozilla/5.0 AppleWebKit/537.36 (KHTML, like Gecko; compatible; GPTBot/1.4; +https://openai.com/gptbot)"
74.7.227.165 - - [22/May/2026:09:52:46 -0400] "GET /buy.php?043009608.html HTTP/1.1" 200 20268 "https://troop537.org/buy.php?style-depot-4002251711922-1" "Mozilla/5.0 AppleWebKit/537.36 (KHTML, like Gecko; compatible; GPTBot/1.4; +https://openai.com/gptbot)"
74.7.227.165 - - [22/May/2026:09:52:46 -0400] "GET /buy.php?dcmonline-718663 HTTP/1.1" 200 19787 "https://troop537.org/buy.php?asahiprocureace-195-1788" "Mozilla/5.0 AppleWebKit/537.36 (KHTML, like Gecko; compatible; GPTBot/1.4; +https://openai.com/gptbot)"
74.7.227.165 - - [22/May/2026:09:52:47 -0400] "GET /buy.php?089001298.html HTTP/1.1" 200 19481 "https://troop537.org/buy.php?asahiprocureace-858-4034" "Mozilla/5.0 AppleWebKit/537.36 (KHTML, like Gecko; compatible; GPTBot/1.4; +https://openai.com/gptbot)"
74.7.227.165 - - [22/May/2026:09:52:48 -0400] "GET /buy.php?079042856.html HTTP/1.1" 200 19748 "https://troop537.org/buy.php?027003650.html" "Mozilla/5.0 AppleWebKit/537.36 (KHTML, like Gecko; compatible; GPTBot/1.4; +https://openai.com/gptbot)"
74.7.227.165 - - [22/May/2026:09:52:48 -0400] "GET /buy.php?027007644.html HTTP/1.1" 200 22135 "https://troop537.org/buy.php?027003650.html" "Mozilla/5.0 AppleWebKit/537.36 (KHTML, like Gecko; compatible; GPTBot/1.4; +https://openai.com/gptbot)"
74.7.227.165 - - [22/May/2026:09:52:49 -0400] "GET /buy.php?029005566.html HTTP/1.1" 200 20882 "https://troop537.org/buy.php?029006216.html" "Mozilla/5.0 AppleWebKit/537.36 (KHTML, like Gecko; compatible; GPTBot/1.4; +https://openai.com/gptbot)"
74.7.227.165 - - [22/May/2026:09:52:49 -0400] "GET /buy.php?244031123.html HTTP/1.1" 200 19324 "https://troop537.org/buy.php?244031587.html" "Mozilla/5.0 AppleWebKit/537.36 (KHTML, like Gecko; compatible; GPTBot/1.4; +https://openai.com/gptbot)"
74.7.227.165 - - [22/May/2026:09:52:50 -0400] "GET /buy.php?011006526.html HTTP/1.1" 200 19 "https://troop537.org/buy.php?partsjapan-csz-fronx2410-5" "Mozilla/5.0 AppleWebKit/537.36 (KHTML, like Gecko; compatible; GPTBot/1.4; +https://openai.com/gptbot)"
74.7.227.165 - - [22/May/2026:09:53:10 -0400] "GET /buy.php?108015887.html HTTP/1.1" 200 19861 "https://troop537.org/buy.php?177039824.html" "Mozilla/5.0 AppleWebKit/537.36 (KHTML, like Gecko; compatible; GPTBot/1.4; +https://openai.com/gptbot)"
66.249.79.7 - - [22/May/2026:09:53:11 -0400] "GET /product/099010200 HTTP/1.1" 200 17271 "-" "Mozilla/5.0 (Linux; Android 6.0.1; Nexus 5X Build/MMB29P) AppleWebKit/537.36 (KHTML, like Gecko) Chrome/148.0.7778.96 Mobile Safari/537.36 (compatible; GoogleOther)"
66.249.79.7 - - [22/May/2026:09:53:20 -0400] "GET /product/264018343 HTTP/1.1" 200 17342 "-" "Mozilla/5.0 (Linux; Android 6.0.1; Nexus 5X Build/MMB29P) AppleWebKit/537.36 (KHTML, like Gecko) Chrome/148.0.7778.96 Mobile Safari/537.36 (compatible; GoogleOther)"
74.7.227.165 - - [22/May/2026:09:53:11 -0400] "GET /buy.php?244031143.html HTTP/1.1" 200 19 "https://troop537.org/buy.php?244031587.html" "Mozilla/5.0 AppleWebKit/537.36 (KHTML, like Gecko; compatible; GPTBot/1.4; +https://openai.com/gptbot)"
74.7.227.165 - - [22/May/2026:09:53:30 -0400] "GET /buy.php?258031791.html HTTP/1.1" 200 20071 "https://troop537.org/buy.php?092010073.html" "Mozilla/5.0 AppleWebKit/537.36 (KHTML, like Gecko; compatible; GPTBot/1.4; +https://openai.com/gptbot)"
74.7.227.165 - - [22/May/2026:09:53:31 -0400] "GET /buy.php?goods/092006702 HTTP/1.1" 200 20448 "https://troop537.org/buy.php?092010073.html" "Mozilla/5.0 AppleWebKit/537.36 (KHTML, like Gecko; compatible; GPTBot/1.4; +https://openai.com/gptbot)"
74.7.227.165 - - [22/May/2026:09:53:34 -0400] "GET /buy.php?043010818.html HTTP/1.1" 200 20423 "https://troop537.org/buy.php?043009608.html" "Mozilla/5.0 AppleWebKit/537.36 (KHTML, like Gecko; compatible; GPTBot/1.4; +https://openai.com/gptbot)"
74.7.227.165 - - [22/May/2026:09:53:34 -0400] "GET /buy.php?089001138.html HTTP/1.1" 200 19494 "https://troop537.org/buy.php?089001298.html" "Mozilla/5.0 AppleWebKit/537.36 (KHTML, like Gecko; compatible; GPTBot/1.4; +https://openai.com/gptbot)"
74.7.227.165 - - [22/May/2026:09:53:36 -0400] "GET /buy.php?hearts-stores-ab-1919798 HTTP/1.1" 200 20495 "https://troop537.org/buy.php?079042856.html" "Mozilla/5.0 AppleWebKit/537.36 (KHTML, like Gecko; compatible; GPTBot/1.4; +https://openai.com/gptbot)"
74.7.227.165 - - [22/May/2026:09:53:37 -0400] "GET /buy.php?268015343.html HTTP/1.1" 200 20352 "https://troop537.org/buy.php?027007644.html" "Mozilla/5.0 AppleWebKit/537.36 (KHTML, like Gecko; compatible; GPTBot/1.4; +https://openai.com/gptbot)"
198.244.183.158 - - [22/May/2026:09:53:38 -0400] "GET /?sitemapindex.xml HTTP/1.1" 200 17 "-" "Mozilla/5.0 (compatible; AhrefsBot/7.0; +http://ahrefs.com/robot/)"
74.7.227.165 - - [22/May/2026:09:53:38 -0400] "GET /buy.php?251039856.html HTTP/1.1" 200 19447 "https://troop537.org/buy.php?029005566.html" "Mozilla/5.0 AppleWebKit/537.36 (KHTML, like Gecko; compatible; GPTBot/1.4; +https://openai.com/gptbot)"
74.7.227.165 - - [22/May/2026:09:53:38 -0400] "GET /buy.php?goods/027007674 HTTP/1.1" 200 21699 "https://troop537.org/buy.php?027007644.html" "Mozilla/5.0 AppleWebKit/537.36 (KHTML, like Gecko; compatible; GPTBot/1.4; +https://openai.com/gptbot)"
74.7.227.165 - - [22/May/2026:09:53:39 -0400] "GET /buy.php?029009526.html HTTP/1.1" 200 21017 "https://troop537.org/buy.php?029005566.html" "Mozilla/5.0 AppleWebKit/537.36 (KHTML, like Gecko; compatible; GPTBot/1.4; +https://openai.com/gptbot)"
74.7.227.165 - - [22/May/2026:09:53:40 -0400] "GET /buy.php?029009532.html HTTP/1.1" 200 21156 "https://troop537.org/buy.php?029005566.html" "Mozilla/5.0 AppleWebKit/537.36 (KHTML, like Gecko; compatible; GPTBot/1.4; +https://openai.com/gptbot)"
74.7.227.165 - - [22/May/2026:09:53:41 -0400] "GET /buy.php?027007686.html HTTP/1.1" 200 20608 "https://troop537.org/buy.php?027007644.html" "Mozilla/5.0 AppleWebKit/537.36 (KHTML, like Gecko; compatible; GPTBot/1.4; +https://openai.com/gptbot)"
74.7.227.165 - - [22/May/2026:09:53:41 -0400] "GET /buy.php?043010834.html HTTP/1.1" 200 20418 "https://troop537.org/buy.php?043009608.html" "Mozilla/5.0 AppleWebKit/537.36 (KHTML, like Gecko; compatible; GPTBot/1.4; +https://openai.com/gptbot)"
68.65.122.55 - - [22/May/2026:09:53:43 -0400] "POST /wp-cron.php?doing_wp_cron=1779458023.2174570560455322265625 HTTP/1.1" 403 1242 "-" "WordPress/6.9.4; https://troop537.org"
34.142.154.226 - - [22/May/2026:09:53:43 -0400] "POST /wp-login.php HTTP/1.1" 200 5317 "https://troop537.org/wp-login.php" "Mozilla/5.0 (Windows NT 10.0; Win64; x64) AppleWebKit/537.36 (KHTML, like Gecko) Chrome/123.0.0.0 Safari/537.36"
74.7.227.165 - - [22/May/2026:09:53:43 -0400] "GET /buy.php?238003221.html HTTP/1.1" 200 21017 "https://troop537.org/buy.php?258031791.html" "Mozilla/5.0 AppleWebKit/537.36 (KHTML, like Gecko; compatible; GPTBot/1.4; +https://openai.com/gptbot)"
74.7.227.165 - - [22/May/2026:09:53:44 -0400] "GET /buy.php?159041094.html HTTP/1.1" 200 19175 "https://troop537.org/buy.php?043010818.html" "Mozilla/5.0 AppleWebKit/537.36 (KHTML, like Gecko; compatible; GPTBot/1.4; +https://openai.com/gptbot)"
74.7.227.165 - - [22/May/2026:09:53:45 -0400] "GET /buy.php?089001420.html HTTP/1.1" 200 19656 "https://troop537.org/buy.php?089001138.html" "Mozilla/5.0 AppleWebKit/537.36 (KHTML, like Gecko; compatible; GPTBot/1.4; +https://openai.com/gptbot)"
74.7.227.165 - - [22/May/2026:09:53:46 -0400] "GET /buy.php?114022081.html HTTP/1.1" 200 20081 "https://troop537.org/buy.php?177039824.html" "Mozilla/5.0 AppleWebKit/537.36 (KHTML, like Gecko; compatible; GPTBot/1.4; +https://openai.com/gptbot)"
74.7.227.165 - - [22/May/2026:09:53:50 -0400] "GET /buy.php?079041026.html HTTP/1.1" 200 20007 "https://troop537.org/buy.php?079042856.html" "Mozilla/5.0 AppleWebKit/537.36 (KHTML, like Gecko; compatible; GPTBot/1.4; +https://openai.com/gptbot)"
74.7.227.165 - - [22/May/2026:09:53:50 -0400] "GET /buy.php?127002268.html HTTP/1.1" 200 19843 "https://troop537.org/buy.php?127002662.html" "Mozilla/5.0 AppleWebKit/537.36 (KHTML, like Gecko; compatible; GPTBot/1.4; +https://openai.com/gptbot)"
74.7.227.165 - - [22/May/2026:09:53:51 -0400] "GET /buy.php?detail/027002332037 HTTP/1.1" 200 20653 "https://troop537.org/buy.php?goods/027007674" "Mozilla/5.0 AppleWebKit/537.36 (KHTML, like Gecko; compatible; GPTBot/1.4; +https://openai.com/gptbot)"
74.7.227.165 - - [22/May/2026:09:53:52 -0400] "GET /buy.php?130026475.html HTTP/1.1" 200 18781 "https://troop537.org/buy.php?029009526.html" "Mozilla/5.0 AppleWebKit/537.36 (KHTML, like Gecko; compatible; GPTBot/1.4; +https://openai.com/gptbot)"
66.249.79.7 - - [22/May/2026:09:53:59 -0400] "GET /shop/pg/147luck/1155 HTTP/1.1" 200 17436 "-" "Mozilla/5.0 (Linux; Android 6.0.1; Nexus 5X Build/MMB29P) AppleWebKit/537.36 (KHTML, like Gecko) Chrome/148.0.7778.96 Mobile Safari/537.36 (compatible; GoogleOther)"
74.7.227.165 - - [22/May/2026:09:53:52 -0400] "GET /buy.php?029008558.html HTTP/1.1" 200 22149 "https://troop537.org/buy.php?029009532.html" "Mozilla/5.0 AppleWebKit/537.36 (KHTML, like Gecko; compatible; GPTBot/1.4; +https://openai.com/gptbot)"
74.7.227.165 - - [22/May/2026:09:54:05 -0400] "GET /buy.php?detail/0540377493118 HTTP/1.1" 200 20461 "https://troop537.org/buy.php?027007686.html" "Mozilla/5.0 AppleWebKit/537.36 (KHTML, like Gecko; compatible; GPTBot/1.4; +https://openai.com/gptbot)"
74.7.227.165 - - [22/May/2026:09:54:06 -0400] "GET /buy.php?027003736.html HTTP/1.1" 200 20350 "https://troop537.org/buy.php?027007686.html" "Mozilla/5.0 AppleWebKit/537.36 (KHTML, like Gecko; compatible; GPTBot/1.4; +https://openai.com/gptbot)"
74.7.227.165 - - [22/May/2026:09:54:06 -0400] "GET /buy.php?027003726.html HTTP/1.1" 200 20576 "https://troop537.org/buy.php?027007686.html" "Mozilla/5.0 AppleWebKit/537.36 (KHTML, like Gecko; compatible; GPTBot/1.4; +https://openai.com/gptbot)"
74.7.227.165 - - [22/May/2026:09:54:07 -0400] "GET /buy.php?183029772.html HTTP/1.1" 200 19868 "https://troop537.org/buy.php?043009608.html" "Mozilla/5.0 AppleWebKit/537.36 (KHTML, like Gecko; compatible; GPTBot/1.4; +https://openai.com/gptbot)"
74.7.227.165 - - [22/May/2026:09:54:08 -0400] "GET /buy.php?crouka-adida-cq2809-1 HTTP/1.1" 200 21074 "https://troop537.org/buy.php?029006216.html" "Mozilla/5.0 AppleWebKit/537.36 (KHTML, like Gecko; compatible; GPTBot/1.4; +https://openai.com/gptbot)"
74.7.227.165 - - [22/May/2026:09:54:08 -0400] "GET /buy.php?asahiprocureace-554-7087 HTTP/1.1" 200 21094 "https://troop537.org/buy.php?276018937.html" "Mozilla/5.0 AppleWebKit/537.36 (KHTML, like Gecko; compatible; GPTBot/1.4; +https://openai.com/gptbot)"
74.7.227.165 - - [22/May/2026:09:54:09 -0400] "GET /buy.php?asahiprocureace-647-0343 HTTP/1.1" 200 21474 "https://troop537.org/buy.php?tanabesp-cd110519-1" "Mozilla/5.0 AppleWebKit/537.36 (KHTML, like Gecko; compatible; GPTBot/1.4; +https://openai.com/gptbot)"
74.7.227.165 - - [22/May/2026:09:54:10 -0400] "GET /buy.php?106029611.html HTTP/1.1" 200 20184 "https://troop537.org/buy.php?127002268.html" "Mozilla/5.0 AppleWebKit/537.36 (KHTML, like Gecko; compatible; GPTBot/1.4; +https://openai.com/gptbot)"
74.7.227.165 - - [22/May/2026:09:54:10 -0400] "GET /buy.php?goods/091005159 HTTP/1.1" 200 21418 "https://troop537.org/buy.php?detail/027002332037" "Mozilla/5.0 AppleWebKit/537.36 (KHTML, like Gecko; compatible; GPTBot/1.4; +https://openai.com/gptbot)"
74.7.227.165 - - [22/May/2026:09:54:13 -0400] "GET /buy.php?asahiprocureace-838-1519 HTTP/1.1" 200 19860 "https://troop537.org/buy.php?goods/154044804" "Mozilla/5.0 AppleWebKit/537.36 (KHTML, like Gecko; compatible; GPTBot/1.4; +https://openai.com/gptbot)"
74.7.227.165 - - [22/May/2026:09:54:14 -0400] "GET /buy.php?asahiprocureace-242-8465 HTTP/1.1" 200 19741 "https://troop537.org/buy.php?orangetool-6775016" "Mozilla/5.0 AppleWebKit/537.36 (KHTML, like Gecko; compatible; GPTBot/1.4; +https://openai.com/gptbot)"
74.7.227.165 - - [22/May/2026:09:54:19 -0400] "GET /buy.php?asahiprocureace-289-9116 HTTP/1.1" 200 20102 "https://troop537.org/buy.php?274017863.html" "Mozilla/5.0 AppleWebKit/537.36 (KHTML, like Gecko; compatible; GPTBot/1.4; +https://openai.com/gptbot)"
74.7.227.165 - - [22/May/2026:09:54:20 -0400] "GET /buy.php?asahiprocureace-186-2623 HTTP/1.1" 200 20461 "https://troop537.org/buy.php?detail/0100004307181" "Mozilla/5.0 AppleWebKit/537.36 (KHTML, like Gecko; compatible; GPTBot/1.4; +https://openai.com/gptbot)"
74.7.227.165 - - [22/May/2026:09:54:21 -0400] "GET /buy.php?161044678.html HTTP/1.1" 200 19881 "https://troop537.org/buy.php?027003726.html" "Mozilla/5.0 AppleWebKit/537.36 (KHTML, like Gecko; compatible; GPTBot/1.4; +https://openai.com/gptbot)"
74.7.227.165 - - [22/May/2026:09:54:29 -0400] "GET /buy.php?240025475.html HTTP/1.1" 200 20412 "https://troop537.org/buy.php?183029772.html" "Mozilla/5.0 AppleWebKit/537.36 (KHTML, like Gecko; compatible; GPTBot/1.4; +https://openai.com/gptbot)"
74.7.227.165 - - [22/May/2026:09:54:31 -0400] "GET /buy.php?035005722.html HTTP/1.1" 200 21868 "https://troop537.org/buy.php?crouka-adida-cq2809-1" "Mozilla/5.0 AppleWebKit/537.36 (KHTML, like Gecko; compatible; GPTBot/1.4; +https://openai.com/gptbot)"
74.7.227.165 - - [22/May/2026:09:54:32 -0400] "GET /buy.php?asahiprocureace-564-5420 HTTP/1.1" 200 20892 "https://troop537.org/buy.php?goods/229019927" "Mozilla/5.0 AppleWebKit/537.36 (KHTML, like Gecko; compatible; GPTBot/1.4; +https://openai.com/gptbot)"
74.7.227.165 - - [22/May/2026:09:54:33 -0400] "GET /buy.php?goods/051003304 HTTP/1.1" 200 21765 "https://troop537.org/buy.php?asahiprocureace-647-0343" "Mozilla/5.0 AppleWebKit/537.36 (KHTML, like Gecko; compatible; GPTBot/1.4; +https://openai.com/gptbot)"
74.7.227.165 - - [22/May/2026:09:54:34 -0400] "GET /buy.php?134005311.html HTTP/1.1" 200 20355 "https://troop537.org/buy.php?106029611.html" "Mozilla/5.0 AppleWebKit/537.36 (KHTML, like Gecko; compatible; GPTBot/1.4; +https://openai.com/gptbot)"
74.7.227.165 - - [22/May/2026:09:54:34 -0400] "GET /buy.php?goods/151010760 HTTP/1.1" 200 20213 "https://troop537.org/buy.php?goods/091005159" "Mozilla/5.0 AppleWebKit/537.36 (KHTML, like Gecko; compatible; GPTBot/1.4; +https://openai.com/gptbot)"
74.7.227.165 - - [22/May/2026:09:54:35 -0400] "GET /buy.php?goods/091005075 HTTP/1.1" 200 20453 "https://troop537.org/buy.php?goods/091005159" "Mozilla/5.0 AppleWebKit/537.36 (KHTML, like Gecko; compatible; GPTBot/1.4; +https://openai.com/gptbot)"
74.7.227.165 - - [22/May/2026:09:54:36 -0400] "GET /buy.php?051003290.html HTTP/1.1" 200 21489 "https://troop537.org/buy.php?asahiprocureace-647-0343" "Mozilla/5.0 AppleWebKit/537.36 (KHTML, like Gecko; compatible; GPTBot/1.4; +https://openai.com/gptbot)"
74.7.227.165 - - [22/May/2026:09:54:37 -0400] "GET /buy.php?066046833.html HTTP/1.1" 200 19804 "https://troop537.org/buy.php?asahiprocureace-289-9116" "Mozilla/5.0 AppleWebKit/537.36 (KHTML, like Gecko; compatible; GPTBot/1.4; +https://openai.com/gptbot)"
74.7.227.165 - - [22/May/2026:09:54:38 -0400] "GET /buy.php?045014164.html HTTP/1.1" 200 21013 "https://troop537.org/buy.php?asahiprocureace-186-2623" "Mozilla/5.0 AppleWebKit/537.36 (KHTML, like Gecko; compatible; GPTBot/1.4; +https://openai.com/gptbot)"
74.7.227.165 - - [22/May/2026:09:54:39 -0400] "GET /buy.php?240025475.html HTTP/1.1" 200 20279 "https://troop537.org/buy.php?183029772.html" "Mozilla/5.0 AppleWebKit/537.36 (KHTML, like Gecko; compatible; GPTBot/1.4; +https://openai.com/gptbot)"
74.7.227.165 - - [22/May/2026:09:54:40 -0400] "GET /buy.php?106029003.html HTTP/1.1" 200 19877 "https://troop537.org/buy.php?106029611.html" "Mozilla/5.0 AppleWebKit/537.36 (KHTML, like Gecko; compatible; GPTBot/1.4; +https://openai.com/gptbot)"
74.7.227.165 - - [22/May/2026:09:54:41 -0400] "GET /buy.php?detail/0310004925879 HTTP/1.1" 200 20082 "https://troop537.org/buy.php?asahiprocureace-186-2623" "Mozilla/5.0 AppleWebKit/537.36 (KHTML, like Gecko; compatible; GPTBot/1.4; +https://openai.com/gptbot)"
74.7.227.165 - - [22/May/2026:09:54:44 -0400] "GET /buy.php?193036482.html HTTP/1.1" 200 19851 "https://troop537.org/buy.php?035005722.html" "Mozilla/5.0 AppleWebKit/537.36 (KHTML, like Gecko; compatible; GPTBot/1.4; +https://openai.com/gptbot)"
74.7.227.165 - - [22/May/2026:09:54:45 -0400] "GET /buy.php?jp/080000611.html HTTP/1.1" 200 19749 "https://troop537.org/buy.php?asahiprocureace-564-5420" "Mozilla/5.0 AppleWebKit/537.36 (KHTML, like Gecko; compatible; GPTBot/1.4; +https://openai.com/gptbot)"
74.7.227.165 - - [22/May/2026:09:54:48 -0400] "GET /buy.php?035001802.html HTTP/1.1" 200 21819 "https://troop537.org/buy.php?035005722.html" "Mozilla/5.0 AppleWebKit/537.36 (KHTML, like Gecko; compatible; GPTBot/1.4; +https://openai.com/gptbot)"
74.7.227.165 - - [22/May/2026:09:54:50 -0400] "GET /buy.php?156042853.html HTTP/1.1" 200 18746 "https://troop537.org/buy.php?134005311.html" "Mozilla/5.0 AppleWebKit/537.36 (KHTML, like Gecko; compatible; GPTBot/1.4; +https://openai.com/gptbot)"
74.7.227.165 - - [22/May/2026:09:54:50 -0400] "GET /buy.php?detail/08903911726711 HTTP/1.1" 200 20977 "https://troop537.org/buy.php?goods/151010760" "Mozilla/5.0 AppleWebKit/537.36 (KHTML, like Gecko; compatible; GPTBot/1.4; +https://openai.com/gptbot)"
74.7.227.165 - - [22/May/2026:09:54:53 -0400] "GET /buy.php?goods/151009311 HTTP/1.1" 200 20028 "https://troop537.org/buy.php?goods/151010760" "Mozilla/5.0 AppleWebKit/537.36 (KHTML, like Gecko; compatible; GPTBot/1.4; +https://openai.com/gptbot)"
74.7.227.165 - - [22/May/2026:09:54:56 -0400] "GET /buy.php?jp/089039117.html HTTP/1.1" 200 20790 "https://troop537.org/buy.php?detail/08903911726711" "Mozilla/5.0 AppleWebKit/537.36 (KHTML, like Gecko; compatible; GPTBot/1.4; +https://openai.com/gptbot)"
66.249.79.8 - - [22/May/2026:09:54:59 -0400] "GET /product/183046340 HTTP/1.1" 200 16454 "-" "Mozilla/5.0 (Linux; Android 6.0.1; Nexus 5X Build/MMB29P) AppleWebKit/537.36 (KHTML, like Gecko) Chrome/148.0.7778.96 Mobile Safari/537.36 (compatible; GoogleOther)"
74.7.227.165 - - [22/May/2026:09:54:57 -0400] "GET /buy.php?134006141.html HTTP/1.1" 200 21882 "https://troop537.org/buy.php?134005311.html" "Mozilla/5.0 AppleWebKit/537.36 (KHTML, like Gecko; compatible; GPTBot/1.4; +https://openai.com/gptbot)"
74.7.227.165 - - [22/May/2026:09:55:00 -0400] "GET /buy.php?264019435.html HTTP/1.1" 200 20985 "https://troop537.org/buy.php?066046833.html" "Mozilla/5.0 AppleWebKit/537.36 (KHTML, like Gecko; compatible; GPTBot/1.4; +https://openai.com/gptbot)"
74.7.227.165 - - [22/May/2026:09:55:02 -0400] "GET /buy.php?006011740 HTTP/1.1" 200 20296 "https://troop537.org/buy.php?240025475.html" "Mozilla/5.0 AppleWebKit/537.36 (KHTML, like Gecko; compatible; GPTBot/1.4; +https://openai.com/gptbot)"
74.7.227.165 - - [22/May/2026:09:55:03 -0400] "GET /buy.php?209023398.html HTTP/1.1" 200 20038 "https://troop537.org/buy.php?240025475.html" "Mozilla/5.0 AppleWebKit/537.36 (KHTML, like Gecko; compatible; GPTBot/1.4; +https://openai.com/gptbot)"
74.7.227.165 - - [22/May/2026:09:55:04 -0400] "GET /buy.php?240025265.html HTTP/1.1" 200 20547 "https://troop537.org/buy.php?240025475.html" "Mozilla/5.0 AppleWebKit/537.36 (KHTML, like Gecko; compatible; GPTBot/1.4; +https://openai.com/gptbot)"
74.7.227.165 - - [22/May/2026:09:55:05 -0400] "GET /buy.php?138028521.html HTTP/1.1" 200 19111 "https://troop537.org/buy.php?106029611.html" "Mozilla/5.0 AppleWebKit/537.36 (KHTML, like Gecko; compatible; GPTBot/1.4; +https://openai.com/gptbot)"
74.7.227.165 - - [22/May/2026:09:55:06 -0400] "GET /buy.php?riverpaddy-qyy76n7l22vhd3agipjxtmdlyu-imp-1 HTTP/1.1" 200 19572 "https://troop537.org/buy.php?asahiprocureace-289-9116" "Mozilla/5.0 AppleWebKit/537.36 (KHTML, like Gecko; compatible; GPTBot/1.4; +https://openai.com/gptbot)"
74.7.227.165 - - [22/May/2026:09:55:06 -0400] "GET /buy.php?asahiprocureace-611-5875 HTTP/1.1" 200 20435 "https://troop537.org/buy.php?041032800.html" "Mozilla/5.0 AppleWebKit/537.36 (KHTML, like Gecko; compatible; GPTBot/1.4; +https://openai.com/gptbot)"
74.7.227.165 - - [22/May/2026:09:55:07 -0400] "GET /buy.php?asahiprocureace-686-0812 HTTP/1.1" 200 19197 "https://troop537.org/buy.php?064001415.html" "Mozilla/5.0 AppleWebKit/537.36 (KHTML, like Gecko; compatible; GPTBot/1.4; +https://openai.com/gptbot)"
74.7.227.165 - - [22/May/2026:09:55:08 -0400] "GET /buy.php?goods/004020257 HTTP/1.1" 200 20518 "https://troop537.org/buy.php?detail/08903911726711" "Mozilla/5.0 AppleWebKit/537.36 (KHTML, like Gecko; compatible; GPTBot/1.4; +https://openai.com/gptbot)"
74.7.227.165 - - [22/May/2026:09:55:09 -0400] "GET /buy.php?detail/13503832183426 HTTP/1.1" 200 19567 "https://troop537.org/buy.php?goods/151009311" "Mozilla/5.0 AppleWebKit/537.36 (KHTML, like Gecko; compatible; GPTBot/1.4; +https://openai.com/gptbot)"
74.7.227.165 - - [22/May/2026:09:55:11 -0400] "GET /buy.php?goods/151011244 HTTP/1.1" 200 20093 "https://troop537.org/buy.php?goods/151009311" "Mozilla/5.0 AppleWebKit/537.36 (KHTML, like Gecko; compatible; GPTBot/1.4; +https://openai.com/gptbot)"
74.7.227.165 - - [22/May/2026:09:55:13 -0400] "GET /buy.php?goods/151011254 HTTP/1.1" 200 20299 "https://troop537.org/buy.php?goods/151009311" "Mozilla/5.0 AppleWebKit/537.36 (KHTML, like Gecko; compatible; GPTBot/1.4; +https://openai.com/gptbot)"
74.7.227.165 - - [22/May/2026:09:55:14 -0400] "GET /buy.php?035024178.html HTTP/1.1" 200 19948 "https://troop537.org/buy.php?006011740" "Mozilla/5.0 AppleWebKit/537.36 (KHTML, like Gecko; compatible; GPTBot/1.4; +https://openai.com/gptbot)"
74.7.227.165 - - [22/May/2026:09:55:15 -0400] "GET /buy.php?detail/111036277651 HTTP/1.1" 200 20966 "https://troop537.org/buy.php?jp/089039117.html" "Mozilla/5.0 AppleWebKit/537.36 (KHTML, like Gecko; compatible; GPTBot/1.4; +https://openai.com/gptbot)"
66.249.79.1 - - [22/May/2026:09:55:35 -0400] "GET /product/230036041 HTTP/1.1" 200 16602 "-" "Mozilla/5.0 (Linux; Android 6.0.1; Nexus 5X Build/MMB29P) AppleWebKit/537.36 (KHTML, like Gecko) Chrome/148.0.7778.96 Mobile Safari/537.36 (compatible; GoogleOther)"
74.7.227.165 - - [22/May/2026:09:55:18 -0400] "GET /buy.php?221026046.html HTTP/1.1" 200 19 "https://troop537.org/buy.php?240025265.html" "Mozilla/5.0 AppleWebKit/537.36 (KHTML, like Gecko; compatible; GPTBot/1.4; +https://openai.com/gptbot)"
74.7.227.165 - - [22/May/2026:09:55:38 -0400] "GET /buy.php?010022471.html HTTP/1.1" 200 20677 "https://troop537.org/buy.php?134006141.html" "Mozilla/5.0 AppleWebKit/537.36 (KHTML, like Gecko; compatible; GPTBot/1.4; +https://openai.com/gptbot)"
74.7.227.165 - - [22/May/2026:09:55:46 -0400] "GET /buy.php?113001766.html HTTP/1.1" 200 20322 "https://troop537.org/buy.php?209023398.html" "Mozilla/5.0 AppleWebKit/537.36 (KHTML, like Gecko; compatible; GPTBot/1.4; +https://openai.com/gptbot)"
74.7.227.165 - - [22/May/2026:09:55:46 -0400] "GET /buy.php?asahiprocureace-823-8319 HTTP/1.1" 200 19926 "https://troop537.org/buy.php?111028633" "Mozilla/5.0 AppleWebKit/537.36 (KHTML, like Gecko; compatible; GPTBot/1.4; +https://openai.com/gptbot)"
74.7.227.165 - - [22/May/2026:09:55:47 -0400] "GET /buy.php?282005115.html HTTP/1.1" 200 19481 "https://troop537.org/buy.php?asahiprocureace-686-0812" "Mozilla/5.0 AppleWebKit/537.36 (KHTML, like Gecko; compatible; GPTBot/1.4; +https://openai.com/gptbot)"
66.249.79.8 - - [22/May/2026:09:55:48 -0400] "GET /product/014027773 HTTP/1.1" 200 16570 "-" "Mozilla/5.0 (Linux; Android 6.0.1; Nexus 5X Build/MMB29P) AppleWebKit/537.36 (KHTML, like Gecko) Chrome/148.0.7778.96 Mobile Safari/537.36 (compatible; GoogleOther)"
74.7.227.165 - - [22/May/2026:09:55:48 -0400] "GET /buy.php?asahiprocureace-612-0510 HTTP/1.1" 200 20014 "https://troop537.org/buy.php?goods/144030048" "Mozilla/5.0 AppleWebKit/537.36 (KHTML, like Gecko; compatible; GPTBot/1.4; +https://openai.com/gptbot)"
74.7.227.165 - - [22/May/2026:09:55:51 -0400] "GET /buy.php?asahiprocureace-180-7971 HTTP/1.1" 200 20831 "https://troop537.org/buy.php?114033077.html" "Mozilla/5.0 AppleWebKit/537.36 (KHTML, like Gecko; compatible; GPTBot/1.4; +https://openai.com/gptbot)"
74.7.227.165 - - [22/May/2026:09:55:52 -0400] "GET /buy.php?046000409.html HTTP/1.1" 200 19773 "https://troop537.org/buy.php?asahiprocureace-612-0510" "Mozilla/5.0 AppleWebKit/537.36 (KHTML, like Gecko; compatible; GPTBot/1.4; +https://openai.com/gptbot)"
74.7.227.165 - - [22/May/2026:09:55:53 -0400] "GET /buy.php?goods/151010302 HTTP/1.1" 200 20361 "https://troop537.org/buy.php?goods/151011244" "Mozilla/5.0 AppleWebKit/537.36 (KHTML, like Gecko; compatible; GPTBot/1.4; +https://openai.com/gptbot)"
74.7.227.165 - - [22/May/2026:09:55:57 -0400] "GET /buy.php?asahiprocureace-132-2903 HTTP/1.1" 200 19608 "https://troop537.org/buy.php?ttf-kozonoe-nw2521-1" "Mozilla/5.0 AppleWebKit/537.36 (KHTML, like Gecko; compatible; GPTBot/1.4; +https://openai.com/gptbot)"
74.7.227.165 - - [22/May/2026:09:55:58 -0400] "GET /buy.php?world-depo-mts-2448479 HTTP/1.1" 200 20363 "https://troop537.org/buy.php?035024178.html" "Mozilla/5.0 AppleWebKit/537.36 (KHTML, like Gecko; compatible; GPTBot/1.4; +https://openai.com/gptbot)"
74.7.227.165 - - [22/May/2026:09:55:59 -0400] "GET /buy.php?asahiprocureace-464-5502 HTTP/1.1" 200 19425 "https://troop537.org/buy.php?226042227.html" "Mozilla/5.0 AppleWebKit/537.36 (KHTML, like Gecko; compatible; GPTBot/1.4; +https://openai.com/gptbot)"
74.7.227.165 - - [22/May/2026:09:56:03 -0400] "GET /buy.php?079000413 HTTP/1.1" 200 20527 "https://troop537.org/buy.php?world-depo-mts-2448479" "Mozilla/5.0 AppleWebKit/537.36 (KHTML, like Gecko; compatible; GPTBot/1.4; +https://openai.com/gptbot)"
74.7.227.165 - - [22/May/2026:09:56:03 -0400] "GET /buy.php?asahiprocureace-207-3088 HTTP/1.1" 200 21556 "https://troop537.org/buy.php?204007525.html" "Mozilla/5.0 AppleWebKit/537.36 (KHTML, like Gecko; compatible; GPTBot/1.4; +https://openai.com/gptbot)"
74.7.227.165 - - [22/May/2026:09:56:04 -0400] "GET /buy.php?asahiprocureace-217-4249 HTTP/1.1" 200 20600 "https://troop537.org/buy.php?278021965.html" "Mozilla/5.0 AppleWebKit/537.36 (KHTML, like Gecko; compatible; GPTBot/1.4; +https://openai.com/gptbot)"
74.7.227.165 - - [22/May/2026:09:56:05 -0400] "GET /buy.php?026005081.html HTTP/1.1" 200 20676 "https://troop537.org/buy.php?113001766.html" "Mozilla/5.0 AppleWebKit/537.36 (KHTML, like Gecko; compatible; GPTBot/1.4; +https://openai.com/gptbot)"
74.7.227.165 - - [22/May/2026:09:56:05 -0400] "GET /buy.php?asahiprocureace-227-4945 HTTP/1.1" 200 20801 "https://troop537.org/buy.php?detail/2980485346502" "Mozilla/5.0 AppleWebKit/537.36 (KHTML, like Gecko; compatible; GPTBot/1.4; +https://openai.com/gptbot)"
74.7.227.165 - - [22/May/2026:09:56:06 -0400] "GET /buy.php?asahiprocureace-709-2206 HTTP/1.1" 200 19878 "https://troop537.org/buy.php?goods/286004731" "Mozilla/5.0 AppleWebKit/537.36 (KHTML, like Gecko; compatible; GPTBot/1.4; +https://openai.com/gptbot)"
74.7.227.165 - - [22/May/2026:09:56:07 -0400] "GET /buy.php?onemore-kx240b HTTP/1.1" 200 20056 "https://troop537.org/buy.php?asahiprocureace-612-0510" "Mozilla/5.0 AppleWebKit/537.36 (KHTML, like Gecko; compatible; GPTBot/1.4; +https://openai.com/gptbot)"
74.7.227.165 - - [22/May/2026:09:56:07 -0400] "GET /buy.php?046001085.html HTTP/1.1" 200 20703 "https://troop537.org/buy.php?asahiprocureace-612-0510" "Mozilla/5.0 AppleWebKit/537.36 (KHTML, like Gecko; compatible; GPTBot/1.4; +https://openai.com/gptbot)"
74.7.227.165 - - [22/May/2026:09:56:08 -0400] "GET /buy.php?021040714.html HTTP/1.1" 200 21573 "https://troop537.org/buy.php?asahiprocureace-612-0510" "Mozilla/5.0 AppleWebKit/537.36 (KHTML, like Gecko; compatible; GPTBot/1.4; +https://openai.com/gptbot)"
74.7.227.165 - - [22/May/2026:09:56:08 -0400] "GET /buy.php?shopdeclinic-mys-87388701 HTTP/1.1" 200 20296 "https://troop537.org/buy.php?asahiprocureace-132-2903" "Mozilla/5.0 AppleWebKit/537.36 (KHTML, like Gecko; compatible; GPTBot/1.4; +https://openai.com/gptbot)"
74.7.227.165 - - [22/May/2026:09:56:09 -0400] "GET /buy.php?118008961.html HTTP/1.1" 200 19657 "https://troop537.org/buy.php?world-depo-mts-2448479" "Mozilla/5.0 AppleWebKit/537.36 (KHTML, like Gecko; compatible; GPTBot/1.4; +https://openai.com/gptbot)"
74.7.227.165 - - [22/May/2026:09:56:14 -0400] "GET /buy.php?144042055.html HTTP/1.1" 200 19384 "https://troop537.org/buy.php?079000413" "Mozilla/5.0 AppleWebKit/537.36 (KHTML, like Gecko; compatible; GPTBot/1.4; +https://openai.com/gptbot)"
74.7.227.165 - - [22/May/2026:09:56:19 -0400] "GET /buy.php?080000255.html HTTP/1.1" 200 20800 "https://troop537.org/buy.php?asahiprocureace-180-7971" "Mozilla/5.0 AppleWebKit/537.36 (KHTML, like Gecko; compatible; GPTBot/1.4; +https://openai.com/gptbot)"
74.7.227.165 - - [22/May/2026:09:56:19 -0400] "GET /buy.php?255002466.html HTTP/1.1" 200 20870 "https://troop537.org/buy.php?asahiprocureace-217-4249" "Mozilla/5.0 AppleWebKit/537.36 (KHTML, like Gecko; compatible; GPTBot/1.4; +https://openai.com/gptbot)"
74.7.227.165 - - [22/May/2026:09:56:20 -0400] "GET /buy.php?asahiprocureace-656-9894 HTTP/1.1" 200 21701 "https://troop537.org/buy.php?151006404.html" "Mozilla/5.0 AppleWebKit/537.36 (KHTML, like Gecko; compatible; GPTBot/1.4; +https://openai.com/gptbot)"
74.7.227.165 - - [22/May/2026:09:56:21 -0400] "GET /buy.php?asahiprocureace-187-0508 HTTP/1.1" 200 20218 "https://troop537.org/buy.php?jp/010000442.html" "Mozilla/5.0 AppleWebKit/537.36 (KHTML, like Gecko; compatible; GPTBot/1.4; +https://openai.com/gptbot)"
74.7.227.165 - - [22/May/2026:09:56:23 -0400] "GET /buy.php?asahiprocureace-349-1451 HTTP/1.1" 200 20918 "https://troop537.org/buy.php?072017909.html" "Mozilla/5.0 AppleWebKit/537.36 (KHTML, like Gecko; compatible; GPTBot/1.4; +https://openai.com/gptbot)"
74.7.227.165 - - [22/May/2026:09:56:23 -0400] "GET /buy.php?asahiprocureace-241-1955 HTTP/1.1" 200 20790 "https://troop537.org/buy.php?277018120.html" "Mozilla/5.0 AppleWebKit/537.36 (KHTML, like Gecko; compatible; GPTBot/1.4; +https://openai.com/gptbot)"
66.249.79.2 - - [22/May/2026:09:56:24 -0400] "GET /shop/pg/7surprised/1257 HTTP/1.1" 200 17571 "-" "Mozilla/5.0 (Linux; Android 6.0.1; Nexus 5X Build/MMB29P) AppleWebKit/537.36 (KHTML, like Gecko) Chrome/148.0.7778.96 Mobile Safari/537.36 (compatible; GoogleOther)"
74.7.227.165 - - [22/May/2026:09:56:24 -0400] "GET /buy.php?165009478.html HTTP/1.1" 200 19576 "https://troop537.org/buy.php?046001085.html" "Mozilla/5.0 AppleWebKit/537.36 (KHTML, like Gecko; compatible; GPTBot/1.4; +https://openai.com/gptbot)"
68.65.122.55 - - [22/May/2026:09:56:29 -0400] "POST /wp-cron.php?doing_wp_cron=1779458189.5755500793457031250000 HTTP/1.1" 403 1242 "-" "WordPress/6.9.4; https://troop537.org"
57.129.140.187 - - [22/May/2026:09:56:29 -0400] "POST /wp-login.php/wp-login.php HTTP/1.1" 200 2166 "-" "Mozilla/5.0 (Windows NT 10.0; Win64; x64; rv:95.0) Gecko/20100101 Firefox/95.0"
66.249.79.1 - - [22/May/2026:09:56:38 -0400] "GET /product/164014309 HTTP/1.1" 200 17741 "-" "Mozilla/5.0 (Linux; Android 6.0.1; Nexus 5X Build/MMB29P) AppleWebKit/537.36 (KHTML, like Gecko) Chrome/148.0.7778.96 Mobile Safari/537.36 (compatible; GoogleOther)"
74.7.227.165 - - [22/May/2026:09:56:28 -0400] "GET /buy.php?131044308.html HTTP/1.1" 200 19 "https://troop537.org/buy.php?021040714.html" "Mozilla/5.0 AppleWebKit/537.36 (KHTML, like Gecko; compatible; GPTBot/1.4; +https://openai.com/gptbot)"
74.7.227.165 - - [22/May/2026:09:56:48 -0400] "GET /buy.php?asahiprocureace-617-9729 HTTP/1.1" 200 21907 "https://troop537.org/buy.php?goods/053006057" "Mozilla/5.0 AppleWebKit/537.36 (KHTML, like Gecko; compatible; GPTBot/1.4; +https://openai.com/gptbot)"
74.7.227.165 - - [22/May/2026:09:56:48 -0400] "GET /buy.php?ganbariya-119-3392 HTTP/1.1" 200 19752 "https://troop537.org/buy.php?118008961.html" "Mozilla/5.0 AppleWebKit/537.36 (KHTML, like Gecko; compatible; GPTBot/1.4; +https://openai.com/gptbot)"
74.7.227.165 - - [22/May/2026:09:56:49 -0400] "GET /buy.php?056024913.html HTTP/1.1" 200 19433 "https://troop537.org/buy.php?144042055.html" "Mozilla/5.0 AppleWebKit/537.36 (KHTML, like Gecko; compatible; GPTBot/1.4; +https://openai.com/gptbot)"
74.7.227.165 - - [22/May/2026:09:56:51 -0400] "GET /buy.php?118008477.html HTTP/1.1" 200 19943 "https://troop537.org/buy.php?118008961.html" "Mozilla/5.0 AppleWebKit/537.36 (KHTML, like Gecko; compatible; GPTBot/1.4; +https://openai.com/gptbot)"
74.7.227.165 - - [22/May/2026:09:56:53 -0400] "GET /buy.php?255001544.html HTTP/1.1" 200 21268 "https://troop537.org/buy.php?255002466.html" "Mozilla/5.0 AppleWebKit/537.36 (KHTML, like Gecko; compatible; GPTBot/1.4; +https://openai.com/gptbot)"
74.7.227.165 - - [22/May/2026:09:56:53 -0400] "GET /buy.php?255001562.html HTTP/1.1" 200 21720 "https://troop537.org/buy.php?255002466.html" "Mozilla/5.0 AppleWebKit/537.36 (KHTML, like Gecko; compatible; GPTBot/1.4; +https://openai.com/gptbot)"
74.7.227.165 - - [22/May/2026:09:56:56 -0400] "GET /buy.php?asahiprocureace-697-9537 HTTP/1.1" 200 19654 "https://troop537.org/buy.php?goods/171015197" "Mozilla/5.0 AppleWebKit/537.36 (KHTML, like Gecko; compatible; GPTBot/1.4; +https://openai.com/gptbot)"
74.7.227.165 - - [22/May/2026:09:56:57 -0400] "GET /buy.php?227033430.html HTTP/1.1" 200 20757 "https://troop537.org/buy.php?asahiprocureace-349-1451" "Mozilla/5.0 AppleWebKit/537.36 (KHTML, like Gecko; compatible; GPTBot/1.4; +https://openai.com/gptbot)"
74.7.227.165 - - [22/May/2026:09:56:59 -0400] "GET /buy.php?026001075.html HTTP/1.1" 200 19483 "https://troop537.org/buy.php?asahiprocureace-241-1955" "Mozilla/5.0 AppleWebKit/537.36 (KHTML, like Gecko; compatible; GPTBot/1.4; +https://openai.com/gptbot)"
