74.7.227.165 - - [22/May/2026:11:43:35 -0400] "GET /buy.php?detail/09000033557965 HTTP/1.1" 200 19779 "https://troop537.org/buy.php?jp/090000654.html" "Mozilla/5.0 AppleWebKit/537.36 (KHTML, like Gecko; compatible; GPTBot/1.4; +https://openai.com/gptbot)"
74.7.227.165 - - [22/May/2026:11:43:35 -0400] "GET /buy.php?detail/07000029609827 HTTP/1.1" 200 20122 "https://troop537.org/buy.php?jp/070000515.html" "Mozilla/5.0 AppleWebKit/537.36 (KHTML, like Gecko; compatible; GPTBot/1.4; +https://openai.com/gptbot)"
74.7.227.165 - - [22/May/2026:11:43:38 -0400] "GET /buy.php?detail/02200007313304 HTTP/1.1" 200 20058 "https://troop537.org/buy.php?jp/022000073.html" "Mozilla/5.0 AppleWebKit/537.36 (KHTML, like Gecko; compatible; GPTBot/1.4; +https://openai.com/gptbot)"
74.7.227.165 - - [22/May/2026:11:43:39 -0400] "GET /buy.php?jp/070000127.html HTTP/1.1" 200 20001 "https://troop537.org/buy.php?detail/07000019175591" "Mozilla/5.0 AppleWebKit/537.36 (KHTML, like Gecko; compatible; GPTBot/1.4; +https://openai.com/gptbot)"
74.7.227.165 - - [22/May/2026:11:43:40 -0400] "GET /buy.php?jp/070000191.html HTTP/1.1" 200 19741 "https://troop537.org/buy.php?detail/07000019175591" "Mozilla/5.0 AppleWebKit/537.36 (KHTML, like Gecko; compatible; GPTBot/1.4; +https://openai.com/gptbot)"
74.7.227.165 - - [22/May/2026:11:43:41 -0400] "GET /buy.php?jp/003030513.html HTTP/1.1" 200 21553 "https://troop537.org/buy.php?jp/040000428.html" "Mozilla/5.0 AppleWebKit/537.36 (KHTML, like Gecko; compatible; GPTBot/1.4; +https://openai.com/gptbot)"
74.7.227.165 - - [22/May/2026:11:43:43 -0400] "GET /buy.php?jp/084009999.html HTTP/1.1" 200 20112 "https://troop537.org/buy.php?goods/084008128" "Mozilla/5.0 AppleWebKit/537.36 (KHTML, like Gecko; compatible; GPTBot/1.4; +https://openai.com/gptbot)"
74.7.227.165 - - [22/May/2026:11:43:48 -0400] "GET /buy.php?detail/1990349374385 HTTP/1.1" 200 20624 "https://troop537.org/buy.php?goods/084008128" "Mozilla/5.0 AppleWebKit/537.36 (KHTML, like Gecko; compatible; GPTBot/1.4; +https://openai.com/gptbot)"
74.7.227.165 - - [22/May/2026:11:43:48 -0400] "GET /buy.php?fujix-ds-2440675 HTTP/1.1" 200 20380 "https://troop537.org/buy.php?goods/092020326" "Mozilla/5.0 AppleWebKit/537.36 (KHTML, like Gecko; compatible; GPTBot/1.4; +https://openai.com/gptbot)"
74.7.227.165 - - [22/May/2026:11:43:49 -0400] "GET /buy.php?goods/010040619 HTTP/1.1" 200 19151 "https://troop537.org/buy.php?goods/084008128" "Mozilla/5.0 AppleWebKit/537.36 (KHTML, like Gecko; compatible; GPTBot/1.4; +https://openai.com/gptbot)"
74.7.227.165 - - [22/May/2026:11:43:49 -0400] "GET /buy.php?jp/200002421.html HTTP/1.1" 200 19 "https://troop537.org/buy.php?jp/200004406.html" "Mozilla/5.0 AppleWebKit/537.36 (KHTML, like Gecko; compatible; GPTBot/1.4; +https://openai.com/gptbot)"
66.249.79.8 - - [22/May/2026:11:44:21 -0400] "GET /product/111003784 HTTP/1.1" 200 17626 "-" "Mozilla/5.0 (Linux; Android 6.0.1; Nexus 5X Build/MMB29P) AppleWebKit/537.36 (KHTML, like Gecko) Chrome/148.0.7778.96 Mobile Safari/537.36 (compatible; GoogleOther)"
74.7.227.165 - - [22/May/2026:11:44:09 -0400] "GET /buy.php?jp/090000534.html HTTP/1.1" 200 19 "https://troop537.org/buy.php?detail/09000033557965" "Mozilla/5.0 AppleWebKit/537.36 (KHTML, like Gecko; compatible; GPTBot/1.4; +https://openai.com/gptbot)"
74.7.227.165 - - [22/May/2026:11:44:29 -0400] "GET /buy.php?goods/084010016 HTTP/1.1" 200 20102 "https://troop537.org/buy.php?goods/084008128" "Mozilla/5.0 AppleWebKit/537.36 (KHTML, like Gecko; compatible; GPTBot/1.4; +https://openai.com/gptbot)"
74.7.227.165 - - [22/May/2026:11:44:30 -0400] "GET /buy.php?detail/09000052192128 HTTP/1.1" 200 20104 "https://troop537.org/buy.php?detail/09000033557965" "Mozilla/5.0 AppleWebKit/537.36 (KHTML, like Gecko; compatible; GPTBot/1.4; +https://openai.com/gptbot)"
74.7.227.165 - - [22/May/2026:11:44:30 -0400] "GET /buy.php?detail/20000309049453 HTTP/1.1" 200 19433 "https://troop537.org/buy.php?detail/20000258105244" "Mozilla/5.0 AppleWebKit/537.36 (KHTML, like Gecko; compatible; GPTBot/1.4; +https://openai.com/gptbot)"
74.7.227.165 - - [22/May/2026:11:44:31 -0400] "GET /buy.php?jp/070000248.html HTTP/1.1" 200 19967 "https://troop537.org/buy.php?jp/070000191.html" "Mozilla/5.0 AppleWebKit/537.36 (KHTML, like Gecko; compatible; GPTBot/1.4; +https://openai.com/gptbot)"
74.7.227.165 - - [22/May/2026:11:44:32 -0400] "GET /buy.php?jp/070000223.html HTTP/1.1" 200 20021 "https://troop537.org/buy.php?jp/070000191.html" "Mozilla/5.0 AppleWebKit/537.36 (KHTML, like Gecko; compatible; GPTBot/1.4; +https://openai.com/gptbot)"
74.7.227.165 - - [22/May/2026:11:44:32 -0400] "GET /buy.php?goods/011013819 HTTP/1.1" 200 19420 "https://troop537.org/buy.php?jp/084009999.html" "Mozilla/5.0 AppleWebKit/537.36 (KHTML, like Gecko; compatible; GPTBot/1.4; +https://openai.com/gptbot)"
74.7.227.165 - - [22/May/2026:11:44:33 -0400] "GET /buy.php?goods/161018281 HTTP/1.1" 200 19891 "https://troop537.org/buy.php?jp/084009999.html" "Mozilla/5.0 AppleWebKit/537.36 (KHTML, like Gecko; compatible; GPTBot/1.4; +https://openai.com/gptbot)"
74.7.227.165 - - [22/May/2026:11:44:33 -0400] "GET /buy.php?detail/096000225284 HTTP/1.1" 200 20133 "https://troop537.org/buy.php?fujix-ds-2440675" "Mozilla/5.0 AppleWebKit/537.36 (KHTML, like Gecko; compatible; GPTBot/1.4; +https://openai.com/gptbot)"
74.7.227.165 - - [22/May/2026:11:44:34 -0400] "GET /buy.php?sspaint-np-0117 HTTP/1.1" 200 21117 "https://troop537.org/buy.php?fujix-ds-2440675" "Mozilla/5.0 AppleWebKit/537.36 (KHTML, like Gecko; compatible; GPTBot/1.4; +https://openai.com/gptbot)"
74.7.227.165 - - [22/May/2026:11:44:35 -0400] "GET /buy.php?detail/04200008818686 HTTP/1.1" 200 19596 "https://troop537.org/buy.php?jp/042000662.html" "Mozilla/5.0 AppleWebKit/537.36 (KHTML, like Gecko; compatible; GPTBot/1.4; +https://openai.com/gptbot)"
74.7.227.165 - - [22/May/2026:11:44:39 -0400] "GET /buy.php?detail/05900007061686 HTTP/1.1" 200 20447 "https://troop537.org/buy.php?detail/05900019750132" "Mozilla/5.0 AppleWebKit/537.36 (KHTML, like Gecko; compatible; GPTBot/1.4; +https://openai.com/gptbot)"
74.7.227.165 - - [22/May/2026:11:44:43 -0400] "GET /buy.php?goods/194041484 HTTP/1.1" 200 19210 "https://troop537.org/buy.php?goods/084010016" "Mozilla/5.0 AppleWebKit/537.36 (KHTML, like Gecko; compatible; GPTBot/1.4; +https://openai.com/gptbot)"
74.7.227.165 - - [22/May/2026:11:44:44 -0400] "GET /buy.php?jp/090000547.html HTTP/1.1" 200 20246 "https://troop537.org/buy.php?detail/09000052192128" "Mozilla/5.0 AppleWebKit/537.36 (KHTML, like Gecko; compatible; GPTBot/1.4; +https://openai.com/gptbot)"
74.7.227.165 - - [22/May/2026:11:44:45 -0400] "GET /buy.php?jp/090000521.html HTTP/1.1" 200 20209 "https://troop537.org/buy.php?detail/09000052192128" "Mozilla/5.0 AppleWebKit/537.36 (KHTML, like Gecko; compatible; GPTBot/1.4; +https://openai.com/gptbot)"
74.7.227.165 - - [22/May/2026:11:44:46 -0400] "GET /buy.php?jp/070000418.html HTTP/1.1" 200 19757 "https://troop537.org/buy.php?jp/070000248.html" "Mozilla/5.0 AppleWebKit/537.36 (KHTML, like Gecko; compatible; GPTBot/1.4; +https://openai.com/gptbot)"
74.7.227.165 - - [22/May/2026:11:44:46 -0400] "GET /buy.php?jp/090000554.html HTTP/1.1" 200 20006 "https://troop537.org/buy.php?detail/09000052192128" "Mozilla/5.0 AppleWebKit/537.36 (KHTML, like Gecko; compatible; GPTBot/1.4; +https://openai.com/gptbot)"
66.249.79.1 - - [22/May/2026:11:44:51 -0400] "GET /shop/pg/8ministry/25636 HTTP/1.1" 200 16117 "-" "Mozilla/5.0 (Linux; Android 6.0.1; Nexus 5X Build/MMB29P) AppleWebKit/537.36 (KHTML, like Gecko) Chrome/148.0.7778.96 Mobile Safari/537.36 (compatible; GoogleOther)"
74.7.227.165 - - [22/May/2026:11:44:47 -0400] "GET /buy.php?shattakomachi-hll210504058fa6-1 HTTP/1.1" 200 0 "https://troop537.org/buy.php?goods/011013819" "Mozilla/5.0 AppleWebKit/537.36 (KHTML, like Gecko; compatible; GPTBot/1.4; +https://openai.com/gptbot)"
74.7.227.165 - - [22/May/2026:11:45:19 -0400] "GET /buy.php?goods/115013591 HTTP/1.1" 200 19659 "https://troop537.org/buy.php?goods/084010016" "Mozilla/5.0 AppleWebKit/537.36 (KHTML, like Gecko; compatible; GPTBot/1.4; +https://openai.com/gptbot)"
74.7.227.165 - - [22/May/2026:11:45:20 -0400] "GET /buy.php?goods/247044122 HTTP/1.1" 200 20459 "https://troop537.org/buy.php?detail/096000225284" "Mozilla/5.0 AppleWebKit/537.36 (KHTML, like Gecko; compatible; GPTBot/1.4; +https://openai.com/gptbot)"
74.7.227.165 - - [22/May/2026:11:45:28 -0400] "GET /buy.php?goods/084007886 HTTP/1.1" 200 20288 "https://troop537.org/buy.php?goods/084010016" "Mozilla/5.0 AppleWebKit/537.36 (KHTML, like Gecko; compatible; GPTBot/1.4; +https://openai.com/gptbot)"
74.7.227.165 - - [22/May/2026:11:45:30 -0400] "GET /buy.php?detail/0420007081691 HTTP/1.1" 200 20276 "https://troop537.org/buy.php?detail/04200008818686" "Mozilla/5.0 AppleWebKit/537.36 (KHTML, like Gecko; compatible; GPTBot/1.4; +https://openai.com/gptbot)"
74.7.227.165 - - [22/May/2026:11:45:31 -0400] "GET /buy.php?jp/042000088.html HTTP/1.1" 200 19780 "https://troop537.org/buy.php?detail/04200008818686" "Mozilla/5.0 AppleWebKit/537.36 (KHTML, like Gecko; compatible; GPTBot/1.4; +https://openai.com/gptbot)"
74.7.227.165 - - [22/May/2026:11:45:33 -0400] "GET /buy.php?goods/193003733 HTTP/1.1" 200 19779 "https://troop537.org/buy.php?detail/04200008818686" "Mozilla/5.0 AppleWebKit/537.36 (KHTML, like Gecko; compatible; GPTBot/1.4; +https://openai.com/gptbot)"
74.7.227.165 - - [22/May/2026:11:45:34 -0400] "GET /buy.php?jp/090000388.html HTTP/1.1" 200 20477 "https://troop537.org/buy.php?jp/090000547.html" "Mozilla/5.0 AppleWebKit/537.36 (KHTML, like Gecko; compatible; GPTBot/1.4; +https://openai.com/gptbot)"
74.7.227.165 - - [22/May/2026:11:45:35 -0400] "GET /buy.php?detail/2640071315345 HTTP/1.1" 200 22032 "https://troop537.org/buy.php?jp/090000521.html" "Mozilla/5.0 AppleWebKit/537.36 (KHTML, like Gecko; compatible; GPTBot/1.4; +https://openai.com/gptbot)"
74.7.227.165 - - [22/May/2026:11:45:36 -0400] "GET /buy.php?jp/090000965.html HTTP/1.1" 200 20257 "https://troop537.org/buy.php?jp/090000521.html" "Mozilla/5.0 AppleWebKit/537.36 (KHTML, like Gecko; compatible; GPTBot/1.4; +https://openai.com/gptbot)"
74.7.227.165 - - [22/May/2026:11:45:37 -0400] "GET /buy.php?detail/1690039565834 HTTP/1.1" 200 19983 "https://troop537.org/buy.php?jp/090000554.html" "Mozilla/5.0 AppleWebKit/537.36 (KHTML, like Gecko; compatible; GPTBot/1.4; +https://openai.com/gptbot)"
74.7.227.165 - - [22/May/2026:11:45:38 -0400] "GET /buy.php?jp/090000375.html HTTP/1.1" 200 19883 "https://troop537.org/buy.php?jp/090000547.html" "Mozilla/5.0 AppleWebKit/537.36 (KHTML, like Gecko; compatible; GPTBot/1.4; +https://openai.com/gptbot)"
74.7.227.165 - - [22/May/2026:11:45:42 -0400] "GET /buy.php?detail/293010422247 HTTP/1.1" 200 21168 "https://troop537.org/buy.php?detail/096000225284" "Mozilla/5.0 AppleWebKit/537.36 (KHTML, like Gecko; compatible; GPTBot/1.4; +https://openai.com/gptbot)"
74.7.227.165 - - [22/May/2026:11:45:43 -0400] "GET /buy.php?jp/036044443.html HTTP/1.1" 200 20219 "https://troop537.org/buy.php?goods/247044122" "Mozilla/5.0 AppleWebKit/537.36 (KHTML, like Gecko; compatible; GPTBot/1.4; +https://openai.com/gptbot)"
74.7.227.165 - - [22/May/2026:11:45:44 -0400] "GET /buy.php?detail/2650355478059 HTTP/1.1" 200 21520 "https://troop537.org/buy.php?goods/084007886" "Mozilla/5.0 AppleWebKit/537.36 (KHTML, like Gecko; compatible; GPTBot/1.4; +https://openai.com/gptbot)"
74.7.227.165 - - [22/May/2026:11:45:45 -0400] "GET /buy.php?detail/2470441228519 HTTP/1.1" 200 20202 "https://troop537.org/buy.php?goods/247044122" "Mozilla/5.0 AppleWebKit/537.36 (KHTML, like Gecko; compatible; GPTBot/1.4; +https://openai.com/gptbot)"
66.249.79.2 - - [22/May/2026:11:45:46 -0400] "GET /shop/pg/78medical/20474 HTTP/1.1" 200 18227 "-" "Mozilla/5.0 (Linux; Android 6.0.1; Nexus 5X Build/MMB29P) AppleWebKit/537.36 (KHTML, like Gecko) Chrome/148.0.7778.96 Mobile Safari/537.36 (compatible; GoogleOther)"
74.7.227.165 - - [22/May/2026:11:45:46 -0400] "GET /buy.php?goods/084007370 HTTP/1.1" 200 19576 "https://troop537.org/buy.php?goods/084007886" "Mozilla/5.0 AppleWebKit/537.36 (KHTML, like Gecko; compatible; GPTBot/1.4; +https://openai.com/gptbot)"
74.7.227.165 - - [22/May/2026:11:45:47 -0400] "GET /buy.php?goods/166016581 HTTP/1.1" 200 20614 "https://troop537.org/buy.php?goods/247044122" "Mozilla/5.0 AppleWebKit/537.36 (KHTML, like Gecko; compatible; GPTBot/1.4; +https://openai.com/gptbot)"
74.7.227.165 - - [22/May/2026:11:45:48 -0400] "GET /buy.php?jp/090000767.html HTTP/1.1" 200 20109 "https://troop537.org/buy.php?jp/090000388.html" "Mozilla/5.0 AppleWebKit/537.36 (KHTML, like Gecko; compatible; GPTBot/1.4; +https://openai.com/gptbot)"
74.7.227.165 - - [22/May/2026:11:45:51 -0400] "GET /buy.php?detail/255024447519 HTTP/1.1" 200 20462 "https://troop537.org/buy.php?detail/2640071315345" "Mozilla/5.0 AppleWebKit/537.36 (KHTML, like Gecko; compatible; GPTBot/1.4; +https://openai.com/gptbot)"
74.7.227.165 - - [22/May/2026:11:45:52 -0400] "GET /buy.php?jp/293030393.html HTTP/1.1" 200 20988 "https://troop537.org/buy.php?jp/042000088.html" "Mozilla/5.0 AppleWebKit/537.36 (KHTML, like Gecko; compatible; GPTBot/1.4; +https://openai.com/gptbot)"
74.7.227.165 - - [22/May/2026:11:45:53 -0400] "GET /buy.php?goods/006017663 HTTP/1.1" 200 19151 "https://troop537.org/buy.php?detail/1690039565834" "Mozilla/5.0 AppleWebKit/537.36 (KHTML, like Gecko; compatible; GPTBot/1.4; +https://openai.com/gptbot)"
74.7.227.165 - - [22/May/2026:11:45:53 -0400] "GET /buy.php?goods/221041227 HTTP/1.1" 200 19297 "https://troop537.org/buy.php?detail/1690039565834" "Mozilla/5.0 AppleWebKit/537.36 (KHTML, like Gecko; compatible; GPTBot/1.4; +https://openai.com/gptbot)"
74.7.227.165 - - [22/May/2026:11:45:56 -0400] "GET /buy.php?detail/07000011455113 HTTP/1.1" 200 19652 "https://troop537.org/buy.php?jp/070000418.html" "Mozilla/5.0 AppleWebKit/537.36 (KHTML, like Gecko; compatible; GPTBot/1.4; +https://openai.com/gptbot)"
74.7.227.165 - - [22/May/2026:11:45:57 -0400] "GET /buy.php?goods/036005067 HTTP/1.1" 200 20021 "https://troop537.org/buy.php?jp/036044443.html" "Mozilla/5.0 AppleWebKit/537.36 (KHTML, like Gecko; compatible; GPTBot/1.4; +https://openai.com/gptbot)"
74.7.227.165 - - [22/May/2026:11:46:00 -0400] "GET /buy.php?goods/036005061 HTTP/1.1" 200 20361 "https://troop537.org/buy.php?jp/036044443.html" "Mozilla/5.0 AppleWebKit/537.36 (KHTML, like Gecko; compatible; GPTBot/1.4; +https://openai.com/gptbot)"
74.7.227.165 - - [22/May/2026:11:46:03 -0400] "GET /buy.php?detail/04000013322608 HTTP/1.1" 200 19758 "https://troop537.org/buy.php?jp/040000942.html" "Mozilla/5.0 AppleWebKit/537.36 (KHTML, like Gecko; compatible; GPTBot/1.4; +https://openai.com/gptbot)"
74.7.227.165 - - [22/May/2026:11:46:04 -0400] "GET /buy.php?detail/06000065224061 HTTP/1.1" 200 22011 "https://troop537.org/buy.php?jp/060000652.html" "Mozilla/5.0 AppleWebKit/537.36 (KHTML, like Gecko; compatible; GPTBot/1.4; +https://openai.com/gptbot)"
74.7.227.165 - - [22/May/2026:11:46:05 -0400] "GET /buy.php?ark-tire-arktire-3581-116729-23221-23221 HTTP/1.1" 200 19875 "https://troop537.org/buy.php?goods/166016581" "Mozilla/5.0 AppleWebKit/537.36 (KHTML, like Gecko; compatible; GPTBot/1.4; +https://openai.com/gptbot)"
74.7.227.165 - - [22/May/2026:11:46:06 -0400] "GET /buy.php?jp/090000867.html HTTP/1.1" 200 19972 "https://troop537.org/buy.php?jp/090000767.html" "Mozilla/5.0 AppleWebKit/537.36 (KHTML, like Gecko; compatible; GPTBot/1.4; +https://openai.com/gptbot)"
74.7.227.165 - - [22/May/2026:11:46:07 -0400] "GET /buy.php?auc-barzaz-fi-8008 HTTP/1.1" 200 19999 "https://troop537.org/buy.php?detail/255024447519" "Mozilla/5.0 AppleWebKit/537.36 (KHTML, like Gecko; compatible; GPTBot/1.4; +https://openai.com/gptbot)"
74.7.227.165 - - [22/May/2026:11:46:08 -0400] "GET /buy.php?detail/07000032527506 HTTP/1.1" 200 21529 "https://troop537.org/buy.php?jp/070000495.html" "Mozilla/5.0 AppleWebKit/537.36 (KHTML, like Gecko; compatible; GPTBot/1.4; +https://openai.com/gptbot)"
74.7.227.165 - - [22/May/2026:11:46:08 -0400] "GET /buy.php?goods/251031551 HTTP/1.1" 200 20762 "https://troop537.org/buy.php?goods/006017663" "Mozilla/5.0 AppleWebKit/537.36 (KHTML, like Gecko; compatible; GPTBot/1.4; +https://openai.com/gptbot)"
74.7.227.165 - - [22/May/2026:11:46:09 -0400] "GET /buy.php?beautyeru-ck_euphoria_blush_tester HTTP/1.1" 200 20030 "https://troop537.org/buy.php?goods/221041227" "Mozilla/5.0 AppleWebKit/537.36 (KHTML, like Gecko; compatible; GPTBot/1.4; +https://openai.com/gptbot)"
74.7.227.165 - - [22/May/2026:11:46:10 -0400] "GET /buy.php?detail/0210422873933 HTTP/1.1" 200 19535 "https://troop537.org/buy.php?detail/07000011455113" "Mozilla/5.0 AppleWebKit/537.36 (KHTML, like Gecko; compatible; GPTBot/1.4; +https://openai.com/gptbot)"
74.7.227.165 - - [22/May/2026:11:46:11 -0400] "GET /buy.php?detail/07000030560641 HTTP/1.1" 200 19834 "https://troop537.org/buy.php?jp/070000366.html" "Mozilla/5.0 AppleWebKit/537.36 (KHTML, like Gecko; compatible; GPTBot/1.4; +https://openai.com/gptbot)"
74.7.227.165 - - [22/May/2026:11:46:12 -0400] "GET /buy.php?detail/06000099262512 HTTP/1.1" 200 20844 "https://troop537.org/buy.php?060000469.html" "Mozilla/5.0 AppleWebKit/537.36 (KHTML, like Gecko; compatible; GPTBot/1.4; +https://openai.com/gptbot)"
74.7.227.165 - - [22/May/2026:11:46:13 -0400] "GET /buy.php?detail/01000104262512 HTTP/1.1" 200 19 "https://troop537.org/buy.php?jp/010000398.html" "Mozilla/5.0 AppleWebKit/537.36 (KHTML, like Gecko; compatible; GPTBot/1.4; +https://openai.com/gptbot)"
74.7.227.165 - - [22/May/2026:11:46:34 -0400] "GET /buy.php?detail/29000025729703 HTTP/1.1" 200 20604 "https://troop537.org/buy.php?detail/1490013486835" "Mozilla/5.0 AppleWebKit/537.36 (KHTML, like Gecko; compatible; GPTBot/1.4; +https://openai.com/gptbot)"
74.7.227.165 - - [22/May/2026:11:46:36 -0400] "GET /buy.php?008000013.html HTTP/1.1" 200 19966 "https://troop537.org/buy.php?ark-tire-arktire-3581-116729-23221-23221" "Mozilla/5.0 AppleWebKit/537.36 (KHTML, like Gecko; compatible; GPTBot/1.4; +https://openai.com/gptbot)"
74.7.227.165 - - [22/May/2026:11:46:38 -0400] "GET /buy.php?jp/090000493.html HTTP/1.1" 200 19839 "https://troop537.org/buy.php?jp/090000867.html" "Mozilla/5.0 AppleWebKit/537.36 (KHTML, like Gecko; compatible; GPTBot/1.4; +https://openai.com/gptbot)"
74.7.227.165 - - [22/May/2026:11:46:39 -0400] "GET /buy.php?detail/146019123844 HTTP/1.1" 200 19254 "https://troop537.org/buy.php?jp/090000867.html" "Mozilla/5.0 AppleWebKit/537.36 (KHTML, like Gecko; compatible; GPTBot/1.4; +https://openai.com/gptbot)"
2.58.56.61 - - [22/May/2026:11:46:39 -0400] "POST /wp-plain.php HTTP/1.1" 200 299 "www.google.com" "Mozilla/5.0 (Linux; Android 7.0; SM-G892A Bulid/NRD90M; wv) AppleWebKit/537.36 (KHTML, like Gecko) Version/4.0 Chrome/60.0.3112.107 Moblie Safari/537.36"
2.58.56.61 - - [22/May/2026:11:46:39 -0400] "GET /wp-content/themes/seotheme/db.php?u HTTP/1.1" 200 303 "www.google.com" "Mozlila/5.0 (Linux; Android 7.0; SM-G892A Bulid/NRD90M; wv) AppleWebKit/537.36 (KHTML, like Gecko) Version/4.0 Chrome/60.0.3112.107 Moblie Safari/537.36"
2.58.56.61 - - [22/May/2026:11:46:39 -0400] "POST /ALFA_DATA/alfacgiapi/perl.alfa HTTP/1.1" 200 303 "www.google.com" "Mozlila/5.0 (Linux; Android 7.0; SM-G892A Bulid/NRD90M; wv) AppleWebKit/537.36 (KHTML, like Gecko) Version/4.0 Chrome/60.0.3112.107 Moblie Safari/537.36"
2.58.56.61 - - [22/May/2026:11:46:40 -0400] "GET /thdgusrs.php?Fox=d3wL7 HTTP/1.1" 200 299 "www.google.com" "Mozilla/5.0 (Linux; Android 7.0; SM-G892A Bulid/NRD90M; wv) AppleWebKit/537.36 (KHTML, like Gecko) Version/4.0 Chrome/60.0.3112.107 Moblie Safari/537.36"
2.58.56.61 - - [22/May/2026:11:46:40 -0400] "GET /wp-content/themes/seotheme/db.php?u HTTP/1.1" 200 303 "www.google.com" "Mozlila/5.0 (Linux; Android 7.0; SM-G892A Bulid/NRD90M; wv) AppleWebKit/537.36 (KHTML, like Gecko) Version/4.0 Chrome/60.0.3112.107 Moblie Safari/537.36"
2.58.56.61 - - [22/May/2026:11:46:40 -0400] "POST /alfacgiapi/perl.alfa HTTP/1.1" 200 301 "www.google.com" "Mozlila/5.0 (Linux; Android 7.0; SM-G892A Bulid/NRD90M; wv) AppleWebKit/537.36 (KHTML, like Gecko) Version/4.0 Chrome/60.0.3112.107 Moblie Safari/537.36"
74.7.227.165 - - [22/May/2026:11:46:40 -0400] "GET /buy.php?jp/070000174.html HTTP/1.1" 200 20783 "https://troop537.org/buy.php?detail/07000032527506" "Mozilla/5.0 AppleWebKit/537.36 (KHTML, like Gecko; compatible; GPTBot/1.4; +https://openai.com/gptbot)"
74.7.227.165 - - [22/May/2026:11:46:42 -0400] "GET /buy.php?detail/0120307669286 HTTP/1.1" 200 20150 "https://troop537.org/buy.php?detail/07000032527506" "Mozilla/5.0 AppleWebKit/537.36 (KHTML, like Gecko; compatible; GPTBot/1.4; +https://openai.com/gptbot)"
2.58.56.61 - - [22/May/2026:11:46:39 -0400] "GET / HTTP/1.1" 200 0 "-" "Mozlila/5.0 (Linux; Android 7.0; SM-G892A Bulid/NRD90M; wv) AppleWebKit/537.36 (KHTML, like Gecko) Version/4.0 Chrome/60.0.3112.107 Moblie Safari/537.36"
2.58.56.61 - - [22/May/2026:11:46:39 -0400] "GET /wp-content/plugins/fix/up.php HTTP/1.1" 200 0 "-" "Mozilla/5.0 (Windows NT 10.0; Win64; x64) AppleWebKit/537.36 (KHTML, like Gecko) Chrome/85.0.4183.102 Safari/537.36"
74.7.227.165 - - [22/May/2026:11:46:44 -0400] "GET /buy.php?detail/17902307454300 HTTP/1.1" 200 20662 "https://troop537.org/buy.php?beautyeru-ck_euphoria_blush_tester" "Mozilla/5.0 AppleWebKit/537.36 (KHTML, like Gecko; compatible; GPTBot/1.4; +https://openai.com/gptbot)"
74.7.227.165 - - [22/May/2026:11:46:52 -0400] "GET /buy.php?033043993 HTTP/1.1" 200 21269 "https://troop537.org/buy.php?beautyeru-ck_euphoria_blush_tester" "Mozilla/5.0 AppleWebKit/537.36 (KHTML, like Gecko; compatible; GPTBot/1.4; +https://openai.com/gptbot)"
2.58.56.61 - - [22/May/2026:11:46:47 -0400] "GET / HTTP/1.1" 200 0 "-" "Mozlila/5.0 (Linux; Android 7.0; SM-G892A Bulid/NRD90M; wv) AppleWebKit/537.36 (KHTML, like Gecko) Version/4.0 Chrome/60.0.3112.107 Moblie Safari/537.36"
2.58.56.61 - - [22/May/2026:11:46:47 -0400] "GET /wp-content/plugins/fix/up.php HTTP/1.1" 200 0 "-" "Mozilla/5.0 (Windows NT 10.0; Win64; x64) AppleWebKit/537.36 (KHTML, like Gecko) Chrome/85.0.4183.102 Safari/537.36"
2.58.56.61 - - [22/May/2026:11:46:55 -0400] "GET / HTTP/1.1" 500 2431 "-" "Mozlila/5.0 (Linux; Android 7.0; SM-G892A Bulid/NRD90M; wv) AppleWebKit/537.36 (KHTML, like Gecko) Version/4.0 Chrome/60.0.3112.107 Moblie Safari/537.36"
74.7.227.165 - - [22/May/2026:11:46:53 -0400] "GET /buy.php?goods/021001552 HTTP/1.1" 200 20874 "https://troop537.org/buy.php?detail/0210422873933" "Mozilla/5.0 AppleWebKit/537.36 (KHTML, like Gecko; compatible; GPTBot/1.4; +https://openai.com/gptbot)"
68.65.122.55 - - [22/May/2026:11:46:57 -0400] "POST /wp-cron.php?doing_wp_cron=1779464815.0529530048370361328125 HTTP/1.1" 403 1242 "-" "WordPress/6.9.4; https://troop537.org"
74.7.227.165 - - [22/May/2026:11:46:57 -0400] "GET /buy.php?detail/107000280294 HTTP/1.1" 200 21867 "https://troop537.org/buy.php?detail/07000032527506" "Mozilla/5.0 AppleWebKit/537.36 (KHTML, like Gecko; compatible; GPTBot/1.4; +https://openai.com/gptbot)"
68.65.122.55 - - [22/May/2026:11:46:58 -0400] "POST /wp-cron.php?doing_wp_cron=1779464814.9836099147796630859375 HTTP/1.1" 403 1242 "-" "WordPress/6.9.4; https://troop537.org"
74.7.227.165 - - [22/May/2026:11:46:58 -0400] "GET /buy.php?detail/27000012970257 HTTP/1.1" 200 19888 "https://troop537.org/buy.php?jp/270000226.html" "Mozilla/5.0 AppleWebKit/537.36 (KHTML, like Gecko; compatible; GPTBot/1.4; +https://openai.com/gptbot)"
74.7.227.165 - - [22/May/2026:11:46:59 -0400] "GET /buy.php?detail/17800004146002 HTTP/1.1" 200 20838 "https://troop537.org/buy.php?goods/178048008" "Mozilla/5.0 AppleWebKit/537.36 (KHTML, like Gecko; compatible; GPTBot/1.4; +https://openai.com/gptbot)"
68.65.122.55 - - [22/May/2026:11:47:01 -0400] "POST /wp-cron.php?doing_wp_cron=1779464818.5399849414825439453125 HTTP/1.1" 403 1242 "-" "WordPress/6.9.4; https://troop537.org"
2.58.56.61 - - [22/May/2026:11:46:55 -0400] "GET /wp-content/plugins/fix/up.php HTTP/1.1" 200 0 "-" "Mozilla/5.0 (Windows NT 10.0; Win64; x64) AppleWebKit/537.36 (KHTML, like Gecko) Chrome/85.0.4183.102 Safari/537.36"
74.7.227.165 - - [22/May/2026:11:47:00 -0400] "GET /buy.php?detail/16000800057999 HTTP/1.1" 200 20823 "https://troop537.org/buy.php?detail/1600030039390" "Mozilla/5.0 AppleWebKit/537.36 (KHTML, like Gecko; compatible; GPTBot/1.4; +https://openai.com/gptbot)"
74.7.227.165 - - [22/May/2026:11:47:06 -0400] "GET /buy.php?jp/090000628.html HTTP/1.1" 200 20604 "https://troop537.org/buy.php?jp/090000493.html" "Mozilla/5.0 AppleWebKit/537.36 (KHTML, like Gecko; compatible; GPTBot/1.4; +https://openai.com/gptbot)"
68.65.122.55 - - [22/May/2026:11:47:07 -0400] "POST /wp-cron.php?doing_wp_cron=1779464826.6179890632629394531250 HTTP/1.1" 403 1242 "-" "WordPress/6.9.4; https://troop537.org"
74.7.227.165 - - [22/May/2026:11:47:07 -0400] "GET /buy.php?detail/09000062224061 HTTP/1.1" 200 20459 "https://troop537.org/buy.php?jp/090000493.html" "Mozilla/5.0 AppleWebKit/537.36 (KHTML, like Gecko; compatible; GPTBot/1.4; +https://openai.com/gptbot)"
68.65.122.55 - - [22/May/2026:11:47:08 -0400] "POST /wp-cron.php?doing_wp_cron=1779464825.8318269252777099609375 HTTP/1.1" 403 1242 "-" "WordPress/6.9.4; https://troop537.org"
74.7.227.165 - - [22/May/2026:11:47:08 -0400] "GET /buy.php?jp/070000429.html HTTP/1.1" 200 20543 "https://troop537.org/buy.php?jp/070000174.html" "Mozilla/5.0 AppleWebKit/537.36 (KHTML, like Gecko; compatible; GPTBot/1.4; +https://openai.com/gptbot)"
66.249.79.1 - - [22/May/2026:11:47:10 -0400] "GET /shop/pg/154responsibility/13498 HTTP/1.1" 200 17184 "-" "Mozilla/5.0 (Linux; Android 6.0.1; Nexus 5X Build/MMB29P) AppleWebKit/537.36 (KHTML, like Gecko) Chrome/148.0.7778.96 Mobile Safari/537.36 (compatible; GoogleOther)"
74.7.227.165 - - [22/May/2026:11:47:09 -0400] "GET /buy.php?detail/07000040226639 HTTP/1.1" 200 21623 "https://troop537.org/buy.php?jp/070000174.html" "Mozilla/5.0 AppleWebKit/537.36 (KHTML, like Gecko; compatible; GPTBot/1.4; +https://openai.com/gptbot)"
2.58.56.61 - - [22/May/2026:11:47:03 -0400] "GET /wp-content/plugins/fix/up.php HTTP/1.1" 200 0 "-" "Mozilla/5.0 (Windows NT 10.0; Win64; x64) AppleWebKit/537.36 (KHTML, like Gecko) Chrome/85.0.4183.102 Safari/537.36"
68.65.122.55 - - [22/May/2026:11:47:11 -0400] "POST /wp-cron.php?doing_wp_cron=1779464831.4101190567016601562500 HTTP/1.1" 403 1242 "-" "WordPress/6.9.4; https://troop537.org"
43.173.1.69 - - [22/May/2026:11:46:56 -0400] "GET / HTTP/1.1" 200 18668 "http://troop537.org" "Mozilla/5.0 (iPhone; CPU iPhone OS 13_2_3 like Mac OS X) AppleWebKit/605.1.15 (KHTML, like Gecko) Version/13.0.3 Mobile/15E148 Safari/604.1"
2.58.56.61 - - [22/May/2026:11:47:11 -0400] "GET /wp-content/plugins/fix/up.php HTTP/1.1" 404 63423 "-" "Mozilla/5.0 (Windows NT 10.0; Win64; x64) AppleWebKit/537.36 (KHTML, like Gecko) Chrome/85.0.4183.102 Safari/537.36"
74.7.227.165 - - [22/May/2026:11:47:11 -0400] "GET /buy.php?detail/00700001369068 HTTP/1.1" 200 19 "https://troop537.org/buy.php?007000016.html" "Mozilla/5.0 AppleWebKit/537.36 (KHTML, like Gecko; compatible; GPTBot/1.4; +https://openai.com/gptbot)"
74.7.227.165 - - [22/May/2026:11:47:31 -0400] "GET /buy.php?139028474.html HTTP/1.1" 200 20169 "https://troop537.org/buy.php?033043993" "Mozilla/5.0 AppleWebKit/537.36 (KHTML, like Gecko; compatible; GPTBot/1.4; +https://openai.com/gptbot)"
74.7.227.165 - - [22/May/2026:11:47:31 -0400] "GET /buy.php?detail/04500090455437 HTTP/1.1" 200 21262 "https://troop537.org/buy.php?045001308.html" "Mozilla/5.0 AppleWebKit/537.36 (KHTML, like Gecko; compatible; GPTBot/1.4; +https://openai.com/gptbot)"
74.7.227.165 - - [22/May/2026:11:47:32 -0400] "GET /buy.php?goods/107010029 HTTP/1.1" 200 21299 "https://troop537.org/buy.php?detail/107000280294" "Mozilla/5.0 AppleWebKit/537.36 (KHTML, like Gecko; compatible; GPTBot/1.4; +https://openai.com/gptbot)"
74.7.227.165 - - [22/May/2026:11:47:34 -0400] "GET /buy.php?jp/270000502.html HTTP/1.1" 200 20600 "https://troop537.org/buy.php?detail/27000012970257" "Mozilla/5.0 AppleWebKit/537.36 (KHTML, like Gecko; compatible; GPTBot/1.4; +https://openai.com/gptbot)"
74.7.227.165 - - [22/May/2026:11:47:35 -0400] "GET /buy.php?risacrystal-sm199rk-1 HTTP/1.1" 200 21691 "https://troop537.org/buy.php?detail/17800004146002" "Mozilla/5.0 AppleWebKit/537.36 (KHTML, like Gecko; compatible; GPTBot/1.4; +https://openai.com/gptbot)"
74.7.227.165 - - [22/May/2026:11:47:36 -0400] "GET /buy.php?goods/107010035 HTTP/1.1" 200 22051 "https://troop537.org/buy.php?detail/107000280294" "Mozilla/5.0 AppleWebKit/537.36 (KHTML, like Gecko; compatible; GPTBot/1.4; +https://openai.com/gptbot)"
74.7.227.165 - - [22/May/2026:11:47:38 -0400] "GET /buy.php?gachinko-bor-9213t-w HTTP/1.1" 200 20538 "https://troop537.org/buy.php?detail/107000280294" "Mozilla/5.0 AppleWebKit/537.36 (KHTML, like Gecko; compatible; GPTBot/1.4; +https://openai.com/gptbot)"
74.7.227.165 - - [22/May/2026:11:47:39 -0400] "GET /buy.php?jp/090000622.html HTTP/1.1" 200 20229 "https://troop537.org/buy.php?detail/09000062224061" "Mozilla/5.0 AppleWebKit/537.36 (KHTML, like Gecko; compatible; GPTBot/1.4; +https://openai.com/gptbot)"
74.7.227.165 - - [22/May/2026:11:47:40 -0400] "GET /buy.php?goods/013032039 HTTP/1.1" 200 19968 "https://troop537.org/buy.php?detail/09000062224061" "Mozilla/5.0 AppleWebKit/537.36 (KHTML, like Gecko; compatible; GPTBot/1.4; +https://openai.com/gptbot)"
74.7.227.165 - - [22/May/2026:11:47:48 -0400] "GET /buy.php?detail/178000180452 HTTP/1.1" 200 20547 "https://troop537.org/buy.php?detail/17800004146002" "Mozilla/5.0 AppleWebKit/537.36 (KHTML, like Gecko; compatible; GPTBot/1.4; +https://openai.com/gptbot)"
74.7.227.165 - - [22/May/2026:11:47:51 -0400] "GET /buy.php?sonosaki-life-100-420-5sys204 HTTP/1.1" 200 19874 "https://troop537.org/buy.php?jp/070000429.html" "Mozilla/5.0 AppleWebKit/537.36 (KHTML, like Gecko; compatible; GPTBot/1.4; +https://openai.com/gptbot)"
74.7.227.165 - - [22/May/2026:11:47:52 -0400] "GET /buy.php?atorieerina-sb01n9e6a8z HTTP/1.1" 200 20273 "https://troop537.org/buy.php?jp/090000628.html" "Mozilla/5.0 AppleWebKit/537.36 (KHTML, like Gecko; compatible; GPTBot/1.4; +https://openai.com/gptbot)"
74.7.227.165 - - [22/May/2026:11:47:53 -0400] "GET /buy.php?goods/202009504 HTTP/1.1" 200 19 "https://troop537.org/buy.php?detail/04500090455437" "Mozilla/5.0 AppleWebKit/537.36 (KHTML, like Gecko; compatible; GPTBot/1.4; +https://openai.com/gptbot)"
74.7.227.165 - - [22/May/2026:11:48:13 -0400] "GET /buy.php?detail/06900004125016 HTTP/1.1" 200 19987 "https://troop537.org/buy.php?jp/069000041.html" "Mozilla/5.0 AppleWebKit/537.36 (KHTML, like Gecko; compatible; GPTBot/1.4; +https://openai.com/gptbot)"
106.154.145.117 - - [22/May/2026:11:48:17 -0400] "GET / HTTP/1.1" 200 0 "-" "Mozilla/5.0 (Android 10; Mobile; rv:109.0) Gecko/118.0 Firefox/118.0"
74.7.227.165 - - [22/May/2026:11:48:17 -0400] "GET /buy.php?jp/270000380.html HTTP/1.1" 200 23442 "https://troop537.org/buy.php?jp/270000502.html" "Mozilla/5.0 AppleWebKit/537.36 (KHTML, like Gecko; compatible; GPTBot/1.4; +https://openai.com/gptbot)"
74.7.227.165 - - [22/May/2026:11:48:22 -0400] "GET /buy.php?detail/01000040752427 HTTP/1.1" 200 20117 "https://troop537.org/buy.php?jp/010000319.html" "Mozilla/5.0 AppleWebKit/537.36 (KHTML, like Gecko; compatible; GPTBot/1.4; +https://openai.com/gptbot)"
68.65.122.55 - - [22/May/2026:11:48:24 -0400] "POST /wp-cron.php?doing_wp_cron=1779464903.0830368995666503906250 HTTP/1.1" 403 1242 "-" "WordPress/6.9.4; https://troop537.org"
74.7.227.165 - - [22/May/2026:11:48:23 -0400] "GET /buy.php?detail/17400280550000 HTTP/1.1" 200 21395 "https://troop537.org/buy.php?jp/039000037.html" "Mozilla/5.0 AppleWebKit/537.36 (KHTML, like Gecko; compatible; GPTBot/1.4; +https://openai.com/gptbot)"
74.7.227.165 - - [22/May/2026:11:48:26 -0400] "GET /buy.php?detail/13000040739317 HTTP/1.1" 200 21799 "https://troop537.org/buy.php?jp/130000203.html" "Mozilla/5.0 AppleWebKit/537.36 (KHTML, like Gecko; compatible; GPTBot/1.4; +https://openai.com/gptbot)"
74.7.227.165 - - [22/May/2026:11:48:27 -0400] "GET /buy.php?jp/090000274.html HTTP/1.1" 200 20130 "https://troop537.org/buy.php?jp/090000622.html" "Mozilla/5.0 AppleWebKit/537.36 (KHTML, like Gecko; compatible; GPTBot/1.4; +https://openai.com/gptbot)"
74.7.227.165 - - [22/May/2026:11:48:28 -0400] "GET /buy.php?jp/090000278.html HTTP/1.1" 200 20215 "https://troop537.org/buy.php?jp/090000622.html" "Mozilla/5.0 AppleWebKit/537.36 (KHTML, like Gecko; compatible; GPTBot/1.4; +https://openai.com/gptbot)"
74.7.227.165 - - [22/May/2026:11:48:28 -0400] "GET /buy.php?goods/191017995 HTTP/1.1" 200 20095 "https://troop537.org/buy.php?detail/178000180452" "Mozilla/5.0 AppleWebKit/537.36 (KHTML, like Gecko; compatible; GPTBot/1.4; +https://openai.com/gptbot)"
74.7.227.165 - - [22/May/2026:11:48:29 -0400] "GET /buy.php?090000401.html HTTP/1.1" 200 19532 "https://troop537.org/buy.php?sonosaki-life-100-420-5sys204" "Mozilla/5.0 AppleWebKit/537.36 (KHTML, like Gecko; compatible; GPTBot/1.4; +https://openai.com/gptbot)"
74.7.227.165 - - [22/May/2026:11:48:30 -0400] "GET /buy.php?085000060.html HTTP/1.1" 200 19911 "https://troop537.org/buy.php?atorieerina-sb01n9e6a8z" "Mozilla/5.0 AppleWebKit/537.36 (KHTML, like Gecko; compatible; GPTBot/1.4; +https://openai.com/gptbot)"
74.7.227.165 - - [22/May/2026:11:48:30 -0400] "GET /buy.php?detail/00100003529860 HTTP/1.1" 200 20628 "https://troop537.org/buy.php?jp/001000417.html" "Mozilla/5.0 AppleWebKit/537.36 (KHTML, like Gecko; compatible; GPTBot/1.4; +https://openai.com/gptbot)"
74.7.227.165 - - [22/May/2026:11:48:31 -0400] "GET /buy.php?goods/069001509 HTTP/1.1" 200 19874 "https://troop537.org/buy.php?detail/06900004125016" "Mozilla/5.0 AppleWebKit/537.36 (KHTML, like Gecko; compatible; GPTBot/1.4; +https://openai.com/gptbot)"
74.7.227.165 - - [22/May/2026:11:48:32 -0400] "GET /buy.php?goods/268039475 HTTP/1.1" 200 20614 "https://troop537.org/buy.php?jp/270000380.html" "Mozilla/5.0 AppleWebKit/537.36 (KHTML, like Gecko; compatible; GPTBot/1.4; +https://openai.com/gptbot)"
74.7.227.165 - - [22/May/2026:11:48:32 -0400] "GET /buy.php?detail/09401999465940 HTTP/1.1" 200 20374 "https://troop537.org/buy.php?jp/094019994.html" "Mozilla/5.0 AppleWebKit/537.36 (KHTML, like Gecko; compatible; GPTBot/1.4; +https://openai.com/gptbot)"
74.7.227.165 - - [22/May/2026:11:48:36 -0400] "GET /buy.php?goods/127010311 HTTP/1.1" 200 21008 "https://troop537.org/buy.php?detail/17400280550000" "Mozilla/5.0 AppleWebKit/537.36 (KHTML, like Gecko; compatible; GPTBot/1.4; +https://openai.com/gptbot)"
74.7.227.165 - - [22/May/2026:11:48:39 -0400] "GET /buy.php?detail/02000040651820 HTTP/1.1" 200 20832 "https://troop537.org/buy.php?detail/02000376026241" "Mozilla/5.0 AppleWebKit/537.36 (KHTML, like Gecko; compatible; GPTBot/1.4; +https://openai.com/gptbot)"
74.7.227.165 - - [22/May/2026:11:48:41 -0400] "GET /buy.php?detail/090001263927 HTTP/1.1" 200 20084 "https://troop537.org/buy.php?jp/090000274.html" "Mozilla/5.0 AppleWebKit/537.36 (KHTML, like Gecko; compatible; GPTBot/1.4; +https://openai.com/gptbot)"
74.7.227.165 - - [22/May/2026:11:48:41 -0400] "GET /buy.php?detail/11503333160206 HTTP/1.1" 200 19728 "https://troop537.org/buy.php?jp/090000274.html" "Mozilla/5.0 AppleWebKit/537.36 (KHTML, like Gecko; compatible; GPTBot/1.4; +https://openai.com/gptbot)"
74.7.227.165 - - [22/May/2026:11:48:42 -0400] "GET /buy.php?goods/170035300 HTTP/1.1" 200 20811 "https://troop537.org/buy.php?goods/191017995" "Mozilla/5.0 AppleWebKit/537.36 (KHTML, like Gecko; compatible; GPTBot/1.4; +https://openai.com/gptbot)"
74.7.227.165 - - [22/May/2026:11:48:43 -0400] "GET /buy.php?suguruyahonpo-4997223275611-12-31 HTTP/1.1" 200 19530 "https://troop537.org/buy.php?090000401.html" "Mozilla/5.0 AppleWebKit/537.36 (KHTML, like Gecko; compatible; GPTBot/1.4; +https://openai.com/gptbot)"
74.7.227.165 - - [22/May/2026:11:48:44 -0400] "GET /buy.php?detail/03000041402065 HTTP/1.1" 200 21142 "https://troop537.org/buy.php?jp/030000238.html" "Mozilla/5.0 AppleWebKit/537.36 (KHTML, like Gecko; compatible; GPTBot/1.4; +https://openai.com/gptbot)"
74.7.227.165 - - [22/May/2026:11:48:46 -0400] "GET /buy.php?detail/06000020981590 HTTP/1.1" 200 21205 "https://troop537.org/buy.php?jp/060000924.html" "Mozilla/5.0 AppleWebKit/537.36 (KHTML, like Gecko; compatible; GPTBot/1.4; +https://openai.com/gptbot)"
74.7.227.165 - - [22/May/2026:11:48:47 -0400] "GET /buy.php?goods/244005008 HTTP/1.1" 200 19771 "https://troop537.org/buy.php?goods/069001509" "Mozilla/5.0 AppleWebKit/537.36 (KHTML, like Gecko; compatible; GPTBot/1.4; +https://openai.com/gptbot)"
74.7.227.165 - - [22/May/2026:11:48:51 -0400] "GET /buy.php?detail/04700009676294 HTTP/1.1" 200 20187 "https://troop537.org/buy.php?detail/047000079820" "Mozilla/5.0 AppleWebKit/537.36 (KHTML, like Gecko; compatible; GPTBot/1.4; +https://openai.com/gptbot)"
74.7.227.165 - - [22/May/2026:11:48:51 -0400] "GET /buy.php?goods/094020309 HTTP/1.1" 200 19715 "https://troop537.org/buy.php?detail/09401999465940" "Mozilla/5.0 AppleWebKit/537.36 (KHTML, like Gecko; compatible; GPTBot/1.4; +https://openai.com/gptbot)"
74.7.227.165 - - [22/May/2026:11:48:52 -0400] "GET /buy.php?detail/0380272233058 HTTP/1.1" 200 21260 "https://troop537.org/buy.php?detail/09401999465940" "Mozilla/5.0 AppleWebKit/537.36 (KHTML, like Gecko; compatible; GPTBot/1.4; +https://openai.com/gptbot)"
66.249.79.2 - - [22/May/2026:11:48:54 -0400] "GET /product/225010888 HTTP/1.1" 200 17187 "-" "Mozilla/5.0 (Linux; Android 6.0.1; Nexus 5X Build/MMB29P) AppleWebKit/537.36 (KHTML, like Gecko) Chrome/148.0.7778.96 Mobile Safari/537.36 (compatible; GoogleOther)"
74.7.227.165 - - [22/May/2026:11:48:53 -0400] "GET /buy.php?jp/020000618.html HTTP/1.1" 200 21228 "https://troop537.org/buy.php?detail/02000040651820" "Mozilla/5.0 AppleWebKit/537.36 (KHTML, like Gecko; compatible; GPTBot/1.4; +https://openai.com/gptbot)"
74.7.227.165 - - [22/May/2026:11:48:57 -0400] "GET /buy.php?jp/090000542.html HTTP/1.1" 200 20027 "https://troop537.org/buy.php?detail/090001263927" "Mozilla/5.0 AppleWebKit/537.36 (KHTML, like Gecko; compatible; GPTBot/1.4; +https://openai.com/gptbot)"
74.7.227.165 - - [22/May/2026:11:48:58 -0400] "GET /buy.php?jp/020000623.html HTTP/1.1" 200 21492 "https://troop537.org/buy.php?detail/02000040651820" "Mozilla/5.0 AppleWebKit/537.36 (KHTML, like Gecko; compatible; GPTBot/1.4; +https://openai.com/gptbot)"
74.7.227.165 - - [22/May/2026:11:49:03 -0400] "GET /buy.php?detail/07000016905698 HTTP/1.1" 200 21958 "https://troop537.org/buy.php?jp/070000461.html" "Mozilla/5.0 AppleWebKit/537.36 (KHTML, like Gecko; compatible; GPTBot/1.4; +https://openai.com/gptbot)"
74.7.227.165 - - [22/May/2026:11:49:08 -0400] "GET /buy.php?209046065 HTTP/1.1" 200 19872 "https://troop537.org/buy.php?suguruyahonpo-4997223275611-12-31" "Mozilla/5.0 AppleWebKit/537.36 (KHTML, like Gecko; compatible; GPTBot/1.4; +https://openai.com/gptbot)"
74.7.227.165 - - [22/May/2026:11:49:09 -0400] "GET /buy.php?jp/030000275.html HTTP/1.1" 200 21773 "https://troop537.org/buy.php?detail/03000041402065" "Mozilla/5.0 AppleWebKit/537.36 (KHTML, like Gecko; compatible; GPTBot/1.4; +https://openai.com/gptbot)"
74.7.227.165 - - [22/May/2026:11:49:17 -0400] "GET /buy.php?jp/060000889.html HTTP/1.1" 200 21253 "https://troop537.org/buy.php?detail/06000020981590" "Mozilla/5.0 AppleWebKit/537.36 (KHTML, like Gecko; compatible; GPTBot/1.4; +https://openai.com/gptbot)"
74.7.227.165 - - [22/May/2026:11:49:18 -0400] "GET /buy.php?detail/02100005517310 HTTP/1.1" 200 20001 "https://troop537.org/buy.php?megumishop-rjzcxxsv2xkrhese2jdiy5k364-alr" "Mozilla/5.0 AppleWebKit/537.36 (KHTML, like Gecko; compatible; GPTBot/1.4; +https://openai.com/gptbot)"
74.7.227.165 - - [22/May/2026:11:49:19 -0400] "GET /buy.php?goods/202047292 HTTP/1.1" 200 20421 "https://troop537.org/buy.php?detail/04700009676294" "Mozilla/5.0 AppleWebKit/537.36 (KHTML, like Gecko; compatible; GPTBot/1.4; +https://openai.com/gptbot)"
74.7.227.165 - - [22/May/2026:11:49:20 -0400] "GET /buy.php?detail/047000897638 HTTP/1.1" 200 19887 "https://troop537.org/buy.php?detail/04700009676294" "Mozilla/5.0 AppleWebKit/537.36 (KHTML, like Gecko; compatible; GPTBot/1.4; +https://openai.com/gptbot)"
74.7.227.165 - - [22/May/2026:11:49:21 -0400] "GET /buy.php?detail/08100002925016 HTTP/1.1" 200 20532 "https://troop537.org/buy.php?goods/081002886" "Mozilla/5.0 AppleWebKit/537.36 (KHTML, like Gecko; compatible; GPTBot/1.4; +https://openai.com/gptbot)"
193.19.109.89 - - [22/May/2026:11:49:22 -0400] "POST /wp-login.php HTTP/1.1" 200 2166 "-" "Mozilla/5.0 (Windows NT 10.0; Win64; rv:143.0) Gecko/20100101 Firefox/143.0"
74.7.227.165 - - [22/May/2026:11:49:22 -0400] "GET /buy.php?goods/085038009 HTTP/1.1" 200 19377 "https://troop537.org/buy.php?jp/020000618.html" "Mozilla/5.0 AppleWebKit/537.36 (KHTML, like Gecko; compatible; GPTBot/1.4; +https://openai.com/gptbot)"
74.7.227.165 - - [22/May/2026:11:49:22 -0400] "GET /buy.php?detail/01000019360324 HTTP/1.1" 200 20096 "https://troop537.org/buy.php?jp/010000126.html" "Mozilla/5.0 AppleWebKit/537.36 (KHTML, like Gecko; compatible; GPTBot/1.4; +https://openai.com/gptbot)"
74.7.227.165 - - [22/May/2026:11:49:25 -0400] "GET /buy.php?detail/02000028308951 HTTP/1.1" 200 20293 "https://troop537.org/buy.php?jp/020000283.html" "Mozilla/5.0 AppleWebKit/537.36 (KHTML, like Gecko; compatible; GPTBot/1.4; +https://openai.com/gptbot)"
74.7.227.165 - - [22/May/2026:11:49:26 -0400] "GET /buy.php?detail/220004778926 HTTP/1.1" 200 22690 "https://troop537.org/buy.php?detail/07000016905698" "Mozilla/5.0 AppleWebKit/537.36 (KHTML, like Gecko; compatible; GPTBot/1.4; +https://openai.com/gptbot)"
74.7.227.165 - - [22/May/2026:11:49:26 -0400] "GET /buy.php?197027358.html HTTP/1.1" 200 18879 "https://troop537.org/buy.php?209046065" "Mozilla/5.0 AppleWebKit/537.36 (KHTML, like Gecko; compatible; GPTBot/1.4; +https://openai.com/gptbot)"
74.7.227.165 - - [22/May/2026:11:49:27 -0400] "GET /buy.php?jp/030000121.html HTTP/1.1" 200 20742 "https://troop537.org/buy.php?jp/030000275.html" "Mozilla/5.0 AppleWebKit/537.36 (KHTML, like Gecko; compatible; GPTBot/1.4; +https://openai.com/gptbot)"
74.7.227.165 - - [22/May/2026:11:49:28 -0400] "GET /buy.php?detail/00300035698460 HTTP/1.1" 200 19122 "https://troop537.org/buy.php?jp/003000365.html" "Mozilla/5.0 AppleWebKit/537.36 (KHTML, like Gecko; compatible; GPTBot/1.4; +https://openai.com/gptbot)"
74.7.227.165 - - [22/May/2026:11:49:28 -0400] "GET /buy.php?detail/23304472942222 HTTP/1.1" 200 19312 "https://troop537.org/buy.php?jp/070000763.html" "Mozilla/5.0 AppleWebKit/537.36 (KHTML, like Gecko; compatible; GPTBot/1.4; +https://openai.com/gptbot)"
74.7.227.165 - - [22/May/2026:11:49:29 -0400] "GET /buy.php?goods/260010041 HTTP/1.1" 200 19399 "https://troop537.org/buy.php?goods/202047292" "Mozilla/5.0 AppleWebKit/537.36 (KHTML, like Gecko; compatible; GPTBot/1.4; +https://openai.com/gptbot)"
74.7.227.165 - - [22/May/2026:11:49:29 -0400] "GET /buy.php?goods/047001046 HTTP/1.1" 200 19834 "https://troop537.org/buy.php?detail/047000897638" "Mozilla/5.0 AppleWebKit/537.36 (KHTML, like Gecko; compatible; GPTBot/1.4; +https://openai.com/gptbot)"
74.7.227.165 - - [22/May/2026:11:49:30 -0400] "GET /buy.php?goods/029010320 HTTP/1.1" 200 20966 "https://troop537.org/buy.php?detail/08100002925016" "Mozilla/5.0 AppleWebKit/537.36 (KHTML, like Gecko; compatible; GPTBot/1.4; +https://openai.com/gptbot)"
74.7.227.165 - - [22/May/2026:11:49:31 -0400] "GET /buy.php?jyusetsupro-569022446 HTTP/1.1" 200 20261 "https://troop537.org/buy.php?goods/202047292" "Mozilla/5.0 AppleWebKit/537.36 (KHTML, like Gecko; compatible; GPTBot/1.4; +https://openai.com/gptbot)"
74.7.227.165 - - [22/May/2026:11:49:31 -0400] "GET /buy.php?jp/010000359.html HTTP/1.1" 200 20141 "https://troop537.org/buy.php?detail/01000019360324" "Mozilla/5.0 AppleWebKit/537.36 (KHTML, like Gecko; compatible; GPTBot/1.4; +https://openai.com/gptbot)"
74.7.227.165 - - [22/May/2026:11:49:32 -0400] "GET /buy.php?jp/010000193.html HTTP/1.1" 200 20039 "https://troop537.org/buy.php?detail/01000019360324" "Mozilla/5.0 AppleWebKit/537.36 (KHTML, like Gecko; compatible; GPTBot/1.4; +https://openai.com/gptbot)"
74.7.227.165 - - [22/May/2026:11:49:33 -0400] "GET /buy.php?detail/185022208069 HTTP/1.1" 200 22420 "https://troop537.org/buy.php?detail/220004778926" "Mozilla/5.0 AppleWebKit/537.36 (KHTML, like Gecko; compatible; GPTBot/1.4; +https://openai.com/gptbot)"
74.7.227.165 - - [22/May/2026:11:49:33 -0400] "GET /buy.php?detail/01000087888963 HTTP/1.1" 200 20044 "https://troop537.org/buy.php?jp/010001422.html" "Mozilla/5.0 AppleWebKit/537.36 (KHTML, like Gecko; compatible; GPTBot/1.4; +https://openai.com/gptbot)"
74.7.227.165 - - [22/May/2026:11:49:34 -0400] "GET /buy.php?jp/030000368.html HTTP/1.1" 200 21476 "https://troop537.org/buy.php?jp/030000121.html" "Mozilla/5.0 AppleWebKit/537.36 (KHTML, like Gecko; compatible; GPTBot/1.4; +https://openai.com/gptbot)"
74.7.227.165 - - [22/May/2026:11:49:35 -0400] "GET /buy.php?jp/030000364.html HTTP/1.1" 200 21397 "https://troop537.org/buy.php?jp/030000121.html" "Mozilla/5.0 AppleWebKit/537.36 (KHTML, like Gecko; compatible; GPTBot/1.4; +https://openai.com/gptbot)"
74.7.227.165 - - [22/May/2026:11:49:40 -0400] "GET /buy.php?goods/076026609 HTTP/1.1" 200 19410 "https://troop537.org/buy.php?detail/00300035698460" "Mozilla/5.0 AppleWebKit/537.36 (KHTML, like Gecko; compatible; GPTBot/1.4; +https://openai.com/gptbot)"
74.7.227.165 - - [22/May/2026:11:49:40 -0400] "GET /buy.php?detail/09000084118394 HTTP/1.1" 200 19838 "https://troop537.org/buy.php?jp/090000171.html" "Mozilla/5.0 AppleWebKit/537.36 (KHTML, like Gecko; compatible; GPTBot/1.4; +https://openai.com/gptbot)"
74.7.227.165 - - [22/May/2026:11:49:53 -0400] "GET /buy.php?detail/08600090455554 HTTP/1.1" 200 20336 "https://troop537.org/buy.php?orangetool-2095626" "Mozilla/5.0 AppleWebKit/537.36 (KHTML, like Gecko; compatible; GPTBot/1.4; +https://openai.com/gptbot)"
74.7.227.165 - - [22/May/2026:11:49:55 -0400] "GET /buy.php?sjg-f-st02sb-004820j HTTP/1.1" 200 22750 "https://troop537.org/buy.php?goods/029010320" "Mozilla/5.0 AppleWebKit/537.36 (KHTML, like Gecko; compatible; GPTBot/1.4; +https://openai.com/gptbot)"
74.7.227.165 - - [22/May/2026:11:49:57 -0400] "GET /buy.php?detail/029008217352 HTTP/1.1" 200 20326 "https://troop537.org/buy.php?goods/029010320" "Mozilla/5.0 AppleWebKit/537.36 (KHTML, like Gecko; compatible; GPTBot/1.4; +https://openai.com/gptbot)"
74.7.227.165 - - [22/May/2026:11:50:00 -0400] "GET /buy.php?detail/01000011001814 HTTP/1.1" 200 19795 "https://troop537.org/buy.php?jp/010000359.html" "Mozilla/5.0 AppleWebKit/537.36 (KHTML, like Gecko; compatible; GPTBot/1.4; +https://openai.com/gptbot)"
74.7.227.165 - - [22/May/2026:11:50:00 -0400] "GET /buy.php?jp/010000135.html HTTP/1.1" 200 19927 "https://troop537.org/buy.php?jp/010000359.html" "Mozilla/5.0 AppleWebKit/537.36 (KHTML, like Gecko; compatible; GPTBot/1.4; +https://openai.com/gptbot)"
74.7.227.165 - - [22/May/2026:11:50:03 -0400] "GET /buy.php?detail/056009419879 HTTP/1.1" 200 21439 "https://troop537.org/buy.php?detail/185022208069" "Mozilla/5.0 AppleWebKit/537.36 (KHTML, like Gecko; compatible; GPTBot/1.4; +https://openai.com/gptbot)"
74.7.227.165 - - [22/May/2026:11:50:04 -0400] "GET /buy.php?detail/1550093363587 HTTP/1.1" 200 19924 "https://troop537.org/buy.php?jp/010000359.html" "Mozilla/5.0 AppleWebKit/537.36 (KHTML, like Gecko; compatible; GPTBot/1.4; +https://openai.com/gptbot)"
74.7.227.165 - - [22/May/2026:11:50:08 -0400] "GET /buy.php?aline-ds-2393742 HTTP/1.1" 200 19981 "https://troop537.org/buy.php?detail/01000087888963" "Mozilla/5.0 AppleWebKit/537.36 (KHTML, like Gecko; compatible; GPTBot/1.4; +https://openai.com/gptbot)"
74.7.227.165 - - [22/May/2026:11:50:09 -0400] "GET /buy.php?jp/030000651.html HTTP/1.1" 200 20421 "https://troop537.org/buy.php?jp/030000364.html" "Mozilla/5.0 AppleWebKit/537.36 (KHTML, like Gecko; compatible; GPTBot/1.4; +https://openai.com/gptbot)"
74.7.227.165 - - [22/May/2026:11:50:14 -0400] "GET /buy.php?taneha-55mk-ls0717fl HTTP/1.1" 200 20084 "https://troop537.org/buy.php?goods/076026609" "Mozilla/5.0 AppleWebKit/537.36 (KHTML, like Gecko; compatible; GPTBot/1.4; +https://openai.com/gptbot)"
74.7.227.165 - - [22/May/2026:11:50:15 -0400] "GET /buy.php?jyusetsupro-817006698 HTTP/1.1" 200 20609 "https://troop537.org/buy.php?jyusetsupro-569022446" "Mozilla/5.0 AppleWebKit/537.36 (KHTML, like Gecko; compatible; GPTBot/1.4; +https://openai.com/gptbot)"
74.7.227.165 - - [22/May/2026:11:50:16 -0400] "GET /buy.php?detail/3000259888754 HTTP/1.1" 200 20507 "https://troop537.org/buy.php?goods/029010320" "Mozilla/5.0 AppleWebKit/537.36 (KHTML, like Gecko; compatible; GPTBot/1.4; +https://openai.com/gptbot)"
74.7.227.165 - - [22/May/2026:11:50:18 -0400] "GET /buy.php?269022446.html HTTP/1.1" 200 20578 "https://troop537.org/buy.php?jyusetsupro-569022446" "Mozilla/5.0 AppleWebKit/537.36 (KHTML, like Gecko; compatible; GPTBot/1.4; +https://openai.com/gptbot)"
74.7.227.165 - - [22/May/2026:11:50:20 -0400] "GET /buy.php?detail/03000065663169 HTTP/1.1" 200 20125 "https://troop537.org/buy.php?jp/030000364.html" "Mozilla/5.0 AppleWebKit/537.36 (KHTML, like Gecko; compatible; GPTBot/1.4; +https://openai.com/gptbot)"
74.7.227.165 - - [22/May/2026:11:50:22 -0400] "GET /buy.php?detail/01000102468816 HTTP/1.1" 200 20287 "https://troop537.org/buy.php?jp/010000193.html" "Mozilla/5.0 AppleWebKit/537.36 (KHTML, like Gecko; compatible; GPTBot/1.4; +https://openai.com/gptbot)"
74.7.227.165 - - [22/May/2026:11:50:25 -0400] "GET /buy.php?jp/010000429.html HTTP/1.1" 200 20793 "https://troop537.org/buy.php?jp/010000135.html" "Mozilla/5.0 AppleWebKit/537.36 (KHTML, like Gecko; compatible; GPTBot/1.4; +https://openai.com/gptbot)"
