74.7.227.165 - - [22/May/2026:09:17:09 -0400] "GET /buy.php?099000022.html HTTP/1.1" 200 24201 "https://troop537.org/buy.php?benefit2001-au53901" "Mozilla/5.0 AppleWebKit/537.36 (KHTML, like Gecko; compatible; GPTBot/1.4; +https://openai.com/gptbot)"
204.12.208.18 - - [22/May/2026:09:17:07 -0400] "GET /wp-includes/adf9fafe/index.php HTTP/1.1" 200 26 "https://troop537.org/wp-includes/adf9fafe/index.php" "Mozilla/4.0 (compatible; MSIE 7.0; Windows NT 5.1)"
74.7.227.165 - - [22/May/2026:09:17:09 -0400] "GET /buy.php?goods/202007014 HTTP/1.1" 200 21872 "https://troop537.org/buy.php?247015736.html" "Mozilla/5.0 AppleWebKit/537.36 (KHTML, like Gecko; compatible; GPTBot/1.4; +https://openai.com/gptbot)"
74.7.227.165 - - [22/May/2026:09:17:11 -0400] "GET /buy.php?167012106.html HTTP/1.1" 200 21105 "https://troop537.org/buy.php?247015738.html" "Mozilla/5.0 AppleWebKit/537.36 (KHTML, like Gecko; compatible; GPTBot/1.4; +https://openai.com/gptbot)"
74.7.227.165 - - [22/May/2026:09:17:17 -0400] "GET /buy.php?099000062.html HTTP/1.1" 200 21228 "https://troop537.org/buy.php?benefit2001-au53901" "Mozilla/5.0 AppleWebKit/537.36 (KHTML, like Gecko; compatible; GPTBot/1.4; +https://openai.com/gptbot)"
74.7.227.165 - - [22/May/2026:09:17:17 -0400] "GET /buy.php?egaos-ckfx3357 HTTP/1.1" 200 21579 "https://troop537.org/buy.php?detail/145000112690" "Mozilla/5.0 AppleWebKit/537.36 (KHTML, like Gecko; compatible; GPTBot/1.4; +https://openai.com/gptbot)"
74.7.227.165 - - [22/May/2026:09:17:18 -0400] "GET /buy.php?099000048.html HTTP/1.1" 200 20807 "https://troop537.org/buy.php?benefit2001-au53901" "Mozilla/5.0 AppleWebKit/537.36 (KHTML, like Gecko; compatible; GPTBot/1.4; +https://openai.com/gptbot)"
74.7.227.165 - - [22/May/2026:09:17:26 -0400] "GET /buy.php?hope0703-2mvog4mstseertkihjgmunubqa-imp-1 HTTP/1.1" 200 21582 "https://troop537.org/buy.php?058014155.html" "Mozilla/5.0 AppleWebKit/537.36 (KHTML, like Gecko; compatible; GPTBot/1.4; +https://openai.com/gptbot)"
74.7.227.165 - - [22/May/2026:09:17:27 -0400] "GET /buy.php?2doriem-hkb000ftbleu HTTP/1.1" 200 20756 "https://troop537.org/buy.php?usdm-bike-4156-1994" "Mozilla/5.0 AppleWebKit/537.36 (KHTML, like Gecko; compatible; GPTBot/1.4; +https://openai.com/gptbot)"
74.7.227.165 - - [22/May/2026:09:17:27 -0400] "GET /buy.php?058038399.html HTTP/1.1" 200 19928 "https://troop537.org/buy.php?073004102.html" "Mozilla/5.0 AppleWebKit/537.36 (KHTML, like Gecko; compatible; GPTBot/1.4; +https://openai.com/gptbot)"
74.7.227.165 - - [22/May/2026:09:17:28 -0400] "GET /buy.php?073002726.html HTTP/1.1" 200 20145 "https://troop537.org/buy.php?073004102.html" "Mozilla/5.0 AppleWebKit/537.36 (KHTML, like Gecko; compatible; GPTBot/1.4; +https://openai.com/gptbot)"
74.7.227.165 - - [22/May/2026:09:17:29 -0400] "GET /buy.php?229040996.html HTTP/1.1" 200 20286 "https://troop537.org/buy.php?086022767.html" "Mozilla/5.0 AppleWebKit/537.36 (KHTML, like Gecko; compatible; GPTBot/1.4; +https://openai.com/gptbot)"
74.7.227.165 - - [22/May/2026:09:17:29 -0400] "GET /buy.php?228023843.html HTTP/1.1" 200 20187 "https://troop537.org/buy.php?228025405.html" "Mozilla/5.0 AppleWebKit/537.36 (KHTML, like Gecko; compatible; GPTBot/1.4; +https://openai.com/gptbot)"
74.7.227.165 - - [22/May/2026:09:17:30 -0400] "GET /buy.php?detail/20200481609761 HTTP/1.1" 200 21520 "https://troop537.org/buy.php?goods/202007014" "Mozilla/5.0 AppleWebKit/537.36 (KHTML, like Gecko; compatible; GPTBot/1.4; +https://openai.com/gptbot)"
74.7.227.165 - - [22/May/2026:09:17:30 -0400] "GET /buy.php?goods/202004821 HTTP/1.1" 200 23007 "https://troop537.org/buy.php?goods/202007014" "Mozilla/5.0 AppleWebKit/537.36 (KHTML, like Gecko; compatible; GPTBot/1.4; +https://openai.com/gptbot)"
74.7.227.165 - - [22/May/2026:09:17:31 -0400] "GET /buy.php?099000026.html HTTP/1.1" 200 20153 "https://troop537.org/buy.php?099000022.html" "Mozilla/5.0 AppleWebKit/537.36 (KHTML, like Gecko; compatible; GPTBot/1.4; +https://openai.com/gptbot)"
66.249.79.1 - - [22/May/2026:09:17:32 -0400] "GET /shop/pg/76bit/2804 HTTP/1.1" 200 17071 "-" "Mozilla/5.0 (Linux; Android 6.0.1; Nexus 5X Build/MMB29P) AppleWebKit/537.36 (KHTML, like Gecko) Chrome/148.0.7778.96 Mobile Safari/537.36 (compatible; GoogleOther)"
74.7.227.165 - - [22/May/2026:09:17:32 -0400] "GET /buy.php?099000066.html HTTP/1.1" 200 20600 "https://troop537.org/buy.php?099000062.html" "Mozilla/5.0 AppleWebKit/537.36 (KHTML, like Gecko; compatible; GPTBot/1.4; +https://openai.com/gptbot)"
74.7.227.165 - - [22/May/2026:09:17:32 -0400] "GET /buy.php?152037491.html HTTP/1.1" 200 18982 "https://troop537.org/buy.php?099000048.html" "Mozilla/5.0 AppleWebKit/537.36 (KHTML, like Gecko; compatible; GPTBot/1.4; +https://openai.com/gptbot)"
74.7.227.165 - - [22/May/2026:09:17:33 -0400] "GET /buy.php?099000016.html HTTP/1.1" 200 21504 "https://troop537.org/buy.php?099000048.html" "Mozilla/5.0 AppleWebKit/537.36 (KHTML, like Gecko; compatible; GPTBot/1.4; +https://openai.com/gptbot)"
74.7.227.165 - - [22/May/2026:09:17:33 -0400] "GET /buy.php?233001912.html HTTP/1.1" 200 20299 "https://troop537.org/buy.php?2doriem-hkb000ftbleu" "Mozilla/5.0 AppleWebKit/537.36 (KHTML, like Gecko; compatible; GPTBot/1.4; +https://openai.com/gptbot)"
74.7.227.165 - - [22/May/2026:09:17:38 -0400] "GET /buy.php?jyusetu-km6111zdechs HTTP/1.1" 200 20493 "https://troop537.org/buy.php?058000499.html" "Mozilla/5.0 AppleWebKit/537.36 (KHTML, like Gecko; compatible; GPTBot/1.4; +https://openai.com/gptbot)"
74.7.227.165 - - [22/May/2026:09:17:39 -0400] "GET /buy.php?linears-wzux2abbq3zxv4yhfgumrdxjxa-alb-1 HTTP/1.1" 200 20753 "https://troop537.org/buy.php?073002726.html" "Mozilla/5.0 AppleWebKit/537.36 (KHTML, like Gecko; compatible; GPTBot/1.4; +https://openai.com/gptbot)"
74.7.227.165 - - [22/May/2026:09:17:39 -0400] "GET /buy.php?174020853.html HTTP/1.1" 200 19987 "https://troop537.org/buy.php?073002726.html" "Mozilla/5.0 AppleWebKit/537.36 (KHTML, like Gecko; compatible; GPTBot/1.4; +https://openai.com/gptbot)"
74.7.227.165 - - [22/May/2026:09:17:40 -0400] "GET /buy.php?goods/228026624 HTTP/1.1" 200 20463 "https://troop537.org/buy.php?228023843.html" "Mozilla/5.0 AppleWebKit/537.36 (KHTML, like Gecko; compatible; GPTBot/1.4; +https://openai.com/gptbot)"
74.7.227.165 - - [22/May/2026:09:17:41 -0400] "GET /buy.php?292002369.html HTTP/1.1" 200 20142 "https://troop537.org/buy.php?229040996.html" "Mozilla/5.0 AppleWebKit/537.36 (KHTML, like Gecko; compatible; GPTBot/1.4; +https://openai.com/gptbot)"
74.7.227.165 - - [22/May/2026:09:17:45 -0400] "GET /buy.php?goods/202006048 HTTP/1.1" 200 21007 "https://troop537.org/buy.php?goods/202004821" "Mozilla/5.0 AppleWebKit/537.36 (KHTML, like Gecko; compatible; GPTBot/1.4; +https://openai.com/gptbot)"
74.7.227.165 - - [22/May/2026:09:17:45 -0400] "GET /buy.php?jp/099000043.html HTTP/1.1" 200 20525 "https://troop537.org/buy.php?099000026.html" "Mozilla/5.0 AppleWebKit/537.36 (KHTML, like Gecko; compatible; GPTBot/1.4; +https://openai.com/gptbot)"
74.7.227.165 - - [22/May/2026:09:17:50 -0400] "GET /buy.php?jp/099000048.html HTTP/1.1" 200 20539 "https://troop537.org/buy.php?099000026.html" "Mozilla/5.0 AppleWebKit/537.36 (KHTML, like Gecko; compatible; GPTBot/1.4; +https://openai.com/gptbot)"
74.7.227.165 - - [22/May/2026:09:17:51 -0400] "GET /buy.php?187035126.html HTTP/1.1" 200 20297 "https://troop537.org/buy.php?099000066.html" "Mozilla/5.0 AppleWebKit/537.36 (KHTML, like Gecko; compatible; GPTBot/1.4; +https://openai.com/gptbot)"
74.7.227.165 - - [22/May/2026:09:17:51 -0400] "GET /buy.php?099000074.html HTTP/1.1" 200 20862 "https://troop537.org/buy.php?099000066.html" "Mozilla/5.0 AppleWebKit/537.36 (KHTML, like Gecko; compatible; GPTBot/1.4; +https://openai.com/gptbot)"
74.7.227.165 - - [22/May/2026:09:17:52 -0400] "GET /buy.php?233001992.html HTTP/1.1" 200 20356 "https://troop537.org/buy.php?233001912.html" "Mozilla/5.0 AppleWebKit/537.36 (KHTML, like Gecko; compatible; GPTBot/1.4; +https://openai.com/gptbot)"
74.7.227.165 - - [22/May/2026:09:17:52 -0400] "GET /buy.php?176041825.html HTTP/1.1" 200 19457 "https://troop537.org/buy.php?jyusetu-km6111zdechs" "Mozilla/5.0 AppleWebKit/537.36 (KHTML, like Gecko; compatible; GPTBot/1.4; +https://openai.com/gptbot)"
74.7.227.165 - - [22/May/2026:09:17:53 -0400] "GET /buy.php?145009940.html HTTP/1.1" 200 19699 "https://troop537.org/buy.php?linears-wzux2abbq3zxv4yhfgumrdxjxa-alb-1" "Mozilla/5.0 AppleWebKit/537.36 (KHTML, like Gecko; compatible; GPTBot/1.4; +https://openai.com/gptbot)"
74.7.227.165 - - [22/May/2026:09:17:56 -0400] "GET /buy.php?098020827.html HTTP/1.1" 200 23467 "https://troop537.org/buy.php?linears-wzux2abbq3zxv4yhfgumrdxjxa-alb-1" "Mozilla/5.0 AppleWebKit/537.36 (KHTML, like Gecko; compatible; GPTBot/1.4; +https://openai.com/gptbot)"
74.7.227.165 - - [22/May/2026:09:17:56 -0400] "GET /buy.php?detail/228025862525 HTTP/1.1" 200 20175 "https://troop537.org/buy.php?goods/228026624" "Mozilla/5.0 AppleWebKit/537.36 (KHTML, like Gecko; compatible; GPTBot/1.4; +https://openai.com/gptbot)"
74.7.227.165 - - [22/May/2026:09:17:57 -0400] "GET /buy.php?goods/080048650 HTTP/1.1" 200 21946 "https://troop537.org/buy.php?goods/228026624" "Mozilla/5.0 AppleWebKit/537.36 (KHTML, like Gecko; compatible; GPTBot/1.4; +https://openai.com/gptbot)"
74.7.227.165 - - [22/May/2026:09:18:00 -0400] "GET /buy.php?detail/20200411965430 HTTP/1.1" 200 22329 "https://troop537.org/buy.php?goods/202006048" "Mozilla/5.0 AppleWebKit/537.36 (KHTML, like Gecko; compatible; GPTBot/1.4; +https://openai.com/gptbot)"
68.65.122.55 - - [22/May/2026:09:18:01 -0400] "POST /wp-cron.php?doing_wp_cron=1779455881.0078449249267578125000 HTTP/1.1" 403 1242 "-" "WordPress/6.9.4; https://troop537.org"
34.142.154.226 - - [22/May/2026:09:18:00 -0400] "POST /wp-login.php HTTP/1.1" 200 5317 "https://troop537.org/wp-login.php" "Mozilla/5.0 (Windows NT 10.0; Win64; x64) AppleWebKit/537.36 (KHTML, like Gecko) Chrome/123.0.0.0 Safari/537.36"
74.7.227.165 - - [22/May/2026:09:18:01 -0400] "GET /buy.php?jp/099000061.html HTTP/1.1" 200 21393 "https://troop537.org/buy.php?jp/099000043.html" "Mozilla/5.0 AppleWebKit/537.36 (KHTML, like Gecko; compatible; GPTBot/1.4; +https://openai.com/gptbot)"
74.7.227.165 - - [22/May/2026:09:18:13 -0400] "GET /buy.php?jp/099000026.html HTTP/1.1" 200 20425 "https://troop537.org/buy.php?jp/099000043.html" "Mozilla/5.0 AppleWebKit/537.36 (KHTML, like Gecko; compatible; GPTBot/1.4; +https://openai.com/gptbot)"
74.7.227.165 - - [22/May/2026:09:18:13 -0400] "GET /buy.php?goods/202004105 HTTP/1.1" 200 22004 "https://troop537.org/buy.php?goods/202006048" "Mozilla/5.0 AppleWebKit/537.36 (KHTML, like Gecko; compatible; GPTBot/1.4; +https://openai.com/gptbot)"
74.7.227.165 - - [22/May/2026:09:18:25 -0400] "GET /buy.php?goods/208009085 HTTP/1.1" 200 21418 "https://troop537.org/buy.php?jp/099000048.html" "Mozilla/5.0 AppleWebKit/537.36 (KHTML, like Gecko; compatible; GPTBot/1.4; +https://openai.com/gptbot)"
74.7.227.165 - - [22/May/2026:09:18:26 -0400] "GET /buy.php?170037811.html HTTP/1.1" 200 21182 "https://troop537.org/buy.php?233001992.html" "Mozilla/5.0 AppleWebKit/537.36 (KHTML, like Gecko; compatible; GPTBot/1.4; +https://openai.com/gptbot)"
74.7.227.165 - - [22/May/2026:09:18:26 -0400] "GET /buy.php?292001449.html HTTP/1.1" 200 20314 "https://troop537.org/buy.php?292002369.html" "Mozilla/5.0 AppleWebKit/537.36 (KHTML, like Gecko; compatible; GPTBot/1.4; +https://openai.com/gptbot)"
74.7.227.165 - - [22/May/2026:09:18:27 -0400] "GET /buy.php?233002488.html HTTP/1.1" 200 20734 "https://troop537.org/buy.php?233001992.html" "Mozilla/5.0 AppleWebKit/537.36 (KHTML, like Gecko; compatible; GPTBot/1.4; +https://openai.com/gptbot)"
74.7.227.165 - - [22/May/2026:09:18:28 -0400] "GET /buy.php?233002464.html HTTP/1.1" 200 20037 "https://troop537.org/buy.php?233001992.html" "Mozilla/5.0 AppleWebKit/537.36 (KHTML, like Gecko; compatible; GPTBot/1.4; +https://openai.com/gptbot)"
74.7.227.165 - - [22/May/2026:09:18:28 -0400] "GET /buy.php?detail/093025480441 HTTP/1.1" 200 19886 "https://troop537.org/buy.php?detail/228025862525" "Mozilla/5.0 AppleWebKit/537.36 (KHTML, like Gecko; compatible; GPTBot/1.4; +https://openai.com/gptbot)"
74.7.227.165 - - [22/May/2026:09:18:29 -0400] "GET /buy.php?goods/228023260 HTTP/1.1" 200 19988 "https://troop537.org/buy.php?detail/228025862525" "Mozilla/5.0 AppleWebKit/537.36 (KHTML, like Gecko; compatible; GPTBot/1.4; +https://openai.com/gptbot)"
74.7.227.165 - - [22/May/2026:09:18:30 -0400] "GET /buy.php?detail/25703026709019 HTTP/1.1" 200 19386 "https://troop537.org/buy.php?detail/20200411965430" "Mozilla/5.0 AppleWebKit/537.36 (KHTML, like Gecko; compatible; GPTBot/1.4; +https://openai.com/gptbot)"
74.7.227.165 - - [22/May/2026:09:18:30 -0400] "GET /buy.php?jp/099000067.html HTTP/1.1" 200 24037 "https://troop537.org/buy.php?jp/099000061.html" "Mozilla/5.0 AppleWebKit/537.36 (KHTML, like Gecko; compatible; GPTBot/1.4; +https://openai.com/gptbot)"
74.7.227.165 - - [22/May/2026:09:18:31 -0400] "GET /buy.php?f282022-amagasaki-1221862 HTTP/1.1" 200 19625 "https://troop537.org/buy.php?detail/20200411965430" "Mozilla/5.0 AppleWebKit/537.36 (KHTML, like Gecko; compatible; GPTBot/1.4; +https://openai.com/gptbot)"
74.7.227.165 - - [22/May/2026:09:18:31 -0400] "GET /buy.php?detail/11504845276415 HTTP/1.1" 200 19884 "https://troop537.org/buy.php?goods/202004105" "Mozilla/5.0 AppleWebKit/537.36 (KHTML, like Gecko; compatible; GPTBot/1.4; +https://openai.com/gptbot)"
74.7.227.165 - - [22/May/2026:09:18:34 -0400] "GET /buy.php?goods/001044570 HTTP/1.1" 200 19789 "https://troop537.org/buy.php?jp/099000026.html" "Mozilla/5.0 AppleWebKit/537.36 (KHTML, like Gecko; compatible; GPTBot/1.4; +https://openai.com/gptbot)"
74.7.227.165 - - [22/May/2026:09:18:35 -0400] "GET /buy.php?goods/202007105 HTTP/1.1" 200 21174 "https://troop537.org/buy.php?goods/202004105" "Mozilla/5.0 AppleWebKit/537.36 (KHTML, like Gecko; compatible; GPTBot/1.4; +https://openai.com/gptbot)"
74.7.227.165 - - [22/May/2026:09:18:35 -0400] "GET /buy.php?autostyle-zusz000304-002-0a HTTP/1.1" 200 19774 "https://troop537.org/buy.php?goods/208009085" "Mozilla/5.0 AppleWebKit/537.36 (KHTML, like Gecko; compatible; GPTBot/1.4; +https://openai.com/gptbot)"
74.7.227.165 - - [22/May/2026:09:18:36 -0400] "GET /buy.php?233002474.html HTTP/1.1" 200 20182 "https://troop537.org/buy.php?233001992.html" "Mozilla/5.0 AppleWebKit/537.36 (KHTML, like Gecko; compatible; GPTBot/1.4; +https://openai.com/gptbot)"
74.7.227.165 - - [22/May/2026:09:18:40 -0400] "GET /buy.php?233002450.html HTTP/1.1" 200 19924 "https://troop537.org/buy.php?233002464.html" "Mozilla/5.0 AppleWebKit/537.36 (KHTML, like Gecko; compatible; GPTBot/1.4; +https://openai.com/gptbot)"
66.249.79.1 - - [22/May/2026:09:18:46 -0400] "GET /product/082003673 HTTP/1.1" 200 16843 "-" "Mozilla/5.0 (Linux; Android 6.0.1; Nexus 5X Build/MMB29P) AppleWebKit/537.36 (KHTML, like Gecko) Chrome/148.0.7778.96 Mobile Safari/537.36 (compatible; GoogleOther)"
74.7.227.165 - - [22/May/2026:09:18:42 -0400] "GET /buy.php?grams-shop-il7adekldugjka63gepgpsxcqe-alg-1 HTTP/1.1" 200 19635 "https://troop537.org/buy.php?goods/228026624" "Mozilla/5.0 AppleWebKit/537.36 (KHTML, like Gecko; compatible; GPTBot/1.4; +https://openai.com/gptbot)"
74.7.227.165 - - [22/May/2026:09:18:53 -0400] "GET /buy.php?detail/22802745140268 HTTP/1.1" 200 19882 "https://troop537.org/buy.php?goods/228023260" "Mozilla/5.0 AppleWebKit/537.36 (KHTML, like Gecko; compatible; GPTBot/1.4; +https://openai.com/gptbot)"
74.7.227.165 - - [22/May/2026:09:18:54 -0400] "GET /buy.php?kensetsu-rush-suiko-hlt500 HTTP/1.1" 200 20171 "https://troop537.org/buy.php?detail/093025480441" "Mozilla/5.0 AppleWebKit/537.36 (KHTML, like Gecko; compatible; GPTBot/1.4; +https://openai.com/gptbot)"
74.7.227.165 - - [22/May/2026:09:18:55 -0400] "GET /buy.php?235011374.html HTTP/1.1" 200 20889 "https://troop537.org/buy.php?233002488.html" "Mozilla/5.0 AppleWebKit/537.36 (KHTML, like Gecko; compatible; GPTBot/1.4; +https://openai.com/gptbot)"
74.7.227.165 - - [22/May/2026:09:18:55 -0400] "GET /buy.php?tuzukiya-n100-0039 HTTP/1.1" 200 20430 "https://troop537.org/buy.php?f282022-amagasaki-1221862" "Mozilla/5.0 AppleWebKit/537.36 (KHTML, like Gecko; compatible; GPTBot/1.4; +https://openai.com/gptbot)"
74.7.227.165 - - [22/May/2026:09:18:56 -0400] "GET /buy.php?001000080.html HTTP/1.1" 200 20286 "https://troop537.org/buy.php?linears-wzux2abbq3zxv4yhfgumrdxjxa-alb-1" "Mozilla/5.0 AppleWebKit/537.36 (KHTML, like Gecko; compatible; GPTBot/1.4; +https://openai.com/gptbot)"
74.7.227.165 - - [22/May/2026:09:19:04 -0400] "GET /buy.php?099000086.html HTTP/1.1" 200 21176 "https://troop537.org/buy.php?099000066.html" "Mozilla/5.0 AppleWebKit/537.36 (KHTML, like Gecko; compatible; GPTBot/1.4; +https://openai.com/gptbot)"
74.7.227.165 - - [22/May/2026:09:19:09 -0400] "GET /buy.php?goods/202004261 HTTP/1.1" 200 21070 "https://troop537.org/buy.php?goods/202007105" "Mozilla/5.0 AppleWebKit/537.36 (KHTML, like Gecko; compatible; GPTBot/1.4; +https://openai.com/gptbot)"
74.7.227.165 - - [22/May/2026:09:19:09 -0400] "GET /buy.php?goods/212011462 HTTP/1.1" 200 20757 "https://troop537.org/buy.php?goods/202007105" "Mozilla/5.0 AppleWebKit/537.36 (KHTML, like Gecko; compatible; GPTBot/1.4; +https://openai.com/gptbot)"
74.7.227.165 - - [22/May/2026:09:19:10 -0400] "GET /buy.php?098039183.html HTTP/1.1" 200 18831 "https://troop537.org/buy.php?autostyle-zusz000304-002-0a" "Mozilla/5.0 AppleWebKit/537.36 (KHTML, like Gecko; compatible; GPTBot/1.4; +https://openai.com/gptbot)"
74.7.227.165 - - [22/May/2026:09:19:11 -0400] "GET /buy.php?090014649.html HTTP/1.1" 200 21092 "https://troop537.org/buy.php?233002474.html" "Mozilla/5.0 AppleWebKit/537.36 (KHTML, like Gecko; compatible; GPTBot/1.4; +https://openai.com/gptbot)"
74.7.227.165 - - [22/May/2026:09:19:11 -0400] "GET /buy.php?099000070.html HTTP/1.1" 200 20841 "https://troop537.org/buy.php?099000066.html" "Mozilla/5.0 AppleWebKit/537.36 (KHTML, like Gecko; compatible; GPTBot/1.4; +https://openai.com/gptbot)"
66.249.79.1 - - [22/May/2026:09:19:14 -0400] "GET /?jp/013035563.html HTTP/1.1" 200 17136 "-" "Mozilla/5.0 (Linux; Android 6.0.1; Nexus 5X Build/MMB29P) AppleWebKit/537.36 (KHTML, like Gecko) Chrome/148.0.7778.96 Mobile Safari/537.36 (compatible; GoogleOther)"
74.7.227.165 - - [22/May/2026:09:19:12 -0400] "GET /buy.php?2doriem-hkb000wmkefm HTTP/1.1" 200 20317 "https://troop537.org/buy.php?268032607.html" "Mozilla/5.0 AppleWebKit/537.36 (KHTML, like Gecko; compatible; GPTBot/1.4; +https://openai.com/gptbot)"
74.7.227.165 - - [22/May/2026:09:19:15 -0400] "GET /buy.php?185032246.html HTTP/1.1" 200 20996 "https://troop537.org/buy.php?kensetsu-rush-suiko-hlt500" "Mozilla/5.0 AppleWebKit/537.36 (KHTML, like Gecko; compatible; GPTBot/1.4; +https://openai.com/gptbot)"
74.7.227.165 - - [22/May/2026:09:19:20 -0400] "GET /buy.php?235009530.html HTTP/1.1" 200 21867 "https://troop537.org/buy.php?235011374.html" "Mozilla/5.0 AppleWebKit/537.36 (KHTML, like Gecko; compatible; GPTBot/1.4; +https://openai.com/gptbot)"
74.7.227.165 - - [22/May/2026:09:19:20 -0400] "GET /buy.php?289009812.html HTTP/1.1" 200 19389 "https://troop537.org/buy.php?tuzukiya-n100-0039" "Mozilla/5.0 AppleWebKit/537.36 (KHTML, like Gecko; compatible; GPTBot/1.4; +https://openai.com/gptbot)"
74.7.227.165 - - [22/May/2026:09:19:22 -0400] "GET /buy.php?detail/001000982136 HTTP/1.1" 200 20263 "https://troop537.org/buy.php?001000080.html" "Mozilla/5.0 AppleWebKit/537.36 (KHTML, like Gecko; compatible; GPTBot/1.4; +https://openai.com/gptbot)"
74.7.227.165 - - [22/May/2026:09:19:24 -0400] "GET /buy.php?murauchi-dvd-4933315267904 HTTP/1.1" 200 20395 "https://troop537.org/buy.php?175003710.html" "Mozilla/5.0 AppleWebKit/537.36 (KHTML, like Gecko; compatible; GPTBot/1.4; +https://openai.com/gptbot)"
68.65.122.55 - - [22/May/2026:09:19:24 -0400] "POST /wp-cron.php?doing_wp_cron=1779455964.3361420631408691406250 HTTP/1.1" 403 1242 "-" "WordPress/6.9.4; https://troop537.org"
223.178.223.80 - - [22/May/2026:09:19:24 -0400] "GET / HTTP/1.1" 200 18670 "-" "Mozilla/5.0"
74.7.227.165 - - [22/May/2026:09:19:24 -0400] "GET /buy.php?kimono-yumeyakata-r2062 HTTP/1.1" 200 20726 "https://troop537.org/buy.php?globalhomes-mi1746706694-3144" "Mozilla/5.0 AppleWebKit/537.36 (KHTML, like Gecko; compatible; GPTBot/1.4; +https://openai.com/gptbot)"
74.7.227.165 - - [22/May/2026:09:19:25 -0400] "GET /buy.php?pocchi-shop-m-4518340155312 HTTP/1.1" 200 19821 "https://troop537.org/buy.php?detail/252000177181" "Mozilla/5.0 AppleWebKit/537.36 (KHTML, like Gecko; compatible; GPTBot/1.4; +https://openai.com/gptbot)"
74.7.227.165 - - [22/May/2026:09:19:26 -0400] "GET /buy.php?pocchi-shop-m-4570158385374 HTTP/1.1" 200 19407 "https://troop537.org/buy.php?038000087.html" "Mozilla/5.0 AppleWebKit/537.36 (KHTML, like Gecko; compatible; GPTBot/1.4; +https://openai.com/gptbot)"
103.186.216.30 - - [22/May/2026:09:19:27 -0400] "POST /wp-login.php HTTP/1.1" 200 2166 "http://troop537.org/wp-admin/" "Mozilla/5.0 (Windows NT 10.0; Win64; x64) AppleWebKit/537.36 (KHTML, like Gecko) Chrome/90.0.4430.85 Safari/537.36"
74.7.227.165 - - [22/May/2026:09:19:26 -0400] "GET /buy.php?pocchi-shop-m-4550468989493 HTTP/1.1" 200 21033 "https://troop537.org/buy.php?260046627.html" "Mozilla/5.0 AppleWebKit/537.36 (KHTML, like Gecko; compatible; GPTBot/1.4; +https://openai.com/gptbot)"
74.7.227.165 - - [22/May/2026:09:19:27 -0400] "GET /buy.php?pocchi-shop-m-4935228968923 HTTP/1.1" 200 19155 "https://troop537.org/buy.php?category/385_7979/1/listing" "Mozilla/5.0 AppleWebKit/537.36 (KHTML, like Gecko; compatible; GPTBot/1.4; +https://openai.com/gptbot)"
103.186.216.30 - - [22/May/2026:09:19:28 -0400] "POST /wp-login.php HTTP/1.1" 200 2166 "http://troop537.org/wp-admin/" "Mozilla/5.0 (Windows NT 10.0; Win64; x64) AppleWebKit/537.36 (KHTML, like Gecko) Chrome/90.0.4430.85 Safari/537.36"
74.7.227.165 - - [22/May/2026:09:19:28 -0400] "GET /buy.php?pocchi-shop-m-4068816830743 HTTP/1.1" 200 24711 "https://troop537.org/buy.php?category/317_6564_6565/1/listing" "Mozilla/5.0 AppleWebKit/537.36 (KHTML, like Gecko; compatible; GPTBot/1.4; +https://openai.com/gptbot)"
103.186.216.30 - - [22/May/2026:09:19:28 -0400] "GET /wp-admin/ HTTP/1.1" 302 0 "http://troop537.org/wp-admin/" "Mozilla/5.0 (Windows NT 10.0; Win64; x64) AppleWebKit/537.36 (KHTML, like Gecko) Chrome/90.0.4430.85 Safari/537.36"
103.186.216.30 - - [22/May/2026:09:19:29 -0400] "GET /wp-login.php?redirect_to=https%3A%2F%2Ftroop537.org%2Fwp-admin%2F&reauth=1 HTTP/1.1" 200 2069 "http://troop537.org/wp-admin/" "Mozilla/5.0 (Windows NT 10.0; Win64; x64) AppleWebKit/537.36 (KHTML, like Gecko) Chrome/90.0.4430.85 Safari/537.36"
74.7.227.165 - - [22/May/2026:09:19:29 -0400] "GET /buy.php?pocchi-shop-m-4550456866317 HTTP/1.1" 200 21507 "https://troop537.org/buy.php?goods/099008295" "Mozilla/5.0 AppleWebKit/537.36 (KHTML, like Gecko; compatible; GPTBot/1.4; +https://openai.com/gptbot)"
103.186.216.30 - - [22/May/2026:09:19:29 -0400] "POST /wp-login.php HTTP/1.1" 200 2166 "https://troop537.org/wp-admin/" "Mozilla/5.0 (Windows NT 10.0; Win64; x64) AppleWebKit/537.36 (KHTML, like Gecko) Chrome/90.0.4430.85 Safari/537.36"
74.7.227.165 - - [22/May/2026:09:19:29 -0400] "GET /buy.php?pocchi-shop-m-4582694562621 HTTP/1.1" 200 19288 "https://troop537.org/buy.php?030002843.html" "Mozilla/5.0 AppleWebKit/537.36 (KHTML, like Gecko; compatible; GPTBot/1.4; +https://openai.com/gptbot)"
103.186.216.30 - - [22/May/2026:09:19:30 -0400] "GET /wp-admin/ HTTP/1.1" 302 0 "https://troop537.org/wp-admin/" "Mozilla/5.0 (Windows NT 10.0; Win64; x64) AppleWebKit/537.36 (KHTML, like Gecko) Chrome/90.0.4430.85 Safari/537.36"
103.186.216.30 - - [22/May/2026:09:19:30 -0400] "GET /wp-login.php?redirect_to=https%3A%2F%2Ftroop537.org%2Fwp-admin%2F&reauth=1 HTTP/1.1" 200 2069 "https://troop537.org/wp-admin/" "Mozilla/5.0 (Windows NT 10.0; Win64; x64) AppleWebKit/537.36 (KHTML, like Gecko) Chrome/90.0.4430.85 Safari/537.36"
74.7.227.165 - - [22/May/2026:09:19:30 -0400] "GET /buy.php?goods/025040722 HTTP/1.1" 200 20683 "https://troop537.org/buy.php?289009812.html" "Mozilla/5.0 AppleWebKit/537.36 (KHTML, like Gecko; compatible; GPTBot/1.4; +https://openai.com/gptbot)"
103.186.216.30 - - [22/May/2026:09:19:31 -0400] "POST /wp-login.php HTTP/1.1" 200 2156 "https://troop537.org/wp-admin/" "Mozilla/5.0 (Windows NT 10.0; Win64; x64) AppleWebKit/537.36 (KHTML, like Gecko) Chrome/90.0.4430.85 Safari/537.36"
74.7.227.165 - - [22/May/2026:09:19:30 -0400] "GET /buy.php?pocchi-shop-m-4068816832839 HTTP/1.1" 200 19829 "https://troop537.org/buy.php?category/279_1544/1/listing" "Mozilla/5.0 AppleWebKit/537.36 (KHTML, like Gecko; compatible; GPTBot/1.4; +https://openai.com/gptbot)"
103.186.216.30 - - [22/May/2026:09:19:31 -0400] "GET /wp-admin/ HTTP/1.1" 302 0 "https://troop537.org/wp-admin/" "Mozilla/5.0 (Windows NT 10.0; Win64; x64) AppleWebKit/537.36 (KHTML, like Gecko) Chrome/90.0.4430.85 Safari/537.36"
103.186.216.30 - - [22/May/2026:09:19:31 -0400] "GET /wp-login.php?redirect_to=https%3A%2F%2Ftroop537.org%2Fwp-admin%2F&reauth=1 HTTP/1.1" 200 2069 "https://troop537.org/wp-admin/" "Mozilla/5.0 (Windows NT 10.0; Win64; x64) AppleWebKit/537.36 (KHTML, like Gecko) Chrome/90.0.4430.85 Safari/537.36"
74.7.227.165 - - [22/May/2026:09:19:31 -0400] "GET /buy.php?pocchi-shop-m-4573132790232 HTTP/1.1" 200 19596 "https://troop537.org/buy.php?090004739.html" "Mozilla/5.0 AppleWebKit/537.36 (KHTML, like Gecko; compatible; GPTBot/1.4; +https://openai.com/gptbot)"
103.186.216.30 - - [22/May/2026:09:19:32 -0400] "POST /wp-login.php HTTP/1.1" 200 2156 "https://troop537.org/wp-admin/" "Mozilla/5.0 (Windows NT 10.0; Win64; x64) AppleWebKit/537.36 (KHTML, like Gecko) Chrome/90.0.4430.85 Safari/537.36"
74.7.227.165 - - [22/May/2026:09:19:32 -0400] "GET /buy.php?pocchi-shop-m-4571602290077 HTTP/1.1" 200 19999 "https://troop537.org/buy.php?122004621.html" "Mozilla/5.0 AppleWebKit/537.36 (KHTML, like Gecko; compatible; GPTBot/1.4; +https://openai.com/gptbot)"
103.186.216.30 - - [22/May/2026:09:19:32 -0400] "GET /wp-admin/ HTTP/1.1" 302 0 "https://troop537.org/wp-admin/" "Mozilla/5.0 (Windows NT 10.0; Win64; x64) AppleWebKit/537.36 (KHTML, like Gecko) Chrome/90.0.4430.85 Safari/537.36"
103.186.216.30 - - [22/May/2026:09:19:33 -0400] "GET /wp-login.php?redirect_to=https%3A%2F%2Ftroop537.org%2Fwp-admin%2F&reauth=1 HTTP/1.1" 200 2069 "https://troop537.org/wp-admin/" "Mozilla/5.0 (Windows NT 10.0; Win64; x64) AppleWebKit/537.36 (KHTML, like Gecko) Chrome/90.0.4430.85 Safari/537.36"
74.7.227.165 - - [22/May/2026:09:19:33 -0400] "GET /buy.php?151002882.html HTTP/1.1" 200 23085 "https://troop537.org/buy.php?pocchi-shop-m-4518340155312" "Mozilla/5.0 AppleWebKit/537.36 (KHTML, like Gecko; compatible; GPTBot/1.4; +https://openai.com/gptbot)"
74.7.227.165 - - [22/May/2026:09:19:33 -0400] "GET /buy.php?detail/021047981160 HTTP/1.1" 200 21786 "https://troop537.org/buy.php?pocchi-shop-m-4570158385374" "Mozilla/5.0 AppleWebKit/537.36 (KHTML, like Gecko; compatible; GPTBot/1.4; +https://openai.com/gptbot)"
74.7.227.165 - - [22/May/2026:09:19:34 -0400] "GET /buy.php?pocchi-shop-m-4589849687147 HTTP/1.1" 200 19930 "https://troop537.org/buy.php?aline-ds-2114852" "Mozilla/5.0 AppleWebKit/537.36 (KHTML, like Gecko; compatible; GPTBot/1.4; +https://openai.com/gptbot)"
74.7.227.165 - - [22/May/2026:09:19:34 -0400] "GET /buy.php?mi-ya-bi-t2z-j8og-fe3qqrc-1 HTTP/1.1" 200 24398 "https://troop537.org/buy.php?201001948.html" "Mozilla/5.0 AppleWebKit/537.36 (KHTML, like Gecko; compatible; GPTBot/1.4; +https://openai.com/gptbot)"
74.7.227.165 - - [22/May/2026:09:19:35 -0400] "GET /buy.php?135043728.html HTTP/1.1" 200 19612 "https://troop537.org/buy.php?pocchi-shop-m-4935228968923" "Mozilla/5.0 AppleWebKit/537.36 (KHTML, like Gecko; compatible; GPTBot/1.4; +https://openai.com/gptbot)"
74.7.227.165 - - [22/May/2026:09:19:36 -0400] "GET /buy.php?bearfoot-shoes-gregory-easy-day HTTP/1.1" 200 20309 "https://troop537.org/buy.php?goods/072001105" "Mozilla/5.0 AppleWebKit/537.36 (KHTML, like Gecko; compatible; GPTBot/1.4; +https://openai.com/gptbot)"
74.7.227.165 - - [22/May/2026:09:19:36 -0400] "GET /buy.php?first34-ebm-090900005 HTTP/1.1" 200 20107 "https://troop537.org/buy.php?detail/010000682336" "Mozilla/5.0 AppleWebKit/537.36 (KHTML, like Gecko; compatible; GPTBot/1.4; +https://openai.com/gptbot)"
74.7.227.165 - - [22/May/2026:09:19:37 -0400] "GET /buy.php?perk-up-19938-53877 HTTP/1.1" 200 19763 "https://troop537.org/buy.php?goods/025040722" "Mozilla/5.0 AppleWebKit/537.36 (KHTML, like Gecko; compatible; GPTBot/1.4; +https://openai.com/gptbot)"
74.7.227.165 - - [22/May/2026:09:19:38 -0400] "GET /buy.php?165039324.html HTTP/1.1" 200 19739 "https://troop537.org/buy.php?pocchi-shop-m-4582694562621" "Mozilla/5.0 AppleWebKit/537.36 (KHTML, like Gecko; compatible; GPTBot/1.4; +https://openai.com/gptbot)"
74.7.227.165 - - [22/May/2026:09:19:39 -0400] "GET /buy.php?goods/292021949 HTTP/1.1" 200 19863 "https://troop537.org/buy.php?goods/025040722" "Mozilla/5.0 AppleWebKit/537.36 (KHTML, like Gecko; compatible; GPTBot/1.4; +https://openai.com/gptbot)"
74.7.227.165 - - [22/May/2026:09:19:43 -0400] "GET /buy.php?056034463.html HTTP/1.1" 200 19724 "https://troop537.org/buy.php?pocchi-shop-m-4573132790232" "Mozilla/5.0 AppleWebKit/537.36 (KHTML, like Gecko; compatible; GPTBot/1.4; +https://openai.com/gptbot)"
74.7.227.165 - - [22/May/2026:09:19:44 -0400] "GET /buy.php?gakkiwatanabe-a166090 HTTP/1.1" 200 19844 "https://troop537.org/buy.php?151002882.html" "Mozilla/5.0 AppleWebKit/537.36 (KHTML, like Gecko; compatible; GPTBot/1.4; +https://openai.com/gptbot)"
74.7.227.165 - - [22/May/2026:09:19:44 -0400] "GET /buy.php?goods/021011861 HTTP/1.1" 200 20102 "https://troop537.org/buy.php?detail/021047981160" "Mozilla/5.0 AppleWebKit/537.36 (KHTML, like Gecko; compatible; GPTBot/1.4; +https://openai.com/gptbot)"
74.7.227.165 - - [22/May/2026:09:19:45 -0400] "GET /buy.php?goods/021011840 HTTP/1.1" 200 22926 "https://troop537.org/buy.php?detail/021047981160" "Mozilla/5.0 AppleWebKit/537.36 (KHTML, like Gecko; compatible; GPTBot/1.4; +https://openai.com/gptbot)"
66.249.79.8 - - [22/May/2026:09:20:00 -0400] "GET /product/181045780 HTTP/1.1" 200 17320 "-" "Mozilla/5.0 (Linux; Android 6.0.1; Nexus 5X Build/MMB29P) AppleWebKit/537.36 (KHTML, like Gecko) Chrome/148.0.7778.96 Mobile Safari/537.36 (compatible; GoogleOther)"
74.7.227.165 - - [22/May/2026:09:19:46 -0400] "GET /buy.php?239032772.html HTTP/1.1" 200 19 "https://troop537.org/buy.php?pocchi-shop-m-4550456866317" "Mozilla/5.0 AppleWebKit/537.36 (KHTML, like Gecko; compatible; GPTBot/1.4; +https://openai.com/gptbot)"
74.7.227.165 - - [22/May/2026:09:20:05 -0400] "GET /buy.php?065048090.html HTTP/1.1" 200 19328 "https://troop537.org/buy.php?mi-ya-bi-t2z-j8og-fe3qqrc-1" "Mozilla/5.0 AppleWebKit/537.36 (KHTML, like Gecko; compatible; GPTBot/1.4; +https://openai.com/gptbot)"
74.7.227.165 - - [22/May/2026:09:20:06 -0400] "GET /buy.php?iinex-ab000nmnxxg HTTP/1.1" 200 21987 "https://troop537.org/buy.php?111040750.html" "Mozilla/5.0 AppleWebKit/537.36 (KHTML, like Gecko; compatible; GPTBot/1.4; +https://openai.com/gptbot)"
74.7.227.165 - - [22/May/2026:09:20:07 -0400] "GET /buy.php?vivito-shop-item-022580-2 HTTP/1.1" 200 19982 "https://troop537.org/buy.php?104008607.html" "Mozilla/5.0 AppleWebKit/537.36 (KHTML, like Gecko; compatible; GPTBot/1.4; +https://openai.com/gptbot)"
74.7.227.165 - - [22/May/2026:09:20:08 -0400] "GET /buy.php?miyashop-01-uyne2gcxucgfsmpyr57y3pcrdi-imp-1 HTTP/1.1" 200 20083 "https://troop537.org/buy.php?goods/260015100" "Mozilla/5.0 AppleWebKit/537.36 (KHTML, like Gecko; compatible; GPTBot/1.4; +https://openai.com/gptbot)"
74.7.227.165 - - [22/May/2026:09:20:09 -0400] "GET /buy.php?miyashop-01-u6yeclrqp62zhpezddsvleel5u-alb-1 HTTP/1.1" 200 19658 "https://troop537.org/buy.php?157007440.html" "Mozilla/5.0 AppleWebKit/537.36 (KHTML, like Gecko; compatible; GPTBot/1.4; +https://openai.com/gptbot)"
74.7.227.165 - - [22/May/2026:09:20:09 -0400] "GET /buy.php?miyashop-01-6orfubi5rtubkhwfbdheuyag54-imp-1 HTTP/1.1" 200 20344 "https://troop537.org/buy.php?detail/060021106112" "Mozilla/5.0 AppleWebKit/537.36 (KHTML, like Gecko; compatible; GPTBot/1.4; +https://openai.com/gptbot)"
74.7.227.165 - - [22/May/2026:09:20:11 -0400] "GET /buy.php?174046647.html HTTP/1.1" 200 19527 "https://troop537.org/buy.php?056034463.html" "Mozilla/5.0 AppleWebKit/537.36 (KHTML, like Gecko; compatible; GPTBot/1.4; +https://openai.com/gptbot)"
74.7.227.165 - - [22/May/2026:09:20:16 -0400] "GET /buy.php?tsukasa-shop-m7pdbpxrxzqe6ggta9qz--b0dp627dgz HTTP/1.1" 200 20131 "https://troop537.org/buy.php?jp/252000285.html" "Mozilla/5.0 AppleWebKit/537.36 (KHTML, like Gecko; compatible; GPTBot/1.4; +https://openai.com/gptbot)"
74.7.227.165 - - [22/May/2026:09:20:17 -0400] "GET /buy.php?tsukasa-shop-nom2vaubfq46bdqnh2pg--b0cvn6n1pm HTTP/1.1" 200 19506 "https://troop537.org/buy.php?148012172" "Mozilla/5.0 AppleWebKit/537.36 (KHTML, like Gecko; compatible; GPTBot/1.4; +https://openai.com/gptbot)"
74.7.227.165 - - [22/May/2026:09:20:18 -0400] "GET /buy.php?primes-shop-47apqq4jvwn7ytmpcwsj2zcmf4-smp-1 HTTP/1.1" 200 20648 "https://troop537.org/buy.php?inokoya-yyoimik5hgaorhntaqmamqcn2q" "Mozilla/5.0 AppleWebKit/537.36 (KHTML, like Gecko; compatible; GPTBot/1.4; +https://openai.com/gptbot)"
74.7.227.165 - - [22/May/2026:09:20:24 -0400] "GET /buy.php?auc-jetrag-c5021315101cb03d-1 HTTP/1.1" 200 19429 "https://troop537.org/buy.php?detail/015000747939" "Mozilla/5.0 AppleWebKit/537.36 (KHTML, like Gecko; compatible; GPTBot/1.4; +https://openai.com/gptbot)"
74.7.227.165 - - [22/May/2026:09:20:24 -0400] "GET /buy.php?detail/2890320166955 HTTP/1.1" 200 19410 "https://troop537.org/buy.php?065048090.html" "Mozilla/5.0 AppleWebKit/537.36 (KHTML, like Gecko; compatible; GPTBot/1.4; +https://openai.com/gptbot)"
74.7.227.165 - - [22/May/2026:09:20:26 -0400] "GET /buy.php?auc-jetrag-716c17663273ec6c-1 HTTP/1.1" 200 20248 "https://troop537.org/buy.php?jp/070000497.html" "Mozilla/5.0 AppleWebKit/537.36 (KHTML, like Gecko; compatible; GPTBot/1.4; +https://openai.com/gptbot)"
74.7.227.165 - - [22/May/2026:09:20:27 -0400] "GET /buy.php?043002860.html HTTP/1.1" 200 20047 "https://troop537.org/buy.php?vivito-shop-item-022580-2" "Mozilla/5.0 AppleWebKit/537.36 (KHTML, like Gecko; compatible; GPTBot/1.4; +https://openai.com/gptbot)"
74.7.227.165 - - [22/May/2026:09:20:27 -0400] "GET /buy.php?detail/0020002646995 HTTP/1.1" 200 21026 "https://troop537.org/buy.php?jp/002000291.html" "Mozilla/5.0 AppleWebKit/537.36 (KHTML, like Gecko; compatible; GPTBot/1.4; +https://openai.com/gptbot)"
66.249.79.8 - - [22/May/2026:09:20:28 -0400] "GET /product/286042655 HTTP/1.1" 200 17168 "-" "Mozilla/5.0 (Linux; Android 6.0.1; Nexus 5X Build/MMB29P) AppleWebKit/537.36 (KHTML, like Gecko) Chrome/148.0.7778.96 Mobile Safari/537.36 (compatible; GoogleOther)"
74.7.227.165 - - [22/May/2026:09:20:28 -0400] "GET /buy.php?hirochishop-2-hwg815 HTTP/1.1" 200 20192 "https://troop537.org/buy.php?miyashop-01-u6yeclrqp62zhpezddsvleel5u-alb-1" "Mozilla/5.0 AppleWebKit/537.36 (KHTML, like Gecko; compatible; GPTBot/1.4; +https://openai.com/gptbot)"
74.7.227.165 - - [22/May/2026:09:20:29 -0400] "GET /buy.php?detail/0200002998917 HTTP/1.1" 200 20539 "https://troop537.org/buy.php?jp/020003212.html" "Mozilla/5.0 AppleWebKit/537.36 (KHTML, like Gecko; compatible; GPTBot/1.4; +https://openai.com/gptbot)"
74.7.227.165 - - [22/May/2026:09:20:29 -0400] "GET /buy.php?hirochishop-2-mismmbcc-stngr-18pbe HTTP/1.1" 200 19839 "https://troop537.org/buy.php?250024575.html" "Mozilla/5.0 AppleWebKit/537.36 (KHTML, like Gecko; compatible; GPTBot/1.4; +https://openai.com/gptbot)"
74.7.227.165 - - [22/May/2026:09:20:30 -0400] "GET /buy.php?088003397.html HTTP/1.1" 200 20872 "https://troop537.org/buy.php?tsukasa-shop-m7pdbpxrxzqe6ggta9qz--b0dp627dgz" "Mozilla/5.0 AppleWebKit/537.36 (KHTML, like Gecko; compatible; GPTBot/1.4; +https://openai.com/gptbot)"
74.7.227.165 - - [22/May/2026:09:20:31 -0400] "GET /buy.php?088003135.html HTTP/1.1" 200 20496 "https://troop537.org/buy.php?tsukasa-shop-m7pdbpxrxzqe6ggta9qz--b0dp627dgz" "Mozilla/5.0 AppleWebKit/537.36 (KHTML, like Gecko; compatible; GPTBot/1.4; +https://openai.com/gptbot)"
74.7.227.165 - - [22/May/2026:09:20:33 -0400] "GET /buy.php?torimashouten-b003xt6y0a HTTP/1.1" 200 19571 "https://troop537.org/buy.php?primes-shop-47apqq4jvwn7ytmpcwsj2zcmf4-smp-1" "Mozilla/5.0 AppleWebKit/537.36 (KHTML, like Gecko; compatible; GPTBot/1.4; +https://openai.com/gptbot)"
74.7.227.165 - - [22/May/2026:09:20:34 -0400] "GET /buy.php?054020093.html HTTP/1.1" 200 19663 "https://troop537.org/buy.php?primes-shop-47apqq4jvwn7ytmpcwsj2zcmf4-smp-1" "Mozilla/5.0 AppleWebKit/537.36 (KHTML, like Gecko; compatible; GPTBot/1.4; +https://openai.com/gptbot)"
74.7.227.165 - - [22/May/2026:09:20:35 -0400] "GET /buy.php?detail/2540415753784 HTTP/1.1" 200 19411 "https://troop537.org/buy.php?detail/2890320166955" "Mozilla/5.0 AppleWebKit/537.36 (KHTML, like Gecko; compatible; GPTBot/1.4; +https://openai.com/gptbot)"
74.7.227.165 - - [22/May/2026:09:20:35 -0400] "GET /buy.php?vlookupstore-gr-e9ejqttxte HTTP/1.1" 200 19912 "https://troop537.org/buy.php?ganbareganbare-gan2024as16-1" "Mozilla/5.0 AppleWebKit/537.36 (KHTML, like Gecko; compatible; GPTBot/1.4; +https://openai.com/gptbot)"
74.7.227.165 - - [22/May/2026:09:20:36 -0400] "GET /buy.php?043002942.html HTTP/1.1" 200 19854 "https://troop537.org/buy.php?043002860.html" "Mozilla/5.0 AppleWebKit/537.36 (KHTML, like Gecko; compatible; GPTBot/1.4; +https://openai.com/gptbot)"
74.7.227.165 - - [22/May/2026:09:20:37 -0400] "GET /buy.php?jp/002000284.html HTTP/1.1" 200 20728 "https://troop537.org/buy.php?detail/0020002646995" "Mozilla/5.0 AppleWebKit/537.36 (KHTML, like Gecko; compatible; GPTBot/1.4; +https://openai.com/gptbot)"
74.7.227.165 - - [22/May/2026:09:20:38 -0400] "GET /buy.php?020036265.html HTTP/1.1" 200 19837 "https://troop537.org/buy.php?043002860.html" "Mozilla/5.0 AppleWebKit/537.36 (KHTML, like Gecko; compatible; GPTBot/1.4; +https://openai.com/gptbot)"
74.7.227.165 - - [22/May/2026:09:20:39 -0400] "GET /buy.php?030000301.html HTTP/1.1" 200 20231 "https://troop537.org/buy.php?hirochishop-2-hwg815" "Mozilla/5.0 AppleWebKit/537.36 (KHTML, like Gecko; compatible; GPTBot/1.4; +https://openai.com/gptbot)"
74.7.227.165 - - [22/May/2026:09:20:40 -0400] "GET /buy.php?198040841.html HTTP/1.1" 200 19452 "https://troop537.org/buy.php?hirochishop-2-mismmbcc-stngr-18pbe" "Mozilla/5.0 AppleWebKit/537.36 (KHTML, like Gecko; compatible; GPTBot/1.4; +https://openai.com/gptbot)"
74.7.227.165 - - [22/May/2026:09:20:41 -0400] "GET /buy.php?comparte-266627 HTTP/1.1" 200 19592 "https://troop537.org/buy.php?088003397.html" "Mozilla/5.0 AppleWebKit/537.36 (KHTML, like Gecko; compatible; GPTBot/1.4; +https://openai.com/gptbot)"
74.7.227.165 - - [22/May/2026:09:20:43 -0400] "GET /buy.php?245013792.html HTTP/1.1" 200 20849 "https://troop537.org/buy.php?088003397.html" "Mozilla/5.0 AppleWebKit/537.36 (KHTML, like Gecko; compatible; GPTBot/1.4; +https://openai.com/gptbot)"
74.7.227.165 - - [22/May/2026:09:20:43 -0400] "GET /buy.php?088002933.html HTTP/1.1" 200 21330 "https://troop537.org/buy.php?088003135.html" "Mozilla/5.0 AppleWebKit/537.36 (KHTML, like Gecko; compatible; GPTBot/1.4; +https://openai.com/gptbot)"
74.7.227.165 - - [22/May/2026:09:20:45 -0400] "GET /buy.php?021045420.html HTTP/1.1" 200 19543 "https://troop537.org/buy.php?088003397.html" "Mozilla/5.0 AppleWebKit/537.36 (KHTML, like Gecko; compatible; GPTBot/1.4; +https://openai.com/gptbot)"
74.7.227.165 - - [22/May/2026:09:20:46 -0400] "GET /buy.php?088002927.html HTTP/1.1" 200 20276 "https://troop537.org/buy.php?088003135.html" "Mozilla/5.0 AppleWebKit/537.36 (KHTML, like Gecko; compatible; GPTBot/1.4; +https://openai.com/gptbot)"
74.7.227.165 - - [22/May/2026:09:20:54 -0400] "GET /buy.php?040000399.html HTTP/1.1" 200 19880 "https://troop537.org/buy.php?hirochishop-2-mismmbcc-stngr-18pbe" "Mozilla/5.0 AppleWebKit/537.36 (KHTML, like Gecko; compatible; GPTBot/1.4; +https://openai.com/gptbot)"
74.7.227.165 - - [22/May/2026:09:20:54 -0400] "GET /buy.php?122003217.html HTTP/1.1" 200 19816 "https://troop537.org/buy.php?043002942.html" "Mozilla/5.0 AppleWebKit/537.36 (KHTML, like Gecko; compatible; GPTBot/1.4; +https://openai.com/gptbot)"
74.7.227.165 - - [22/May/2026:09:20:55 -0400] "GET /buy.php?jp/002000218.html HTTP/1.1" 200 20426 "https://troop537.org/buy.php?jp/002000284.html" "Mozilla/5.0 AppleWebKit/537.36 (KHTML, like Gecko; compatible; GPTBot/1.4; +https://openai.com/gptbot)"
74.7.227.165 - - [22/May/2026:09:20:55 -0400] "GET /buy.php?detail/0100467977826 HTTP/1.1" 200 19947 "https://troop537.org/buy.php?jp/002000284.html" "Mozilla/5.0 AppleWebKit/537.36 (KHTML, like Gecko; compatible; GPTBot/1.4; +https://openai.com/gptbot)"
74.7.227.165 - - [22/May/2026:09:21:03 -0400] "GET /buy.php?goods/013003706 HTTP/1.1" 200 19852 "https://troop537.org/buy.php?jp/002000284.html" "Mozilla/5.0 AppleWebKit/537.36 (KHTML, like Gecko; compatible; GPTBot/1.4; +https://openai.com/gptbot)"
74.7.227.165 - - [22/May/2026:09:21:04 -0400] "GET /buy.php?nichiyouhinnishino-nichiyouhi2025121516043419594131-1 HTTP/1.1" 200 20570 "https://troop537.org/buy.php?goods/016025006" "Mozilla/5.0 AppleWebKit/537.36 (KHTML, like Gecko; compatible; GPTBot/1.4; +https://openai.com/gptbot)"
74.7.227.165 - - [22/May/2026:09:21:05 -0400] "GET /buy.php?288026626 HTTP/1.1" 200 20901 "https://troop537.org/buy.php?comparte-266627" "Mozilla/5.0 AppleWebKit/537.36 (KHTML, like Gecko; compatible; GPTBot/1.4; +https://openai.com/gptbot)"
74.7.227.165 - - [22/May/2026:09:21:06 -0400] "GET /buy.php?245013398.html HTTP/1.1" 200 20389 "https://troop537.org/buy.php?245013792.html" "Mozilla/5.0 AppleWebKit/537.36 (KHTML, like Gecko; compatible; GPTBot/1.4; +https://openai.com/gptbot)"
74.7.227.165 - - [22/May/2026:09:21:06 -0400] "GET /buy.php?jyusetsupro-2880001224 HTTP/1.1" 200 20239 "https://troop537.org/buy.php?210006418" "Mozilla/5.0 AppleWebKit/537.36 (KHTML, like Gecko; compatible; GPTBot/1.4; +https://openai.com/gptbot)"
74.7.227.165 - - [22/May/2026:09:21:14 -0400] "GET /buy.php?jyusetsupro-1722000287 HTTP/1.1" 200 22131 "https://troop537.org/buy.php?146028073.html" "Mozilla/5.0 AppleWebKit/537.36 (KHTML, like Gecko; compatible; GPTBot/1.4; +https://openai.com/gptbot)"
74.7.227.165 - - [22/May/2026:09:21:18 -0400] "GET /buy.php?jyusetsupro-1884000131 HTTP/1.1" 200 20456 "https://troop537.org/buy.php?296034861.html" "Mozilla/5.0 AppleWebKit/537.36 (KHTML, like Gecko; compatible; GPTBot/1.4; +https://openai.com/gptbot)"
74.7.227.165 - - [22/May/2026:09:21:24 -0400] "GET /buy.php?jyusetsupro-1230002315 HTTP/1.1" 200 20007 "https://troop537.org/buy.php?skymarketplus-b07qgzk577" "Mozilla/5.0 AppleWebKit/537.36 (KHTML, like Gecko; compatible; GPTBot/1.4; +https://openai.com/gptbot)"
74.7.227.165 - - [22/May/2026:09:21:25 -0400] "GET /buy.php?122002741.html HTTP/1.1" 200 20218 "https://troop537.org/buy.php?122003217.html" "Mozilla/5.0 AppleWebKit/537.36 (KHTML, like Gecko; compatible; GPTBot/1.4; +https://openai.com/gptbot)"
74.7.227.165 - - [22/May/2026:09:21:25 -0400] "GET /buy.php?jyusetsupro-1577000313 HTTP/1.1" 200 19755 "https://troop537.org/buy.php?084021921.html" "Mozilla/5.0 AppleWebKit/537.36 (KHTML, like Gecko; compatible; GPTBot/1.4; +https://openai.com/gptbot)"
74.7.227.165 - - [22/May/2026:09:21:26 -0400] "GET /buy.php?jyusetsupro-1777008303 HTTP/1.1" 200 20390 "https://troop537.org/buy.php?092033991.html" "Mozilla/5.0 AppleWebKit/537.36 (KHTML, like Gecko; compatible; GPTBot/1.4; +https://openai.com/gptbot)"
74.7.227.165 - - [22/May/2026:09:21:26 -0400] "GET /buy.php?jyusetsupro-2382000733 HTTP/1.1" 200 19164 "https://troop537.org/buy.php?jp/020007760.html" "Mozilla/5.0 AppleWebKit/537.36 (KHTML, like Gecko; compatible; GPTBot/1.4; +https://openai.com/gptbot)"
74.7.227.165 - - [22/May/2026:09:21:27 -0400] "GET /buy.php?211048356.html HTTP/1.1" 200 20159 "https://troop537.org/buy.php?nichiyouhinnishino-nichiyouhi2025121516043419594131-1" "Mozilla/5.0 AppleWebKit/537.36 (KHTML, like Gecko; compatible; GPTBot/1.4; +https://openai.com/gptbot)"
74.7.227.165 - - [22/May/2026:09:21:28 -0400] "GET /buy.php?jyusetsupro-1595000945 HTTP/1.1" 200 20132 "https://troop537.org/buy.php?detail/26000227722629" "Mozilla/5.0 AppleWebKit/537.36 (KHTML, like Gecko; compatible; GPTBot/1.4; +https://openai.com/gptbot)"
74.7.227.165 - - [22/May/2026:09:21:28 -0400] "GET /buy.php?245016728.html HTTP/1.1" 200 19695 "https://troop537.org/buy.php?245013398.html" "Mozilla/5.0 AppleWebKit/537.36 (KHTML, like Gecko; compatible; GPTBot/1.4; +https://openai.com/gptbot)"
74.7.227.165 - - [22/May/2026:09:21:29 -0400] "GET /buy.php?288002037.html HTTP/1.1" 200 20042 "https://troop537.org/buy.php?jyusetsupro-2880001224" "Mozilla/5.0 AppleWebKit/537.36 (KHTML, like Gecko; compatible; GPTBot/1.4; +https://openai.com/gptbot)"
74.7.227.165 - - [22/May/2026:09:21:30 -0400] "GET /buy.php?jyusetsupro-1666001079 HTTP/1.1" 200 20672 "https://troop537.org/buy.php?detail/060005416778" "Mozilla/5.0 AppleWebKit/537.36 (KHTML, like Gecko; compatible; GPTBot/1.4; +https://openai.com/gptbot)"
74.7.227.165 - - [22/May/2026:09:21:30 -0400] "GET /buy.php?233007260.html HTTP/1.1" 200 20456 "https://troop537.org/buy.php?jyusetsupro-1884000131" "Mozilla/5.0 AppleWebKit/537.36 (KHTML, like Gecko; compatible; GPTBot/1.4; +https://openai.com/gptbot)"
74.7.227.165 - - [22/May/2026:09:21:31 -0400] "GET /buy.php?jyusetsupro-1452000112 HTTP/1.1" 200 21361 "https://troop537.org/buy.php?111007122.html" "Mozilla/5.0 AppleWebKit/537.36 (KHTML, like Gecko; compatible; GPTBot/1.4; +https://openai.com/gptbot)"
74.7.227.165 - - [22/May/2026:09:21:36 -0400] "GET /buy.php?122003071.html HTTP/1.1" 200 20886 "https://troop537.org/buy.php?122002741.html" "Mozilla/5.0 AppleWebKit/537.36 (KHTML, like Gecko; compatible; GPTBot/1.4; +https://openai.com/gptbot)"
74.7.227.165 - - [22/May/2026:09:21:37 -0400] "GET /buy.php?s-hero-z-ds-uf6sjg01ja-1 HTTP/1.1" 200 19522 "https://troop537.org/buy.php?122002741.html" "Mozilla/5.0 AppleWebKit/537.36 (KHTML, like Gecko; compatible; GPTBot/1.4; +https://openai.com/gptbot)"
74.7.227.165 - - [22/May/2026:09:21:40 -0400] "GET /buy.php?177016638.html HTTP/1.1" 200 20526 "https://troop537.org/buy.php?jyusetsupro-1777008303" "Mozilla/5.0 AppleWebKit/537.36 (KHTML, like Gecko; compatible; GPTBot/1.4; +https://openai.com/gptbot)"
74.7.227.165 - - [22/May/2026:09:21:42 -0400] "GET /buy.php?292023014 HTTP/1.1" 200 19588 "https://troop537.org/buy.php?jyusetsupro-2382000733" "Mozilla/5.0 AppleWebKit/537.36 (KHTML, like Gecko; compatible; GPTBot/1.4; +https://openai.com/gptbot)"
74.7.227.165 - - [22/May/2026:09:21:43 -0400] "GET /buy.php?hauteproduit-2024-09-25-1675 HTTP/1.1" 200 19419 "https://troop537.org/buy.php?211048356.html" "Mozilla/5.0 AppleWebKit/537.36 (KHTML, like Gecko; compatible; GPTBot/1.4; +https://openai.com/gptbot)"
74.7.227.165 - - [22/May/2026:09:21:47 -0400] "GET /buy.php?228023215.html HTTP/1.1" 200 19474 "https://troop537.org/buy.php?211048356.html" "Mozilla/5.0 AppleWebKit/537.36 (KHTML, like Gecko; compatible; GPTBot/1.4; +https://openai.com/gptbot)"
74.7.227.165 - - [22/May/2026:09:21:48 -0400] "GET /buy.php?131041436.html HTTP/1.1" 200 19248 "https://troop537.org/buy.php?jyusetsupro-1595000945" "Mozilla/5.0 AppleWebKit/537.36 (KHTML, like Gecko; compatible; GPTBot/1.4; +https://openai.com/gptbot)"
74.7.227.165 - - [22/May/2026:09:21:48 -0400] "GET /buy.php?jyusetsupro-2821000255 HTTP/1.1" 200 20854 "https://troop537.org/buy.php?080032710" "Mozilla/5.0 AppleWebKit/537.36 (KHTML, like Gecko; compatible; GPTBot/1.4; +https://openai.com/gptbot)"
74.7.227.165 - - [22/May/2026:09:21:49 -0400] "GET /buy.php?jyusetsupro-1230002328 HTTP/1.1" 200 20050 "https://troop537.org/buy.php?motomoto-fe-pf-tab-2701609-xd03026-ne" "Mozilla/5.0 AppleWebKit/537.36 (KHTML, like Gecko; compatible; GPTBot/1.4; +https://openai.com/gptbot)"
74.7.227.165 - - [22/May/2026:09:21:54 -0400] "GET /buy.php?auc-taihei-p000002829 HTTP/1.1" 200 19404 "https://troop537.org/buy.php?068031259.html" "Mozilla/5.0 AppleWebKit/537.36 (KHTML, like Gecko; compatible; GPTBot/1.4; +https://openai.com/gptbot)"
74.7.227.165 - - [22/May/2026:09:21:55 -0400] "GET /buy.php?auc-taihei-p000002310 HTTP/1.1" 200 19908 "https://troop537.org/buy.php?068029471.html" "Mozilla/5.0 AppleWebKit/537.36 (KHTML, like Gecko; compatible; GPTBot/1.4; +https://openai.com/gptbot)"
74.7.227.165 - - [22/May/2026:09:21:56 -0400] "GET /buy.php?122003317.html HTTP/1.1" 200 20314 "https://troop537.org/buy.php?122003071.html" "Mozilla/5.0 AppleWebKit/537.36 (KHTML, like Gecko; compatible; GPTBot/1.4; +https://openai.com/gptbot)"
74.7.227.165 - - [22/May/2026:09:22:02 -0400] "GET /buy.php?017003677 HTTP/1.1" 200 21239 "https://troop537.org/buy.php?s-hero-z-ds-uf6sjg01ja-1" "Mozilla/5.0 AppleWebKit/537.36 (KHTML, like Gecko; compatible; GPTBot/1.4; +https://openai.com/gptbot)"
74.7.227.165 - - [22/May/2026:09:22:03 -0400] "GET /buy.php?guruguru2-bstd-20422 HTTP/1.1" 200 20767 "https://troop537.org/buy.php?s-hero-z-ds-uf6sjg01ja-1" "Mozilla/5.0 AppleWebKit/537.36 (KHTML, like Gecko; compatible; GPTBot/1.4; +https://openai.com/gptbot)"
74.7.227.165 - - [22/May/2026:09:22:04 -0400] "GET /buy.php?091000098.html HTTP/1.1" 200 20532 "https://troop537.org/buy.php?s-hero-z-ds-uf6sjg01ja-1" "Mozilla/5.0 AppleWebKit/537.36 (KHTML, like Gecko; compatible; GPTBot/1.4; +https://openai.com/gptbot)"
74.7.227.165 - - [22/May/2026:09:22:04 -0400] "GET /buy.php?091000100.html HTTP/1.1" 200 20477 "https://troop537.org/buy.php?s-hero-z-ds-uf6sjg01ja-1" "Mozilla/5.0 AppleWebKit/537.36 (KHTML, like Gecko; compatible; GPTBot/1.4; +https://openai.com/gptbot)"
