51.195.183.168 - - [22/May/2026:08:10:39 -0400] "GET / HTTP/1.1" 200 16379 "-" "Mozilla/5.0 (compatible; AhrefsBot/7.0; +http://ahrefs.com/robot/)"
74.7.227.165 - - [22/May/2026:08:10:36 -0400] "GET /buy.php?025000012.html HTTP/1.1" 200 19469 "https://troop537.org/buy.php?025013222.html" "Mozilla/5.0 AppleWebKit/537.36 (KHTML, like Gecko; compatible; GPTBot/1.4; +https://openai.com/gptbot)"
74.7.227.165 - - [22/May/2026:08:10:41 -0400] "GET /buy.php?205026366.html HTTP/1.1" 200 19612 "https://troop537.org/buy.php?205025910.html" "Mozilla/5.0 AppleWebKit/537.36 (KHTML, like Gecko; compatible; GPTBot/1.4; +https://openai.com/gptbot)"
74.7.227.165 - - [22/May/2026:08:10:42 -0400] "GET /buy.php?148044189.html HTTP/1.1" 200 20047 "https://troop537.org/buy.php?300008881.html" "Mozilla/5.0 AppleWebKit/537.36 (KHTML, like Gecko; compatible; GPTBot/1.4; +https://openai.com/gptbot)"
74.7.227.165 - - [22/May/2026:08:10:46 -0400] "GET /buy.php?044000053.html HTTP/1.1" 200 19936 "https://troop537.org/buy.php?044000151.html" "Mozilla/5.0 AppleWebKit/537.36 (KHTML, like Gecko; compatible; GPTBot/1.4; +https://openai.com/gptbot)"
74.7.227.165 - - [22/May/2026:08:10:47 -0400] "GET /buy.php?sportsmitsuhashi-fj3794-102-1 HTTP/1.1" 200 19825 "https://troop537.org/buy.php?244005027.html" "Mozilla/5.0 AppleWebKit/537.36 (KHTML, like Gecko; compatible; GPTBot/1.4; +https://openai.com/gptbot)"
74.7.227.165 - - [22/May/2026:08:10:49 -0400] "GET /buy.php?091033818.html HTTP/1.1" 200 20236 "https://troop537.org/buy.php?244005027.html" "Mozilla/5.0 AppleWebKit/537.36 (KHTML, like Gecko; compatible; GPTBot/1.4; +https://openai.com/gptbot)"
66.249.79.8 - - [22/May/2026:08:10:51 -0400] "GET /shop/pg/2private/8398 HTTP/1.1" 200 16125 "-" "Mozilla/5.0 (Linux; Android 6.0.1; Nexus 5X Build/MMB29P) AppleWebKit/537.36 (KHTML, like Gecko) Chrome/148.0.7778.96 Mobile Safari/537.36 (compatible; GoogleOther)"
74.7.227.165 - - [22/May/2026:08:10:50 -0400] "GET /buy.php?244005549.html HTTP/1.1" 200 21075 "https://troop537.org/buy.php?244005027.html" "Mozilla/5.0 AppleWebKit/537.36 (KHTML, like Gecko; compatible; GPTBot/1.4; +https://openai.com/gptbot)"
74.7.227.165 - - [22/May/2026:08:11:02 -0400] "GET /buy.php?142004027.html HTTP/1.1" 200 20520 "https://troop537.org/buy.php?146035779.html" "Mozilla/5.0 AppleWebKit/537.36 (KHTML, like Gecko; compatible; GPTBot/1.4; +https://openai.com/gptbot)"
74.7.227.165 - - [22/May/2026:08:11:03 -0400] "GET /buy.php?065040290.html HTTP/1.1" 200 19744 "https://troop537.org/buy.php?015004360.html" "Mozilla/5.0 AppleWebKit/537.36 (KHTML, like Gecko; compatible; GPTBot/1.4; +https://openai.com/gptbot)"
74.7.227.165 - - [22/May/2026:08:11:04 -0400] "GET /buy.php?049000034.html HTTP/1.1" 200 20993 "https://troop537.org/buy.php?gooog-70116-70131-1" "Mozilla/5.0 AppleWebKit/537.36 (KHTML, like Gecko; compatible; GPTBot/1.4; +https://openai.com/gptbot)"
74.7.227.165 - - [22/May/2026:08:11:04 -0400] "GET /buy.php?023049168.html HTTP/1.1" 200 19056 "https://troop537.org/buy.php?052000059.html" "Mozilla/5.0 AppleWebKit/537.36 (KHTML, like Gecko; compatible; GPTBot/1.4; +https://openai.com/gptbot)"
74.7.227.165 - - [22/May/2026:08:11:05 -0400] "GET /buy.php?035047240.html HTTP/1.1" 200 20196 "https://troop537.org/buy.php?025000012.html" "Mozilla/5.0 AppleWebKit/537.36 (KHTML, like Gecko; compatible; GPTBot/1.4; +https://openai.com/gptbot)"
74.7.227.165 - - [22/May/2026:08:11:06 -0400] "GET /buy.php?205027507 HTTP/1.1" 200 20467 "https://troop537.org/buy.php?205026366.html" "Mozilla/5.0 AppleWebKit/537.36 (KHTML, like Gecko; compatible; GPTBot/1.4; +https://openai.com/gptbot)"
74.7.227.165 - - [22/May/2026:08:11:06 -0400] "GET /buy.php?148031967.html HTTP/1.1" 200 19593 "https://troop537.org/buy.php?148044189.html" "Mozilla/5.0 AppleWebKit/537.36 (KHTML, like Gecko; compatible; GPTBot/1.4; +https://openai.com/gptbot)"
74.7.227.165 - - [22/May/2026:08:11:07 -0400] "GET /buy.php?240042601.html HTTP/1.1" 200 19356 "https://troop537.org/buy.php?044000053.html" "Mozilla/5.0 AppleWebKit/537.36 (KHTML, like Gecko; compatible; GPTBot/1.4; +https://openai.com/gptbot)"
74.7.227.165 - - [22/May/2026:08:11:08 -0400] "GET /buy.php?shopdeclinic-69-5397-58 HTTP/1.1" 200 20783 "https://troop537.org/buy.php?025000012.html" "Mozilla/5.0 AppleWebKit/537.36 (KHTML, like Gecko; compatible; GPTBot/1.4; +https://openai.com/gptbot)"
66.249.79.2 - - [22/May/2026:08:11:11 -0400] "GET /product/195013002 HTTP/1.1" 200 17917 "-" "Mozilla/5.0 (Linux; Android 6.0.1; Nexus 5X Build/MMB29P) AppleWebKit/537.36 (KHTML, like Gecko) Chrome/148.0.7778.96 Mobile Safari/537.36 (compatible; GoogleOther)"
74.7.227.165 - - [22/May/2026:08:11:10 -0400] "GET /buy.php?222022297.html HTTP/1.1" 200 21452 "https://troop537.org/buy.php?017020766.html" "Mozilla/5.0 AppleWebKit/537.36 (KHTML, like Gecko; compatible; GPTBot/1.4; +https://openai.com/gptbot)"
74.7.227.165 - - [22/May/2026:08:11:12 -0400] "GET /buy.php?goods/300035588 HTTP/1.1" 200 19054 "https://troop537.org/buy.php?244005549.html" "Mozilla/5.0 AppleWebKit/537.36 (KHTML, like Gecko; compatible; GPTBot/1.4; +https://openai.com/gptbot)"
74.7.227.165 - - [22/May/2026:08:11:15 -0400] "GET /buy.php?244006265.html HTTP/1.1" 200 19913 "https://troop537.org/buy.php?244005549.html" "Mozilla/5.0 AppleWebKit/537.36 (KHTML, like Gecko; compatible; GPTBot/1.4; +https://openai.com/gptbot)"
74.7.227.165 - - [22/May/2026:08:11:16 -0400] "GET /buy.php?otaichi-20172000420535 HTTP/1.1" 200 21822 "https://troop537.org/buy.php?065040290.html" "Mozilla/5.0 AppleWebKit/537.36 (KHTML, like Gecko; compatible; GPTBot/1.4; +https://openai.com/gptbot)"
74.7.227.165 - - [22/May/2026:08:11:16 -0400] "GET /buy.php?haikanshop-un-175109 HTTP/1.1" 200 20153 "https://troop537.org/buy.php?049000034.html" "Mozilla/5.0 AppleWebKit/537.36 (KHTML, like Gecko; compatible; GPTBot/1.4; +https://openai.com/gptbot)"
74.7.227.165 - - [22/May/2026:08:11:20 -0400] "GET /buy.php?200022005.html HTTP/1.1" 200 21557 "https://troop537.org/buy.php?056022011.html" "Mozilla/5.0 AppleWebKit/537.36 (KHTML, like Gecko; compatible; GPTBot/1.4; +https://openai.com/gptbot)"
74.7.227.165 - - [22/May/2026:08:11:21 -0400] "GET /buy.php?012022227.html HTTP/1.1" 200 20241 "https://troop537.org/buy.php?shopdeclinic-61-2134-94" "Mozilla/5.0 AppleWebKit/537.36 (KHTML, like Gecko; compatible; GPTBot/1.4; +https://openai.com/gptbot)"
66.249.79.8 - - [22/May/2026:08:11:23 -0400] "GET /shop/pg/151contest/44721 HTTP/1.1" 200 16937 "-" "Mozilla/5.0 (Linux; Android 6.0.1; Nexus 5X Build/MMB29P) AppleWebKit/537.36 (KHTML, like Gecko) Chrome/148.0.7778.96 Mobile Safari/537.36 (compatible; GoogleOther)"
74.7.227.165 - - [22/May/2026:08:11:23 -0400] "GET /buy.php?205025308.html HTTP/1.1" 200 20688 "https://troop537.org/buy.php?205027507" "Mozilla/5.0 AppleWebKit/537.36 (KHTML, like Gecko; compatible; GPTBot/1.4; +https://openai.com/gptbot)"
74.7.227.165 - - [22/May/2026:08:11:24 -0400] "GET /buy.php?014000081.html HTTP/1.1" 200 21520 "https://troop537.org/buy.php?014000351.html" "Mozilla/5.0 AppleWebKit/537.36 (KHTML, like Gecko; compatible; GPTBot/1.4; +https://openai.com/gptbot)"
74.7.227.165 - - [22/May/2026:08:11:26 -0400] "GET /buy.php?partsjapan-ymt-4995 HTTP/1.1" 200 20858 "https://troop537.org/buy.php?240042601.html" "Mozilla/5.0 AppleWebKit/537.36 (KHTML, like Gecko; compatible; GPTBot/1.4; +https://openai.com/gptbot)"
74.7.227.165 - - [22/May/2026:08:11:38 -0400] "GET /buy.php?090000101.html HTTP/1.1" 200 19639 "https://troop537.org/buy.php?090000405.html" "Mozilla/5.0 AppleWebKit/537.36 (KHTML, like Gecko; compatible; GPTBot/1.4; +https://openai.com/gptbot)"
74.7.227.165 - - [22/May/2026:08:11:38 -0400] "GET /buy.php?015023512.html HTTP/1.1" 200 20564 "https://troop537.org/buy.php?222022297.html" "Mozilla/5.0 AppleWebKit/537.36 (KHTML, like Gecko; compatible; GPTBot/1.4; +https://openai.com/gptbot)"
74.7.227.165 - - [22/May/2026:08:11:39 -0400] "GET /buy.php?wmarket-o6jbmpjavqvfkepjts3qlzelxm HTTP/1.1" 200 19544 "https://troop537.org/buy.php?goods/300035588" "Mozilla/5.0 AppleWebKit/537.36 (KHTML, like Gecko; compatible; GPTBot/1.4; +https://openai.com/gptbot)"
74.7.227.165 - - [22/May/2026:08:11:40 -0400] "GET /buy.php?244004253.html HTTP/1.1" 200 21127 "https://troop537.org/buy.php?244006265.html" "Mozilla/5.0 AppleWebKit/537.36 (KHTML, like Gecko; compatible; GPTBot/1.4; +https://openai.com/gptbot)"
74.7.227.165 - - [22/May/2026:08:11:45 -0400] "GET /buy.php?253041996.html HTTP/1.1" 200 20035 "https://troop537.org/buy.php?otaichi-20172000420535" "Mozilla/5.0 AppleWebKit/537.36 (KHTML, like Gecko; compatible; GPTBot/1.4; +https://openai.com/gptbot)"
74.7.227.165 - - [22/May/2026:08:11:45 -0400] "GET /buy.php?095003160.html HTTP/1.1" 200 21949 "https://troop537.org/buy.php?haikanshop-un-175109" "Mozilla/5.0 AppleWebKit/537.36 (KHTML, like Gecko; compatible; GPTBot/1.4; +https://openai.com/gptbot)"
74.7.227.165 - - [22/May/2026:08:11:46 -0400] "GET /buy.php?244004231.html HTTP/1.1" 200 21539 "https://troop537.org/buy.php?244006265.html" "Mozilla/5.0 AppleWebKit/537.36 (KHTML, like Gecko; compatible; GPTBot/1.4; +https://openai.com/gptbot)"
74.7.227.165 - - [22/May/2026:08:11:47 -0400] "GET /buy.php?012022163.html HTTP/1.1" 200 20696 "https://troop537.org/buy.php?012022227.html" "Mozilla/5.0 AppleWebKit/537.36 (KHTML, like Gecko; compatible; GPTBot/1.4; +https://openai.com/gptbot)"
74.7.227.165 - - [22/May/2026:08:11:47 -0400] "GET /buy.php?091000092.html HTTP/1.1" 200 19670 "https://troop537.org/buy.php?3rdshop-ts_3339262" "Mozilla/5.0 AppleWebKit/537.36 (KHTML, like Gecko; compatible; GPTBot/1.4; +https://openai.com/gptbot)"
74.7.227.165 - - [22/May/2026:08:11:48 -0400] "GET /buy.php?097000098.html HTTP/1.1" 200 20476 "https://troop537.org/buy.php?097000030.html" "Mozilla/5.0 AppleWebKit/537.36 (KHTML, like Gecko; compatible; GPTBot/1.4; +https://openai.com/gptbot)"
74.7.227.165 - - [22/May/2026:08:11:49 -0400] "GET /buy.php?018000081.html HTTP/1.1" 200 19620 "https://troop537.org/buy.php?018000621.html" "Mozilla/5.0 AppleWebKit/537.36 (KHTML, like Gecko; compatible; GPTBot/1.4; +https://openai.com/gptbot)"
74.7.227.165 - - [22/May/2026:08:11:50 -0400] "GET /buy.php?090000223.html HTTP/1.1" 200 20620 "https://troop537.org/buy.php?090000101.html" "Mozilla/5.0 AppleWebKit/537.36 (KHTML, like Gecko; compatible; GPTBot/1.4; +https://openai.com/gptbot)"
74.7.227.165 - - [22/May/2026:08:11:51 -0400] "GET /buy.php?082000077.html HTTP/1.1" 200 19918 "https://troop537.org/buy.php?082000925.html" "Mozilla/5.0 AppleWebKit/537.36 (KHTML, like Gecko; compatible; GPTBot/1.4; +https://openai.com/gptbot)"
74.7.227.165 - - [22/May/2026:08:11:52 -0400] "GET /buy.php?034007019.html HTTP/1.1" 200 21107 "https://troop537.org/buy.php?wmarket-o6jbmpjavqvfkepjts3qlzelxm" "Mozilla/5.0 AppleWebKit/537.36 (KHTML, like Gecko; compatible; GPTBot/1.4; +https://openai.com/gptbot)"
74.7.227.165 - - [22/May/2026:08:11:52 -0400] "GET /buy.php?099000050.html HTTP/1.1" 200 21387 "https://troop537.org/buy.php?099001646.html" "Mozilla/5.0 AppleWebKit/537.36 (KHTML, like Gecko; compatible; GPTBot/1.4; +https://openai.com/gptbot)"
74.7.227.165 - - [22/May/2026:08:11:53 -0400] "GET /buy.php?081000060.html HTTP/1.1" 200 19534 "https://troop537.org/buy.php?081000312.html" "Mozilla/5.0 AppleWebKit/537.36 (KHTML, like Gecko; compatible; GPTBot/1.4; +https://openai.com/gptbot)"
74.7.227.165 - - [22/May/2026:08:11:54 -0400] "GET /buy.php?050000203.html HTTP/1.1" 200 19695 "https://troop537.org/buy.php?yumenokoya-c02-ds-2453956" "Mozilla/5.0 AppleWebKit/537.36 (KHTML, like Gecko; compatible; GPTBot/1.4; +https://openai.com/gptbot)"
66.249.79.8 - - [22/May/2026:08:11:56 -0400] "GET /shop/pg/207nevertheless/2231 HTTP/1.1" 200 18129 "-" "Mozilla/5.0 (Linux; Android 6.0.1; Nexus 5X Build/MMB29P) AppleWebKit/537.36 (KHTML, like Gecko) Chrome/148.0.7778.96 Mobile Safari/537.36 (compatible; GoogleOther)"
74.7.227.165 - - [22/May/2026:08:11:55 -0400] "GET /buy.php?076020031.html HTTP/1.1" 200 19509 "https://troop537.org/buy.php?244004231.html" "Mozilla/5.0 AppleWebKit/537.36 (KHTML, like Gecko; compatible; GPTBot/1.4; +https://openai.com/gptbot)"
74.7.227.165 - - [22/May/2026:08:12:01 -0400] "GET /buy.php?089029272.html HTTP/1.1" 200 20099 "https://troop537.org/buy.php?244004231.html" "Mozilla/5.0 AppleWebKit/537.36 (KHTML, like Gecko; compatible; GPTBot/1.4; +https://openai.com/gptbot)"
74.7.227.165 - - [22/May/2026:08:12:01 -0400] "GET /buy.php?244002325.html HTTP/1.1" 200 22201 "https://troop537.org/buy.php?244004231.html" "Mozilla/5.0 AppleWebKit/537.36 (KHTML, like Gecko; compatible; GPTBot/1.4; +https://openai.com/gptbot)"
74.7.227.165 - - [22/May/2026:08:12:02 -0400] "GET /buy.php?goods/097002903 HTTP/1.1" 200 20369 "https://troop537.org/buy.php?097000098.html" "Mozilla/5.0 AppleWebKit/537.36 (KHTML, like Gecko; compatible; GPTBot/1.4; +https://openai.com/gptbot)"
74.7.227.165 - - [22/May/2026:08:12:03 -0400] "GET /buy.php?jp/018000087.html HTTP/1.1" 200 19613 "https://troop537.org/buy.php?018000081.html" "Mozilla/5.0 AppleWebKit/537.36 (KHTML, like Gecko; compatible; GPTBot/1.4; +https://openai.com/gptbot)"
74.7.227.165 - - [22/May/2026:08:12:04 -0400] "GET /buy.php?169047354.html HTTP/1.1" 200 19736 "https://troop537.org/buy.php?090000223.html" "Mozilla/5.0 AppleWebKit/537.36 (KHTML, like Gecko; compatible; GPTBot/1.4; +https://openai.com/gptbot)"
66.249.79.1 - - [22/May/2026:08:12:04 -0400] "GET /shop/pg/172clip/45434 HTTP/1.1" 200 17690 "-" "Mozilla/5.0 (Linux; Android 6.0.1; Nexus 5X Build/MMB29P) AppleWebKit/537.36 (KHTML, like Gecko) Chrome/148.0.7778.96 Mobile Safari/537.36 (compatible; GoogleOther)"
74.7.227.165 - - [22/May/2026:08:12:05 -0400] "GET /buy.php?world-depo-mts-2362421 HTTP/1.1" 200 19860 "https://troop537.org/buy.php?082000077.html" "Mozilla/5.0 AppleWebKit/537.36 (KHTML, like Gecko; compatible; GPTBot/1.4; +https://openai.com/gptbot)"
74.7.227.165 - - [22/May/2026:08:12:05 -0400] "GET /buy.php?209035174.html HTTP/1.1" 200 20038 "https://troop537.org/buy.php?034007019.html" "Mozilla/5.0 AppleWebKit/537.36 (KHTML, like Gecko; compatible; GPTBot/1.4; +https://openai.com/gptbot)"
74.7.227.165 - - [22/May/2026:08:12:06 -0400] "GET /buy.php?244002345.html HTTP/1.1" 200 21159 "https://troop537.org/buy.php?244004231.html" "Mozilla/5.0 AppleWebKit/537.36 (KHTML, like Gecko; compatible; GPTBot/1.4; +https://openai.com/gptbot)"
74.7.227.165 - - [22/May/2026:08:12:07 -0400] "GET /buy.php?tuzukiya-o300-0611 HTTP/1.1" 200 19126 "https://troop537.org/buy.php?081000060.html" "Mozilla/5.0 AppleWebKit/537.36 (KHTML, like Gecko; compatible; GPTBot/1.4; +https://openai.com/gptbot)"
74.7.227.165 - - [22/May/2026:08:12:08 -0400] "GET /buy.php?detail/1440471749095 HTTP/1.1" 200 20295 "https://troop537.org/buy.php?081000060.html" "Mozilla/5.0 AppleWebKit/537.36 (KHTML, like Gecko; compatible; GPTBot/1.4; +https://openai.com/gptbot)"
74.7.227.165 - - [22/May/2026:08:12:09 -0400] "GET /buy.php?category/246_2977/1/listing HTTP/1.1" 200 19962 "https://troop537.org/buy.php?076020031.html" "Mozilla/5.0 AppleWebKit/537.36 (KHTML, like Gecko; compatible; GPTBot/1.4; +https://openai.com/gptbot)"
74.7.227.165 - - [22/May/2026:08:12:10 -0400] "GET /buy.php?207021797 HTTP/1.1" 200 18896 "https://troop537.org/buy.php?089029272.html" "Mozilla/5.0 AppleWebKit/537.36 (KHTML, like Gecko; compatible; GPTBot/1.4; +https://openai.com/gptbot)"
74.7.227.165 - - [22/May/2026:08:12:13 -0400] "GET /buy.php?146029867.html HTTP/1.1" 200 20387 "https://troop537.org/buy.php?076020031.html" "Mozilla/5.0 AppleWebKit/537.36 (KHTML, like Gecko; compatible; GPTBot/1.4; +https://openai.com/gptbot)"
74.7.227.165 - - [22/May/2026:08:12:14 -0400] "GET /buy.php?268019647.html HTTP/1.1" 200 19 "https://troop537.org/buy.php?089029272.html" "Mozilla/5.0 AppleWebKit/537.36 (KHTML, like Gecko; compatible; GPTBot/1.4; +https://openai.com/gptbot)"
74.7.227.165 - - [22/May/2026:08:12:34 -0400] "GET /buy.php?073009250.html HTTP/1.1" 200 19779 "https://troop537.org/buy.php?089029272.html" "Mozilla/5.0 AppleWebKit/537.36 (KHTML, like Gecko; compatible; GPTBot/1.4; +https://openai.com/gptbot)"
74.7.227.165 - - [22/May/2026:08:12:35 -0400] "GET /buy.php?244002309.html HTTP/1.1" 200 20925 "https://troop537.org/buy.php?244004231.html" "Mozilla/5.0 AppleWebKit/537.36 (KHTML, like Gecko; compatible; GPTBot/1.4; +https://openai.com/gptbot)"
74.7.227.165 - - [22/May/2026:08:12:43 -0400] "GET /buy.php?clover8888-kankisen-panasonic-1376-a HTTP/1.1" 200 19756 "https://troop537.org/buy.php?world-depo-mts-2362421" "Mozilla/5.0 AppleWebKit/537.36 (KHTML, like Gecko; compatible; GPTBot/1.4; +https://openai.com/gptbot)"
74.7.227.165 - - [22/May/2026:08:12:45 -0400] "GET /buy.php?218045399.html HTTP/1.1" 200 20513 "https://troop537.org/buy.php?world-depo-mts-2362421" "Mozilla/5.0 AppleWebKit/537.36 (KHTML, like Gecko; compatible; GPTBot/1.4; +https://openai.com/gptbot)"
74.7.227.165 - - [22/May/2026:08:12:46 -0400] "GET /buy.php?149033526.html HTTP/1.1" 200 21050 "https://troop537.org/buy.php?244002345.html" "Mozilla/5.0 AppleWebKit/537.36 (KHTML, like Gecko; compatible; GPTBot/1.4; +https://openai.com/gptbot)"
66.249.79.1 - - [22/May/2026:08:12:58 -0400] "GET /product/140040619 HTTP/1.1" 200 18068 "-" "Mozilla/5.0 (Linux; Android 6.0.1; Nexus 5X Build/MMB29P) AppleWebKit/537.36 (KHTML, like Gecko) Chrome/148.0.7778.96 Mobile Safari/537.36 (compatible; GoogleOther)"
74.7.227.165 - - [22/May/2026:08:12:48 -0400] "GET /buy.php?240010661.html HTTP/1.1" 200 20825 "https://troop537.org/buy.php?tuzukiya-o300-0611" "Mozilla/5.0 AppleWebKit/537.36 (KHTML, like Gecko; compatible; GPTBot/1.4; +https://openai.com/gptbot)"
74.7.227.165 - - [22/May/2026:08:13:00 -0400] "GET /buy.php?murauchi-denki-4981046920759 HTTP/1.1" 200 19026 "https://troop537.org/buy.php?detail/1440471749095" "Mozilla/5.0 AppleWebKit/537.36 (KHTML, like Gecko; compatible; GPTBot/1.4; +https://openai.com/gptbot)"
66.249.79.1 - - [22/May/2026:08:13:00 -0400] "GET /shop/pg/64outsider/21452 HTTP/1.1" 200 17188 "-" "Mozilla/5.0 (Linux; Android 6.0.1; Nexus 5X Build/MMB29P) AppleWebKit/537.36 (KHTML, like Gecko) Chrome/148.0.7778.96 Mobile Safari/537.36 (compatible; GoogleOther)"
74.7.227.165 - - [22/May/2026:08:13:00 -0400] "GET /buy.php?hokusei-nw-2sy-4515-3r-v HTTP/1.1" 200 20425 "https://troop537.org/buy.php?category/246_2977/1/listing" "Mozilla/5.0 AppleWebKit/537.36 (KHTML, like Gecko; compatible; GPTBot/1.4; +https://openai.com/gptbot)"
74.7.227.165 - - [22/May/2026:08:13:01 -0400] "GET /buy.php?244005541.html HTTP/1.1" 200 21549 "https://troop537.org/buy.php?244002345.html" "Mozilla/5.0 AppleWebKit/537.36 (KHTML, like Gecko; compatible; GPTBot/1.4; +https://openai.com/gptbot)"
74.7.227.165 - - [22/May/2026:08:13:02 -0400] "GET /buy.php?018009841.html HTTP/1.1" 200 19322 "https://troop537.org/buy.php?207021797" "Mozilla/5.0 AppleWebKit/537.36 (KHTML, like Gecko; compatible; GPTBot/1.4; +https://openai.com/gptbot)"
74.7.227.165 - - [22/May/2026:08:13:02 -0400] "GET /buy.php?097002898.html HTTP/1.1" 200 20497 "https://troop537.org/buy.php?097000098.html" "Mozilla/5.0 AppleWebKit/537.36 (KHTML, like Gecko; compatible; GPTBot/1.4; +https://openai.com/gptbot)"
74.7.227.165 - - [22/May/2026:08:13:03 -0400] "GET /buy.php?goods/101027131 HTTP/1.1" 200 19554 "https://troop537.org/buy.php?073009250.html" "Mozilla/5.0 AppleWebKit/537.36 (KHTML, like Gecko; compatible; GPTBot/1.4; +https://openai.com/gptbot)"
74.7.227.165 - - [22/May/2026:08:13:03 -0400] "GET /buy.php?073012310.html HTTP/1.1" 200 19337 "https://troop537.org/buy.php?073009250.html" "Mozilla/5.0 AppleWebKit/537.36 (KHTML, like Gecko; compatible; GPTBot/1.4; +https://openai.com/gptbot)"
74.7.227.165 - - [22/May/2026:08:13:04 -0400] "GET /buy.php?135048756.html HTTP/1.1" 200 19279 "https://troop537.org/buy.php?clover8888-kankisen-panasonic-1376-a" "Mozilla/5.0 AppleWebKit/537.36 (KHTML, like Gecko; compatible; GPTBot/1.4; +https://openai.com/gptbot)"
74.7.227.165 - - [22/May/2026:08:13:05 -0400] "GET /buy.php?057041740.html HTTP/1.1" 200 19055 "https://troop537.org/buy.php?091000092.html" "Mozilla/5.0 AppleWebKit/537.36 (KHTML, like Gecko; compatible; GPTBot/1.4; +https://openai.com/gptbot)"
74.7.227.165 - - [22/May/2026:08:13:05 -0400] "GET /buy.php?149037536.html HTTP/1.1" 200 20485 "https://troop537.org/buy.php?149033526.html" "Mozilla/5.0 AppleWebKit/537.36 (KHTML, like Gecko; compatible; GPTBot/1.4; +https://openai.com/gptbot)"
66.249.79.8 - - [22/May/2026:08:13:09 -0400] "GET /shop/pg/5shut/8277 HTTP/1.1" 200 17526 "-" "Mozilla/5.0 (Linux; Android 6.0.1; Nexus 5X Build/MMB29P) AppleWebKit/537.36 (KHTML, like Gecko) Chrome/148.0.7778.96 Mobile Safari/537.36 (compatible; GoogleOther)"
74.7.227.165 - - [22/May/2026:08:13:06 -0400] "GET /buy.php?244002297.html HTTP/1.1" 200 20161 "https://troop537.org/buy.php?244004231.html" "Mozilla/5.0 AppleWebKit/537.36 (KHTML, like Gecko; compatible; GPTBot/1.4; +https://openai.com/gptbot)"
74.7.227.165 - - [22/May/2026:08:13:10 -0400] "GET /buy.php?201032992.html HTTP/1.1" 200 22133 "https://troop537.org/buy.php?146029867.html" "Mozilla/5.0 AppleWebKit/537.36 (KHTML, like Gecko; compatible; GPTBot/1.4; +https://openai.com/gptbot)"
74.7.227.165 - - [22/May/2026:08:13:12 -0400] "GET /buy.php?048027935.html HTTP/1.1" 200 19310 "https://troop537.org/buy.php?hokusei-nw-2sy-4515-3r-v" "Mozilla/5.0 AppleWebKit/537.36 (KHTML, like Gecko; compatible; GPTBot/1.4; +https://openai.com/gptbot)"
68.65.122.55 - - [22/May/2026:08:13:12 -0400] "POST /wp-cron.php?doing_wp_cron=1779451992.7077090740203857421875 HTTP/1.1" 403 1242 "-" "WordPress/6.9.4; https://troop537.org"
27.153.245.202 - - [22/May/2026:08:13:12 -0400] "GET /wp-login.php HTTP/1.1" 200 2069 "-" "Mozilla/5.0 (Windows NT 10.0; Win64; x64) AppleWebKit/537.36 (KHTML, like Gecko) Chrome/87.0.4280.141 Safari/537.36"
74.7.227.165 - - [22/May/2026:08:13:13 -0400] "GET /buy.php?244003101.html HTTP/1.1" 200 20571 "https://troop537.org/buy.php?244005541.html" "Mozilla/5.0 AppleWebKit/537.36 (KHTML, like Gecko; compatible; GPTBot/1.4; +https://openai.com/gptbot)"
74.7.227.165 - - [22/May/2026:08:13:14 -0400] "GET /buy.php?010000609.html HTTP/1.1" 200 20410 "https://troop537.org/buy.php?010001023.html" "Mozilla/5.0 AppleWebKit/537.36 (KHTML, like Gecko; compatible; GPTBot/1.4; +https://openai.com/gptbot)"
27.153.245.202 - - [22/May/2026:08:13:15 -0400] "POST /wp-login.php HTTP/1.1" 200 2163 "-" "Mozilla/5.0 (Windows NT 10.0; Win64; x64) AppleWebKit/537.36 (KHTML, like Gecko) Chrome/87.0.4280.141 Safari/537.36"
74.7.227.165 - - [22/May/2026:08:13:15 -0400] "GET /buy.php?056020959.html HTTP/1.1" 200 21911 "https://troop537.org/buy.php?097002898.html" "Mozilla/5.0 AppleWebKit/537.36 (KHTML, like Gecko; compatible; GPTBot/1.4; +https://openai.com/gptbot)"
74.7.227.165 - - [22/May/2026:08:13:16 -0400] "GET /buy.php?010000301.html HTTP/1.1" 200 23072 "https://troop537.org/buy.php?010000799.html" "Mozilla/5.0 AppleWebKit/537.36 (KHTML, like Gecko; compatible; GPTBot/1.4; +https://openai.com/gptbot)"
74.7.227.165 - - [22/May/2026:08:13:17 -0400] "GET /buy.php?042003499.html HTTP/1.1" 200 20130 "https://troop537.org/buy.php?073012310.html" "Mozilla/5.0 AppleWebKit/537.36 (KHTML, like Gecko; compatible; GPTBot/1.4; +https://openai.com/gptbot)"
74.7.227.165 - - [22/May/2026:08:13:18 -0400] "GET /buy.php?017000088.html HTTP/1.1" 200 20520 "https://troop537.org/buy.php?kougushop-8100006" "Mozilla/5.0 AppleWebKit/537.36 (KHTML, like Gecko; compatible; GPTBot/1.4; +https://openai.com/gptbot)"
74.7.227.165 - - [22/May/2026:08:13:19 -0400] "GET /buy.php?040034559.html HTTP/1.1" 200 19779 "https://troop537.org/buy.php?057041740.html" "Mozilla/5.0 AppleWebKit/537.36 (KHTML, like Gecko; compatible; GPTBot/1.4; +https://openai.com/gptbot)"
74.7.227.165 - - [22/May/2026:08:13:22 -0400] "GET /buy.php?149032526.html HTTP/1.1" 200 20553 "https://troop537.org/buy.php?149037536.html" "Mozilla/5.0 AppleWebKit/537.36 (KHTML, like Gecko; compatible; GPTBot/1.4; +https://openai.com/gptbot)"
74.7.227.165 - - [22/May/2026:08:13:23 -0400] "GET /buy.php?149032518.html HTTP/1.1" 200 20417 "https://troop537.org/buy.php?149037536.html" "Mozilla/5.0 AppleWebKit/537.36 (KHTML, like Gecko; compatible; GPTBot/1.4; +https://openai.com/gptbot)"
74.7.227.165 - - [22/May/2026:08:13:27 -0400] "GET /buy.php?217043098.html HTTP/1.1" 200 20236 "https://troop537.org/buy.php?201032992.html" "Mozilla/5.0 AppleWebKit/537.36 (KHTML, like Gecko; compatible; GPTBot/1.4; +https://openai.com/gptbot)"
74.7.227.165 - - [22/May/2026:08:13:29 -0400] "GET /buy.php?048029675.html HTTP/1.1" 200 20575 "https://troop537.org/buy.php?048027935.html" "Mozilla/5.0 AppleWebKit/537.36 (KHTML, like Gecko; compatible; GPTBot/1.4; +https://openai.com/gptbot)"
74.7.227.165 - - [22/May/2026:08:13:30 -0400] "GET /buy.php?244003823.html HTTP/1.1" 200 21293 "https://troop537.org/buy.php?244003101.html" "Mozilla/5.0 AppleWebKit/537.36 (KHTML, like Gecko; compatible; GPTBot/1.4; +https://openai.com/gptbot)"
66.249.79.8 - - [22/May/2026:08:13:32 -0400] "GET /shop/pg/128arrest/8974 HTTP/1.1" 200 17206 "-" "Mozilla/5.0 (Linux; Android 6.0.1; Nexus 5X Build/MMB29P) AppleWebKit/537.36 (KHTML, like Gecko) Chrome/148.0.7778.96 Mobile Safari/537.36 (compatible; GoogleOther)"
74.7.227.165 - - [22/May/2026:08:13:31 -0400] "GET /buy.php?jp/010000393.html HTTP/1.1" 200 22085 "https://troop537.org/buy.php?010000609.html" "Mozilla/5.0 AppleWebKit/537.36 (KHTML, like Gecko; compatible; GPTBot/1.4; +https://openai.com/gptbot)"
74.7.227.165 - - [22/May/2026:08:13:35 -0400] "GET /buy.php?003045280.html HTTP/1.1" 200 20088 "https://troop537.org/buy.php?056020959.html" "Mozilla/5.0 AppleWebKit/537.36 (KHTML, like Gecko; compatible; GPTBot/1.4; +https://openai.com/gptbot)"
74.7.227.165 - - [22/May/2026:08:13:39 -0400] "GET /buy.php?043035410.html HTTP/1.1" 200 20560 "https://troop537.org/buy.php?048027935.html" "Mozilla/5.0 AppleWebKit/537.36 (KHTML, like Gecko; compatible; GPTBot/1.4; +https://openai.com/gptbot)"
74.7.227.165 - - [22/May/2026:08:13:39 -0400] "GET /buy.php?201027829 HTTP/1.1" 200 20829 "https://troop537.org/buy.php?201032992.html" "Mozilla/5.0 AppleWebKit/537.36 (KHTML, like Gecko; compatible; GPTBot/1.4; +https://openai.com/gptbot)"
66.249.79.8 - - [22/May/2026:08:13:51 -0400] "GET /product/035027386 HTTP/1.1" 200 17039 "-" "Mozilla/5.0 (Linux; Android 6.0.1; Nexus 5X Build/MMB29P) AppleWebKit/537.36 (KHTML, like Gecko) Chrome/148.0.7778.96 Mobile Safari/537.36 (compatible; GoogleOther)"
74.7.227.165 - - [22/May/2026:08:13:40 -0400] "GET /buy.php?060000405.html HTTP/1.1" 200 21781 "https://troop537.org/buy.php?alize-bijoux-brb-t100-1" "Mozilla/5.0 AppleWebKit/537.36 (KHTML, like Gecko; compatible; GPTBot/1.4; +https://openai.com/gptbot)"
74.7.227.165 - - [22/May/2026:08:13:52 -0400] "GET /buy.php?detail/2770106329389 HTTP/1.1" 200 19706 "https://troop537.org/buy.php?040034559.html" "Mozilla/5.0 AppleWebKit/537.36 (KHTML, like Gecko; compatible; GPTBot/1.4; +https://openai.com/gptbot)"
74.7.227.165 - - [22/May/2026:08:13:56 -0400] "GET /buy.php?278024639.html HTTP/1.1" 200 19634 "https://troop537.org/buy.php?040034559.html" "Mozilla/5.0 AppleWebKit/537.36 (KHTML, like Gecko; compatible; GPTBot/1.4; +https://openai.com/gptbot)"
74.7.227.165 - - [22/May/2026:08:13:58 -0400] "GET /buy.php?116032847.html HTTP/1.1" 200 20158 "https://troop537.org/buy.php?149032518.html" "Mozilla/5.0 AppleWebKit/537.36 (KHTML, like Gecko; compatible; GPTBot/1.4; +https://openai.com/gptbot)"
74.7.227.165 - - [22/May/2026:08:13:59 -0400] "GET /buy.php?002000291.html HTTP/1.1" 200 20787 "https://troop537.org/buy.php?category/1009_1950_1951/1/listing" "Mozilla/5.0 AppleWebKit/537.36 (KHTML, like Gecko; compatible; GPTBot/1.4; +https://openai.com/gptbot)"
74.7.227.165 - - [22/May/2026:08:14:00 -0400] "GET /buy.php?neowing-r-daba-5155 HTTP/1.1" 200 21590 "https://troop537.org/buy.php?048029675.html" "Mozilla/5.0 AppleWebKit/537.36 (KHTML, like Gecko; compatible; GPTBot/1.4; +https://openai.com/gptbot)"
74.7.227.165 - - [22/May/2026:08:14:01 -0400] "GET /buy.php?244006211.html HTTP/1.1" 200 20459 "https://troop537.org/buy.php?244003823.html" "Mozilla/5.0 AppleWebKit/537.36 (KHTML, like Gecko; compatible; GPTBot/1.4; +https://openai.com/gptbot)"
74.7.227.165 - - [22/May/2026:08:14:01 -0400] "GET /buy.php?188021111.html HTTP/1.1" 200 20634 "https://troop537.org/buy.php?188020243.html" "Mozilla/5.0 AppleWebKit/537.36 (KHTML, like Gecko; compatible; GPTBot/1.4; +https://openai.com/gptbot)"
74.7.227.165 - - [22/May/2026:08:14:02 -0400] "GET /buy.php?030000551.html HTTP/1.1" 200 19614 "https://troop537.org/buy.php?astershop-7djl2bzvdtuzo43vsa4xr7jg7e" "Mozilla/5.0 AppleWebKit/537.36 (KHTML, like Gecko; compatible; GPTBot/1.4; +https://openai.com/gptbot)"
74.7.227.165 - - [22/May/2026:08:14:03 -0400] "GET /buy.php?175032418.html HTTP/1.1" 200 18710 "https://troop537.org/buy.php?043035410.html" "Mozilla/5.0 AppleWebKit/537.36 (KHTML, like Gecko; compatible; GPTBot/1.4; +https://openai.com/gptbot)"
74.7.227.165 - - [22/May/2026:08:14:03 -0400] "GET /buy.php?272002597.html HTTP/1.1" 200 21060 "https://troop537.org/buy.php?201027829" "Mozilla/5.0 AppleWebKit/537.36 (KHTML, like Gecko; compatible; GPTBot/1.4; +https://openai.com/gptbot)"
74.7.227.165 - - [22/May/2026:08:14:04 -0400] "GET /buy.php?043007994.html HTTP/1.1" 200 20185 "https://troop537.org/buy.php?043035410.html" "Mozilla/5.0 AppleWebKit/537.36 (KHTML, like Gecko; compatible; GPTBot/1.4; +https://openai.com/gptbot)"
66.249.79.2 - - [22/May/2026:08:14:04 -0400] "GET /shop/pg/150between/26724 HTTP/1.1" 200 17016 "-" "Mozilla/5.0 (Linux; Android 6.0.1; Nexus 5X Build/MMB29P) AppleWebKit/537.36 (KHTML, like Gecko) Chrome/148.0.7778.96 Mobile Safari/537.36 (compatible; GoogleOther)"
74.7.227.165 - - [22/May/2026:08:14:04 -0400] "GET /buy.php?201024084.html HTTP/1.1" 200 20662 "https://troop537.org/buy.php?201027829" "Mozilla/5.0 AppleWebKit/537.36 (KHTML, like Gecko; compatible; GPTBot/1.4; +https://openai.com/gptbot)"
74.7.227.165 - - [22/May/2026:08:14:05 -0400] "GET /buy.php?278014925.html HTTP/1.1" 200 19240 "https://troop537.org/buy.php?278024639.html" "Mozilla/5.0 AppleWebKit/537.36 (KHTML, like Gecko; compatible; GPTBot/1.4; +https://openai.com/gptbot)"
74.7.227.165 - - [22/May/2026:08:14:08 -0400] "GET /buy.php?278014943.html HTTP/1.1" 200 19291 "https://troop537.org/buy.php?278024639.html" "Mozilla/5.0 AppleWebKit/537.36 (KHTML, like Gecko; compatible; GPTBot/1.4; +https://openai.com/gptbot)"
74.7.227.165 - - [22/May/2026:08:14:11 -0400] "GET /buy.php?goods/003039843 HTTP/1.1" 200 19684 "https://troop537.org/buy.php?116032847.html" "Mozilla/5.0 AppleWebKit/537.36 (KHTML, like Gecko; compatible; GPTBot/1.4; +https://openai.com/gptbot)"
74.7.227.165 - - [22/May/2026:08:14:12 -0400] "GET /buy.php?010000443.html HTTP/1.1" 200 19885 "https://troop537.org/buy.php?orangetool-yz-5505224" "Mozilla/5.0 AppleWebKit/537.36 (KHTML, like Gecko; compatible; GPTBot/1.4; +https://openai.com/gptbot)"
74.7.227.165 - - [22/May/2026:08:14:13 -0400] "GET /buy.php?086000065.html HTTP/1.1" 200 20434 "https://troop537.org/buy.php?086000737.html" "Mozilla/5.0 AppleWebKit/537.36 (KHTML, like Gecko; compatible; GPTBot/1.4; +https://openai.com/gptbot)"
74.7.227.165 - - [22/May/2026:08:14:17 -0400] "GET /buy.php?218041397.html HTTP/1.1" 200 19484 "https://troop537.org/buy.php?188021111.html" "Mozilla/5.0 AppleWebKit/537.36 (KHTML, like Gecko; compatible; GPTBot/1.4; +https://openai.com/gptbot)"
74.7.227.165 - - [22/May/2026:08:14:18 -0400] "GET /buy.php?188019133.html HTTP/1.1" 200 19698 "https://troop537.org/buy.php?188021111.html" "Mozilla/5.0 AppleWebKit/537.36 (KHTML, like Gecko; compatible; GPTBot/1.4; +https://openai.com/gptbot)"
74.7.227.165 - - [22/May/2026:08:14:19 -0400] "GET /buy.php?omatsuri-life2-b000jc20mu HTTP/1.1" 200 20980 "https://troop537.org/buy.php?188021111.html" "Mozilla/5.0 AppleWebKit/537.36 (KHTML, like Gecko; compatible; GPTBot/1.4; +https://openai.com/gptbot)"
74.7.227.165 - - [22/May/2026:08:14:20 -0400] "GET /buy.php?192045421.html HTTP/1.1" 200 21076 "https://troop537.org/buy.php?272002597.html" "Mozilla/5.0 AppleWebKit/537.36 (KHTML, like Gecko; compatible; GPTBot/1.4; +https://openai.com/gptbot)"
74.7.227.165 - - [22/May/2026:08:14:20 -0400] "GET /buy.php?043001514.html HTTP/1.1" 200 19832 "https://troop537.org/buy.php?043007994.html" "Mozilla/5.0 AppleWebKit/537.36 (KHTML, like Gecko; compatible; GPTBot/1.4; +https://openai.com/gptbot)"
74.7.227.165 - - [22/May/2026:08:14:26 -0400] "GET /buy.php?goods/201022762 HTTP/1.1" 200 20060 "https://troop537.org/buy.php?201024084.html" "Mozilla/5.0 AppleWebKit/537.36 (KHTML, like Gecko; compatible; GPTBot/1.4; +https://openai.com/gptbot)"
74.7.227.165 - - [22/May/2026:08:14:27 -0400] "GET /buy.php?201022766.html HTTP/1.1" 200 21863 "https://troop537.org/buy.php?201024084.html" "Mozilla/5.0 AppleWebKit/537.36 (KHTML, like Gecko; compatible; GPTBot/1.4; +https://openai.com/gptbot)"
74.7.227.165 - - [22/May/2026:08:14:35 -0400] "GET /buy.php?detail/2780235093445 HTTP/1.1" 200 19379 "https://troop537.org/buy.php?278014943.html" "Mozilla/5.0 AppleWebKit/537.36 (KHTML, like Gecko; compatible; GPTBot/1.4; +https://openai.com/gptbot)"
74.7.227.165 - - [22/May/2026:08:14:35 -0400] "GET /buy.php?113005218.html HTTP/1.1" 200 23801 "https://troop537.org/buy.php?278014943.html" "Mozilla/5.0 AppleWebKit/537.36 (KHTML, like Gecko; compatible; GPTBot/1.4; +https://openai.com/gptbot)"
74.7.227.165 - - [22/May/2026:08:14:36 -0400] "GET /buy.php?057046160.html HTTP/1.1" 200 20023 "https://troop537.org/buy.php?010000443.html" "Mozilla/5.0 AppleWebKit/537.36 (KHTML, like Gecko; compatible; GPTBot/1.4; +https://openai.com/gptbot)"
66.249.79.1 - - [22/May/2026:08:14:36 -0400] "GET /shop/mypage/mail-magazine HTTP/1.1" 200 17111 "-" "Mozilla/5.0 (Linux; Android 6.0.1; Nexus 5X Build/MMB29P) AppleWebKit/537.36 (KHTML, like Gecko) Chrome/148.0.7778.96 Mobile Safari/537.36 (compatible; GoogleOther)"
74.7.227.165 - - [22/May/2026:08:14:37 -0400] "GET /buy.php?125046830.html HTTP/1.1" 200 20475 "https://troop537.org/buy.php?086000065.html" "Mozilla/5.0 AppleWebKit/537.36 (KHTML, like Gecko; compatible; GPTBot/1.4; +https://openai.com/gptbot)"
74.7.227.165 - - [22/May/2026:08:14:37 -0400] "GET /buy.php?218037699.html HTTP/1.1" 200 19835 "https://troop537.org/buy.php?218041397.html" "Mozilla/5.0 AppleWebKit/537.36 (KHTML, like Gecko; compatible; GPTBot/1.4; +https://openai.com/gptbot)"
66.249.79.8 - - [22/May/2026:08:14:45 -0400] "GET /product/188005395 HTTP/1.1" 200 17924 "-" "Mozilla/5.0 (Linux; Android 6.0.1; Nexus 5X Build/MMB29P) AppleWebKit/537.36 (KHTML, like Gecko) Chrome/148.0.7778.96 Mobile Safari/537.36 (compatible; GoogleOther)"
74.7.227.165 - - [22/May/2026:08:14:45 -0400] "GET /buy.php?detail/17304173960897 HTTP/1.1" 200 21941 "https://troop537.org/buy.php?218041397.html" "Mozilla/5.0 AppleWebKit/537.36 (KHTML, like Gecko; compatible; GPTBot/1.4; +https://openai.com/gptbot)"
74.7.227.165 - - [22/May/2026:08:14:51 -0400] "GET /buy.php?hottastore-lb0970042-1 HTTP/1.1" 200 20023 "https://troop537.org/buy.php?omatsuri-life2-b000jc20mu" "Mozilla/5.0 AppleWebKit/537.36 (KHTML, like Gecko; compatible; GPTBot/1.4; +https://openai.com/gptbot)"
74.7.227.165 - - [22/May/2026:08:14:52 -0400] "GET /buy.php?192043561.html HTTP/1.1" 200 22994 "https://troop537.org/buy.php?192045421.html" "Mozilla/5.0 AppleWebKit/537.36 (KHTML, like Gecko; compatible; GPTBot/1.4; +https://openai.com/gptbot)"
74.7.227.165 - - [22/May/2026:08:14:54 -0400] "GET /buy.php?192043581.html HTTP/1.1" 200 20656 "https://troop537.org/buy.php?192045421.html" "Mozilla/5.0 AppleWebKit/537.36 (KHTML, like Gecko; compatible; GPTBot/1.4; +https://openai.com/gptbot)"
74.7.227.165 - - [22/May/2026:08:14:54 -0400] "GET /buy.php?035027816.html HTTP/1.1" 200 20306 "https://troop537.org/buy.php?omatsuri-life2-b000jc20mu" "Mozilla/5.0 AppleWebKit/537.36 (KHTML, like Gecko; compatible; GPTBot/1.4; +https://openai.com/gptbot)"
74.7.227.165 - - [22/May/2026:08:14:58 -0400] "GET /buy.php?goods/031049009 HTTP/1.1" 200 20769 "https://troop537.org/buy.php?043001514.html" "Mozilla/5.0 AppleWebKit/537.36 (KHTML, like Gecko; compatible; GPTBot/1.4; +https://openai.com/gptbot)"
198.244.168.104 - - [22/May/2026:08:14:59 -0400] "GET /wp-content/themes/travel-manager/assets/css/scroll-to-top.css?ver=4.0 HTTP/1.1" 200 411 "-" "Mozilla/5.0 (compatible; AhrefsBot/7.0; +http://ahrefs.com/robot/)"
74.7.227.165 - - [22/May/2026:08:14:59 -0400] "GET /buy.php?079001966.html HTTP/1.1" 200 19741 "https://troop537.org/buy.php?omatsuri-life2-b000jc20mu" "Mozilla/5.0 AppleWebKit/537.36 (KHTML, like Gecko; compatible; GPTBot/1.4; +https://openai.com/gptbot)"
74.7.227.165 - - [22/May/2026:08:15:00 -0400] "GET /buy.php?286045315.html HTTP/1.1" 200 23113 "https://troop537.org/buy.php?113005218.html" "Mozilla/5.0 AppleWebKit/537.36 (KHTML, like Gecko; compatible; GPTBot/1.4; +https://openai.com/gptbot)"
74.7.227.165 - - [22/May/2026:08:15:00 -0400] "GET /buy.php?079001978.html HTTP/1.1" 200 20402 "https://troop537.org/buy.php?omatsuri-life2-b000jc20mu" "Mozilla/5.0 AppleWebKit/537.36 (KHTML, like Gecko; compatible; GPTBot/1.4; +https://openai.com/gptbot)"
74.7.227.165 - - [22/May/2026:08:15:01 -0400] "GET /buy.php?201029132.html HTTP/1.1" 200 20825 "https://troop537.org/buy.php?201022766.html" "Mozilla/5.0 AppleWebKit/537.36 (KHTML, like Gecko; compatible; GPTBot/1.4; +https://openai.com/gptbot)"
74.7.227.165 - - [22/May/2026:08:15:02 -0400] "GET /buy.php?183022032.html HTTP/1.1" 200 20846 "https://troop537.org/buy.php?218037699.html" "Mozilla/5.0 AppleWebKit/537.36 (KHTML, like Gecko; compatible; GPTBot/1.4; +https://openai.com/gptbot)"
74.7.227.165 - - [22/May/2026:08:15:02 -0400] "GET /buy.php?251026160.html HTTP/1.1" 200 19345 "https://troop537.org/buy.php?201022766.html" "Mozilla/5.0 AppleWebKit/537.36 (KHTML, like Gecko; compatible; GPTBot/1.4; +https://openai.com/gptbot)"
74.7.227.165 - - [22/May/2026:08:15:03 -0400] "GET /buy.php?detail/2200247855651 HTTP/1.1" 200 19030 "https://troop537.org/buy.php?hottastore-lb0970042-1" "Mozilla/5.0 AppleWebKit/537.36 (KHTML, like Gecko; compatible; GPTBot/1.4; +https://openai.com/gptbot)"
74.7.227.165 - - [22/May/2026:08:15:04 -0400] "GET /buy.php?283038068.html HTTP/1.1" 200 22622 "https://troop537.org/buy.php?hottastore-lb0970042-1" "Mozilla/5.0 AppleWebKit/537.36 (KHTML, like Gecko; compatible; GPTBot/1.4; +https://openai.com/gptbot)"
74.7.227.165 - - [22/May/2026:08:15:04 -0400] "GET /buy.php?192041811.html HTTP/1.1" 200 20327 "https://troop537.org/buy.php?192043581.html" "Mozilla/5.0 AppleWebKit/537.36 (KHTML, like Gecko; compatible; GPTBot/1.4; +https://openai.com/gptbot)"
74.7.227.165 - - [22/May/2026:08:15:05 -0400] "GET /buy.php?079001972.html HTTP/1.1" 200 20581 "https://troop537.org/buy.php?omatsuri-life2-b000jc20mu" "Mozilla/5.0 AppleWebKit/537.36 (KHTML, like Gecko; compatible; GPTBot/1.4; +https://openai.com/gptbot)"
74.7.227.165 - - [22/May/2026:08:15:06 -0400] "GET /buy.php?030000885.html HTTP/1.1" 200 19888 "https://troop537.org/buy.php?030000551.html" "Mozilla/5.0 AppleWebKit/537.36 (KHTML, like Gecko; compatible; GPTBot/1.4; +https://openai.com/gptbot)"
74.7.227.165 - - [22/May/2026:08:15:07 -0400] "GET /buy.php?087000040.html HTTP/1.1" 200 20514 "https://troop537.org/buy.php?043001514.html" "Mozilla/5.0 AppleWebKit/537.36 (KHTML, like Gecko; compatible; GPTBot/1.4; +https://openai.com/gptbot)"
66.249.79.8 - - [22/May/2026:08:15:09 -0400] "GET /shop/pg/201therapy/27123 HTTP/1.1" 200 16621 "-" "Mozilla/5.0 (Linux; Android 6.0.1; Nexus 5X Build/MMB29P) AppleWebKit/537.36 (KHTML, like Gecko) Chrome/148.0.7778.96 Mobile Safari/537.36 (compatible; GoogleOther)"
74.7.227.165 - - [22/May/2026:08:15:08 -0400] "GET /buy.php?gakkiwatanabe-a156196 HTTP/1.1" 200 20075 "https://troop537.org/buy.php?286045315.html" "Mozilla/5.0 AppleWebKit/537.36 (KHTML, like Gecko; compatible; GPTBot/1.4; +https://openai.com/gptbot)"
74.7.227.165 - - [22/May/2026:08:15:10 -0400] "GET /buy.php?ouchikenko-6eorclckt4x3wfc7hupps7fz64-ouc-1 HTTP/1.1" 200 19850 "https://troop537.org/buy.php?079001978.html" "Mozilla/5.0 AppleWebKit/537.36 (KHTML, like Gecko; compatible; GPTBot/1.4; +https://openai.com/gptbot)"
74.7.227.165 - - [22/May/2026:08:15:15 -0400] "GET /buy.php?205046080.html HTTP/1.1" 200 19653 "https://troop537.org/buy.php?079001978.html" "Mozilla/5.0 AppleWebKit/537.36 (KHTML, like Gecko; compatible; GPTBot/1.4; +https://openai.com/gptbot)"
74.7.227.165 - - [22/May/2026:08:15:15 -0400] "GET /buy.php?065000044.html HTTP/1.1" 200 23955 "https://troop537.org/buy.php?070000755.html" "Mozilla/5.0 AppleWebKit/537.36 (KHTML, like Gecko; compatible; GPTBot/1.4; +https://openai.com/gptbot)"
74.7.227.165 - - [22/May/2026:08:15:17 -0400] "GET /buy.php?149015376.html HTTP/1.1" 200 21968 "https://troop537.org/buy.php?251026160.html" "Mozilla/5.0 AppleWebKit/537.36 (KHTML, like Gecko; compatible; GPTBot/1.4; +https://openai.com/gptbot)"
74.7.227.165 - - [22/May/2026:08:15:18 -0400] "GET /buy.php?090000499.html HTTP/1.1" 200 20215 "https://troop537.org/buy.php?category/19/1/listing" "Mozilla/5.0 AppleWebKit/537.36 (KHTML, like Gecko; compatible; GPTBot/1.4; +https://openai.com/gptbot)"
74.7.227.165 - - [22/May/2026:08:15:20 -0400] "GET /buy.php?297024074.html HTTP/1.1" 200 20215 "https://troop537.org/buy.php?283038068.html" "Mozilla/5.0 AppleWebKit/537.36 (KHTML, like Gecko; compatible; GPTBot/1.4; +https://openai.com/gptbot)"
74.7.227.165 - - [22/May/2026:08:15:21 -0400] "GET /buy.php?192038687.html HTTP/1.1" 200 20056 "https://troop537.org/buy.php?192041811.html" "Mozilla/5.0 AppleWebKit/537.36 (KHTML, like Gecko; compatible; GPTBot/1.4; +https://openai.com/gptbot)"
74.7.227.165 - - [22/May/2026:08:15:24 -0400] "GET /buy.php?192038673.html HTTP/1.1" 200 21348 "https://troop537.org/buy.php?192041811.html" "Mozilla/5.0 AppleWebKit/537.36 (KHTML, like Gecko; compatible; GPTBot/1.4; +https://openai.com/gptbot)"
74.7.227.165 - - [22/May/2026:08:15:25 -0400] "GET /buy.php?020000601.html HTTP/1.1" 200 20012 "https://troop537.org/buy.php?020005401.html" "Mozilla/5.0 AppleWebKit/537.36 (KHTML, like Gecko; compatible; GPTBot/1.4; +https://openai.com/gptbot)"
74.7.227.165 - - [22/May/2026:08:15:29 -0400] "GET /buy.php?123028422.html HTTP/1.1" 200 19362 "https://troop537.org/buy.php?087000040.html" "Mozilla/5.0 AppleWebKit/537.36 (KHTML, like Gecko; compatible; GPTBot/1.4; +https://openai.com/gptbot)"
74.7.227.165 - - [22/May/2026:08:15:30 -0400] "GET /buy.php?005000010.html HTTP/1.1" 200 19780 "https://troop537.org/buy.php?hanahana-ribbon-lnloqhqjkhnh3mhcqw7dg42s3y-alr" "Mozilla/5.0 AppleWebKit/537.36 (KHTML, like Gecko; compatible; GPTBot/1.4; +https://openai.com/gptbot)"
74.7.227.165 - - [22/May/2026:08:15:31 -0400] "GET /buy.php?a-denki-62923 HTTP/1.1" 200 20594 "https://troop537.org/buy.php?ouchikenko-6eorclckt4x3wfc7hupps7fz64-ouc-1" "Mozilla/5.0 AppleWebKit/537.36 (KHTML, like Gecko; compatible; GPTBot/1.4; +https://openai.com/gptbot)"
74.7.227.165 - - [22/May/2026:08:15:32 -0400] "GET /buy.php?056000099.html HTTP/1.1" 200 20175 "https://troop537.org/buy.php?056000315.html" "Mozilla/5.0 AppleWebKit/537.36 (KHTML, like Gecko; compatible; GPTBot/1.4; +https://openai.com/gptbot)"
74.7.227.165 - - [22/May/2026:08:15:32 -0400] "GET /buy.php?065003446.html HTTP/1.1" 200 24509 "https://troop537.org/buy.php?065000044.html" "Mozilla/5.0 AppleWebKit/537.36 (KHTML, like Gecko; compatible; GPTBot/1.4; +https://openai.com/gptbot)"
74.7.227.165 - - [22/May/2026:08:15:33 -0400] "GET /buy.php?033011352.html HTTP/1.1" 200 20633 "https://troop537.org/buy.php?149015376.html" "Mozilla/5.0 AppleWebKit/537.36 (KHTML, like Gecko; compatible; GPTBot/1.4; +https://openai.com/gptbot)"
74.7.227.165 - - [22/May/2026:08:15:33 -0400] "GET /buy.php?goods/069022027 HTTP/1.1" 200 18952 "https://troop537.org/buy.php?090000499.html" "Mozilla/5.0 AppleWebKit/537.36 (KHTML, like Gecko; compatible; GPTBot/1.4; +https://openai.com/gptbot)"
66.249.79.1 - - [22/May/2026:08:15:38 -0400] "GET /product/261000930 HTTP/1.1" 200 17194 "-" "Mozilla/5.0 (Linux; Android 6.0.1; Nexus 5X Build/MMB29P) AppleWebKit/537.36 (KHTML, like Gecko) Chrome/148.0.7778.96 Mobile Safari/537.36 (compatible; GoogleOther)"
74.7.227.165 - - [22/May/2026:08:15:38 -0400] "GET /buy.php?246019737.html HTTP/1.1" 200 19648 "https://troop537.org/buy.php?297024074.html" "Mozilla/5.0 AppleWebKit/537.36 (KHTML, like Gecko; compatible; GPTBot/1.4; +https://openai.com/gptbot)"
74.7.227.165 - - [22/May/2026:08:15:39 -0400] "GET /buy.php?192042683.html HTTP/1.1" 200 20567 "https://troop537.org/buy.php?192038687.html" "Mozilla/5.0 AppleWebKit/537.36 (KHTML, like Gecko; compatible; GPTBot/1.4; +https://openai.com/gptbot)"
74.7.227.165 - - [22/May/2026:08:15:40 -0400] "GET /buy.php?198030131.html HTTP/1.1" 200 20090 "https://troop537.org/buy.php?192038673.html" "Mozilla/5.0 AppleWebKit/537.36 (KHTML, like Gecko; compatible; GPTBot/1.4; +https://openai.com/gptbot)"
74.7.227.165 - - [22/May/2026:08:15:40 -0400] "GET /buy.php?116004463.html HTTP/1.1" 200 18829 "https://troop537.org/buy.php?297024074.html" "Mozilla/5.0 AppleWebKit/537.36 (KHTML, like Gecko; compatible; GPTBot/1.4; +https://openai.com/gptbot)"
66.249.79.8 - - [22/May/2026:08:15:41 -0400] "GET /shop/pg/112smooth/17120 HTTP/1.1" 200 17343 "-" "Mozilla/5.0 (Linux; Android 6.0.1; Nexus 5X Build/MMB29P) AppleWebKit/537.36 (KHTML, like Gecko) Chrome/148.0.7778.96 Mobile Safari/537.36 (compatible; GoogleOther)"
74.7.227.165 - - [22/May/2026:08:15:41 -0400] "GET /buy.php?083049384.html HTTP/1.1" 200 19552 "https://troop537.org/buy.php?123028422.html" "Mozilla/5.0 AppleWebKit/537.36 (KHTML, like Gecko; compatible; GPTBot/1.4; +https://openai.com/gptbot)"
74.7.227.165 - - [22/May/2026:08:15:43 -0400] "GET /buy.php?010023325.html HTTP/1.1" 200 19403 "https://troop537.org/buy.php?192038673.html" "Mozilla/5.0 AppleWebKit/537.36 (KHTML, like Gecko; compatible; GPTBot/1.4; +https://openai.com/gptbot)"
74.7.227.165 - - [22/May/2026:08:15:46 -0400] "GET /buy.php?rcmdva-tm-2645330 HTTP/1.1" 200 19745 "https://troop537.org/buy.php?065000044.html" "Mozilla/5.0 AppleWebKit/537.36 (KHTML, like Gecko; compatible; GPTBot/1.4; +https://openai.com/gptbot)"
74.7.227.165 - - [22/May/2026:08:15:50 -0400] "GET /buy.php?025000042.html HTTP/1.1" 200 19816 "https://troop537.org/buy.php?a-denki-62923" "Mozilla/5.0 AppleWebKit/537.36 (KHTML, like Gecko; compatible; GPTBot/1.4; +https://openai.com/gptbot)"
74.7.227.165 - - [22/May/2026:08:15:52 -0400] "GET /buy.php?054000099.html HTTP/1.1" 200 21121 "https://troop537.org/buy.php?scarlet2021-hb07cgg2fpy" "Mozilla/5.0 AppleWebKit/537.36 (KHTML, like Gecko; compatible; GPTBot/1.4; +https://openai.com/gptbot)"
74.7.227.165 - - [22/May/2026:08:15:52 -0400] "GET /buy.php?011000024.html HTTP/1.1" 200 19933 "https://troop537.org/buy.php?011000724.html" "Mozilla/5.0 AppleWebKit/537.36 (KHTML, like Gecko; compatible; GPTBot/1.4; +https://openai.com/gptbot)"
74.7.227.165 - - [22/May/2026:08:15:55 -0400] "GET /buy.php?goods/087012800 HTTP/1.1" 200 19537 "https://troop537.org/buy.php?goods/069022027" "Mozilla/5.0 AppleWebKit/537.36 (KHTML, like Gecko; compatible; GPTBot/1.4; +https://openai.com/gptbot)"
74.7.227.165 - - [22/May/2026:08:15:57 -0400] "GET /buy.php?074000073.html HTTP/1.1" 200 20406 "https://troop537.org/buy.php?074000733.html" "Mozilla/5.0 AppleWebKit/537.36 (KHTML, like Gecko; compatible; GPTBot/1.4; +https://openai.com/gptbot)"
74.7.227.165 - - [22/May/2026:08:15:57 -0400] "GET /buy.php?091006666.html HTTP/1.1" 200 20518 "https://troop537.org/buy.php?091041840.html" "Mozilla/5.0 AppleWebKit/537.36 (KHTML, like Gecko; compatible; GPTBot/1.4; +https://openai.com/gptbot)"
74.7.227.165 - - [22/May/2026:08:15:58 -0400] "GET /buy.php?269048732.html HTTP/1.1" 200 20992 "https://troop537.org/buy.php?198030131.html" "Mozilla/5.0 AppleWebKit/537.36 (KHTML, like Gecko; compatible; GPTBot/1.4; +https://openai.com/gptbot)"
74.7.227.165 - - [22/May/2026:08:15:59 -0400] "GET /buy.php?045000088.html HTTP/1.1" 200 19874 "https://troop537.org/buy.php?tuzukiya-k22-28539" "Mozilla/5.0 AppleWebKit/537.36 (KHTML, like Gecko; compatible; GPTBot/1.4; +https://openai.com/gptbot)"
74.7.227.165 - - [22/May/2026:08:15:59 -0400] "GET /buy.php?014000043.html HTTP/1.1" 200 20822 "https://troop537.org/buy.php?category/1_3902/1/listing" "Mozilla/5.0 AppleWebKit/537.36 (KHTML, like Gecko; compatible; GPTBot/1.4; +https://openai.com/gptbot)"
51.195.183.31 - - [22/May/2026:08:16:00 -0400] "GET /wp-content/themes/travel-manager/style.css?ver=4.0 HTTP/1.1" 200 1459 "-" "Mozilla/5.0 (compatible; AhrefsBot/7.0; +http://ahrefs.com/robot/)"
74.7.227.165 - - [22/May/2026:08:16:00 -0400] "GET /buy.php?030000907.html HTTP/1.1" 200 20639 "https://troop537.org/buy.php?hirochishop-2-pds15bshr-tn" "Mozilla/5.0 AppleWebKit/537.36 (KHTML, like Gecko; compatible; GPTBot/1.4; +https://openai.com/gptbot)"
198.244.240.148 - - [22/May/2026:08:16:01 -0400] "GET /wp-content/themes/travel-manager/assets/js/scroll-to-top.js?ver=4.0 HTTP/1.1" 200 383 "-" "Mozilla/5.0 (compatible; AhrefsBot/7.0; +http://ahrefs.com/robot/)"
74.7.227.165 - - [22/May/2026:08:16:01 -0400] "GET /buy.php?027000026.html HTTP/1.1" 200 19983 "https://troop537.org/buy.php?ideca-ed814789" "Mozilla/5.0 AppleWebKit/537.36 (KHTML, like Gecko; compatible; GPTBot/1.4; +https://openai.com/gptbot)"
74.7.227.165 - - [22/May/2026:08:16:01 -0400] "GET /buy.php?dcmonline-718664 HTTP/1.1" 200 20874 "https://troop537.org/buy.php?025000042.html" "Mozilla/5.0 AppleWebKit/537.36 (KHTML, like Gecko; compatible; GPTBot/1.4; +https://openai.com/gptbot)"
74.7.227.165 - - [22/May/2026:08:16:02 -0400] "GET /buy.php?054000075.html HTTP/1.1" 200 21404 "https://troop537.org/buy.php?054000099.html" "Mozilla/5.0 AppleWebKit/537.36 (KHTML, like Gecko; compatible; GPTBot/1.4; +https://openai.com/gptbot)"
